{"id":37540,"date":"2026-04-17T10:50:34","date_gmt":"2026-04-17T08:50:34","guid":{"rendered":"https:\/\/premino.pl\/produkt\/nappa-maska-zluszczajaca-na-zrogowaciale-stopy-kwasy-pha-150ml\/"},"modified":"2026-04-17T10:50:34","modified_gmt":"2026-04-17T08:50:34","slug":"nappa-maska-zluszczajaca-na-zrogowaciale-stopy-kwasy-pha-150ml","status":"publish","type":"product","link":"https:\/\/premino.pl\/?product=nappa-maska-zluszczajaca-na-zrogowaciale-stopy-kwasy-pha-150ml","title":{"rendered":"Nappa maska z\u0142uszczaj\u0105ca na zrogowacia\u0142e stopy Kwasy PHA 150ml"},"content":{"rendered":"<p><b style=\"font-weight: bold;\">Piel\u0119gnacja st\u00f3p z NAPPA &#8211; g\u0142adka sk\u00f3ra bez zrogowace\u0144<br \/><\/b>NAPPA Maska Z\u0141USZCZENIE na zrogowacia\u0142e stopy\u00a0to produkt kosmetyczny z\u00a0kwasami PHA, przeznaczony do\u00a0suchej i zniszczonej sk\u00f3ry st\u00f3p. Jego wega\u0144ski sk\u0142ad oparty zosta\u0142 o kwasy nowej generacji &#8211; polihydroksykwasy, kt\u00f3re wykazuj\u0105 w\u0142a\u015bciwo\u015bci kwas\u00f3w organicznych AHA, ale s\u0105 \u0142agodniejsze w dzia\u0142aniu.\u00a0Kwasy PHA stymuluj\u0105 regeneracj\u0119 kom\u00f3rkow\u0105 i wyg\u0142adzaj\u0105 sk\u00f3r\u0119. Dzi\u0119ki swoim w\u0142a\u015bciwo\u015bciom maska poprawia nawil\u017cenie warstwy rogowej, wp\u0142ywaj\u0105c korzystnie na wygl\u0105d i elastyczno\u015b\u0107 nask\u00f3rka. Ponadto postbiotyki zawarte w biofermencie Centella dodatkowo\u00a0chroni\u0105 mikrobiom sk\u00f3ry i wzmacniaj\u0105 go, zapobiegaj\u0105c powstawaniu infekcji.<\/p>\n<p>Maska skutecznie z\u0142uszcza zrogowacenia oraz zapobiega ich powstawaniu, dzi\u0119ki czemu chroni sk\u00f3r\u0119 przed powstawaniem zgrubie\u0144 i odcisk\u00f3w. Stopy staj\u0105 si\u0119 aksamitnie mi\u0142e w dotyku i wypiel\u0119gnowane. Przyjemny zapach produktu umila jego ka\u017cdorazowe stosowanie. Polecamy stosowa\u0107 mask\u0119 regularnie, aby zapobiega\u0107 nadmiernym zrogowaceniom sk\u00f3ry st\u00f3p, a w szczeg\u00f3lno\u015bci szorstkiej sk\u00f3rze na pi\u0119tach.<\/p>\n<p><b>Cechy:<\/b><br \/>\u2022 nawil\u017ca,<br \/>\u2022 chroni mikrobiom sk\u00f3ry,<br \/>\u2022 wspomaga regeneracj\u0119,<br \/>\u2022 zabezpiecza przed p\u0119kni\u0119ciami,<br \/>\u2022 od\u015bwie\u017ca,<br \/>\u2022 dzia\u0142a antyseptycznie,<br \/>\u2022 szybko si\u0119 wch\u0142ania,<br \/>\u2022 produkt wega\u0144ski.<\/p>\n<p><b>Stosowanie:<br \/><\/b>Na\u0142\u00f3\u017c cienk\u0105 warstw\u0119 maski na czyst\u0105 i such\u0105 sk\u00f3r\u0119. Wi\u0119ksz\u0105 ilo\u015b\u0107 produktu stosuj na pi\u0119ty, zgrubienia i odciski. Pozostaw do wch\u0142oni\u0119cia przez minimum 15 minut. Stosuj raz dziennie wieczorem, nie d\u0142u\u017cej ni\u017c 14 dni. Po ust\u0105pieniu objaw\u00f3w stosuj ma\u015b\u0107 profilaktycznie 1-2 razy w tygodniu. Dla wzmocnienia efektu stosuj wraz ze skarpetkami bawe\u0142nianymi lub foliowymi. Aby uzyska\u0107 lepsze efekty stosuj r\u00f3wnie\u017c inne kosmetyki z serii Nappa!<\/p>\n<p><strong>Dzia\u0142anie:<\/strong> nawil\u017caj\u0105ce, wyg\u0142adza, zmi\u0119kcza, z\u0142uszcza martwy nask\u00f3rek<br \/>\n<strong>Gramatura:<\/strong> ml<br \/>\n<strong>Konsystencja:<\/strong> maska<br \/>\n<strong>Linie elitarne:<\/strong> nie<br \/>\n<strong>Lokalizacja:<\/strong> stopy<br \/>\n<strong>Piel\u0119gnacja cia\u0142a:<\/strong> tak<br \/>\n<strong>Pojemno\u015b\u0107:<\/strong> 150<br \/>\n<strong>P\u0142e\u0107:<\/strong> unisex<br \/>\n<strong>S\u0142o\u0144ce:<\/strong> nie<\/p>\n<p><strong>Uwagi:<\/strong><\/p>\n<p>Trzyma\u0107 poza zasi\u0119giem dzieci. Wy\u0142\u0105cznie do u\u017cytku zewn\u0119trznego.<\/p>\n<p><strong>Sk\u0142adniki:<\/strong><\/p>\n<p>Aqua, Cetearyl Alcohol, Butyrospermum Parkii (Shea) Butter, Glycerin, Ceteareth-20, Glyceryl Stearate, Caprylic\/Capric Triglyceride, Olus Oil, Sodium Hyaluronate Crosspolymer, Mandelic acid, Gluconolactone, Lactobionic Acid, Phenoxyethanol, Prunus Amygdalus Dulcis Oil, Sodium Benzoate, Potassium Sorbate, Lactobacillus\/Centella Asiatica Extract Ferment,Asiaticoside, Asiatic Acid, Madecassoside, Salvia Officinalis Oil, Bisabolol, Tetrasodium EDTA, Eucalyptus Globulus Oil, Terpineol, Citral, Coumarin, Limonene, Menthol.<\/p>\n","protected":false},"excerpt":{"rendered":"<p> <strong>Dzia\u0142anie:<\/strong> nawil\u017caj\u0105ce, wyg\u0142adza, zmi\u0119kcza, z\u0142uszcza martwy nask\u00f3rek<br \/>  <strong>Gramatura:<\/strong> ml<br \/>  <strong>Konsystencja:<\/strong> maska<br \/>  <strong>Linie elitarne:<\/strong> nie<br \/>  <strong>Lokalizacja:<\/strong> stopy<br \/>  <strong>Piel\u0119gnacja cia\u0142a:<\/strong> tak<br \/>  <strong>Pojemno\u015b\u0107:<\/strong> 150<br \/>  <strong>P\u0142e\u0107:<\/strong> unisex<br \/>  <strong>S\u0142o\u0144ce:<\/strong> nie <\/p>\n","protected":false},"featured_media":37541,"comment_status":"open","ping_status":"closed","template":"","meta":{"_acf_changed":false},"kategoria-hurtowni":[90,91],"product_brand":[115],"product_cat":[76],"product_tag":[],"class_list":{"0":"post-37540","1":"product","2":"type-product","3":"status-publish","4":"has-post-thumbnail","6":"kategoria-hurtowni-pielegnacja","7":"kategoria-hurtowni-pielegnacja-ciala","8":"product_brand-silcare","9":"product_cat-primavera","11":"first","12":"outofstock","13":"taxable","14":"shipping-taxable","15":"product-type-simple"},"acf":[],"_links":{"self":[{"href":"https:\/\/premino.pl\/index.php?rest_route=\/wp\/v2\/product\/37540","targetHints":{"allow":["GET"]}}],"collection":[{"href":"https:\/\/premino.pl\/index.php?rest_route=\/wp\/v2\/product"}],"about":[{"href":"https:\/\/premino.pl\/index.php?rest_route=\/wp\/v2\/types\/product"}],"replies":[{"embeddable":true,"href":"https:\/\/premino.pl\/index.php?rest_route=%2Fwp%2Fv2%2Fcomments&post=37540"}],"wp:featuredmedia":[{"embeddable":true,"href":"https:\/\/premino.pl\/index.php?rest_route=\/wp\/v2\/media\/37541"}],"wp:attachment":[{"href":"https:\/\/premino.pl\/index.php?rest_route=%2Fwp%2Fv2%2Fmedia&parent=37540"}],"wp:term":[{"taxonomy":"kategoria-hurtowni","embeddable":true,"href":"https:\/\/premino.pl\/index.php?rest_route=%2Fwp%2Fv2%2Fkategoria-hurtowni&post=37540"},{"taxonomy":"product_brand","embeddable":true,"href":"https:\/\/premino.pl\/index.php?rest_route=%2Fwp%2Fv2%2Fproduct_brand&post=37540"},{"taxonomy":"product_cat","embeddable":true,"href":"https:\/\/premino.pl\/index.php?rest_route=%2Fwp%2Fv2%2Fproduct_cat&post=37540"},{"taxonomy":"product_tag","embeddable":true,"href":"https:\/\/premino.pl\/index.php?rest_route=%2Fwp%2Fv2%2Fproduct_tag&post=37540"}],"curies":[{"name":"wp","href":"https:\/\/api.w.org\/{rel}","templated":true}]}}