{"id":39173,"date":"2026-04-17T11:10:51","date_gmt":"2026-04-17T09:10:51","guid":{"rendered":"https:\/\/premino.pl\/produkt\/nail-expert-odzywka-z-wapniem-do-paznokci-10ml\/"},"modified":"2026-04-17T11:10:58","modified_gmt":"2026-04-17T09:10:58","slug":"nail-expert-odzywka-z-wapniem-do-paznokci-10ml","status":"publish","type":"product","link":"https:\/\/premino.pl\/?product=nail-expert-odzywka-z-wapniem-do-paznokci-10ml","title":{"rendered":"Nail Expert od\u017cywka z wapniem do paznokci 10ml"},"content":{"rendered":"<p><b>Wega\u0144ska od\u017cywka do paznokci stosowana regularnie:<\/b><br \/>\u2022 Rozja\u015bnia przebarwion\u0105 p\u0142ytk\u0119 paznokcia.<br \/>\u2022 Piel\u0119gnuje paznokcie dzi\u0119ki zawarto\u015bci\u00a0witaminy E.<br \/>\u2022 Dzia\u0142a kondycjonuj\u0105co i wzmacniaj\u0105co dzi\u0119ki zawarto\u015bci\u00a0oleju z pestek winogron\u00a0oraz\u00a0soku z cytryny.<br \/>\u2022 Pozwala utrzyma\u0107 perfekcyjn\u0105 barw\u0119 na d\u0142u\u017cszy czas.<br \/>\u2022\u00a0Pantotenian wapnia\u00a0\u2013 doskona\u0142y przeciwutleniacz, kt\u00f3ry chroni i dodatkowo nab\u0142yszcza p\u0142ytk\u0119 paznokcia.<\/p>\n<p><b>Spos\u00f3b u\u017cycia:<\/b><br \/>Na oczyszczon\u0105 p\u0142ytk\u0119 paznokcia na\u0142o\u017cy\u0107 warstw\u0119 od\u017cywki. Aplikacje powtarza\u0107 co 2-3 dni.<\/p>\n<p><strong>Gramatura:<\/strong> ml<br \/>\n<strong>Pojemno\u015b\u0107:<\/strong> 10<br \/>\n<strong>P\u0142e\u0107:<\/strong> damski<br \/>\n<strong>S\u0142o\u0144ce:<\/strong> nie<\/p>\n<p><strong>Uwagi:<\/strong><\/p>\n<p>Zawiera substancje zapachowe mog\u0105ce powodowa\u0107 alergie<\/p>\n<p><strong>Sk\u0142adniki:<\/strong><\/p>\n<p>Ethyl Acetate, Butyl Acetate, Nitrocellulose, Alcohol Denat., Acetyl Tributyl Citrate, Adipic Acid\/Neopentyl Glycol\/Trimellitic Anhydride Copolymer, Isopropyl Alcohol, n-Butyl Alcohol, Etocrylene, Prunus Armeniaca Kernel Oil, Tocopheryl Acetate, Aqua, Calcium Pantothenate, Citrus Limon Juice, CI 60725.<\/p>\n","protected":false},"excerpt":{"rendered":"<p> <strong>Gramatura:<\/strong> ml<br \/>  <strong>Pojemno\u015b\u0107:<\/strong> 10<br \/>  <strong>P\u0142e\u0107:<\/strong> damski<br \/>  <strong>S\u0142o\u0144ce:<\/strong> nie <\/p>\n","protected":false},"featured_media":39174,"comment_status":"open","ping_status":"closed","template":"","meta":{"_acf_changed":false},"kategoria-hurtowni":[83,174,187],"product_brand":[288],"product_cat":[76],"product_tag":[],"class_list":{"0":"post-39173","1":"product","2":"type-product","3":"status-publish","4":"has-post-thumbnail","6":"kategoria-hurtowni-makijaz","7":"kategoria-hurtowni-makijaz-paznokcie","8":"kategoria-hurtowni-odzywki-do-paznokci","9":"product_brand-celia","10":"product_cat-primavera","12":"first","13":"outofstock","14":"taxable","15":"shipping-taxable","16":"product-type-simple"},"acf":[],"_links":{"self":[{"href":"https:\/\/premino.pl\/index.php?rest_route=\/wp\/v2\/product\/39173","targetHints":{"allow":["GET"]}}],"collection":[{"href":"https:\/\/premino.pl\/index.php?rest_route=\/wp\/v2\/product"}],"about":[{"href":"https:\/\/premino.pl\/index.php?rest_route=\/wp\/v2\/types\/product"}],"replies":[{"embeddable":true,"href":"https:\/\/premino.pl\/index.php?rest_route=%2Fwp%2Fv2%2Fcomments&post=39173"}],"wp:featuredmedia":[{"embeddable":true,"href":"https:\/\/premino.pl\/index.php?rest_route=\/wp\/v2\/media\/39174"}],"wp:attachment":[{"href":"https:\/\/premino.pl\/index.php?rest_route=%2Fwp%2Fv2%2Fmedia&parent=39173"}],"wp:term":[{"taxonomy":"kategoria-hurtowni","embeddable":true,"href":"https:\/\/premino.pl\/index.php?rest_route=%2Fwp%2Fv2%2Fkategoria-hurtowni&post=39173"},{"taxonomy":"product_brand","embeddable":true,"href":"https:\/\/premino.pl\/index.php?rest_route=%2Fwp%2Fv2%2Fproduct_brand&post=39173"},{"taxonomy":"product_cat","embeddable":true,"href":"https:\/\/premino.pl\/index.php?rest_route=%2Fwp%2Fv2%2Fproduct_cat&post=39173"},{"taxonomy":"product_tag","embeddable":true,"href":"https:\/\/premino.pl\/index.php?rest_route=%2Fwp%2Fv2%2Fproduct_tag&post=39173"}],"curies":[{"name":"wp","href":"https:\/\/api.w.org\/{rel}","templated":true}]}}