{"id":39617,"date":"2026-04-17T16:23:02","date_gmt":"2026-04-17T14:23:02","guid":{"rendered":"https:\/\/premino.pl\/produkt\/satin-glow-eliksir-do-dloni-50ml\/"},"modified":"2026-04-17T16:23:02","modified_gmt":"2026-04-17T14:23:02","slug":"satin-glow-eliksir-do-dloni-50ml","status":"publish","type":"product","link":"https:\/\/premino.pl\/?product=satin-glow-eliksir-do-dloni-50ml","title":{"rendered":"Satin Glow eliksir do d\u0142oni 50ml"},"content":{"rendered":"<p><b>I Ty zr\u00f3b prezent swojej sk\u00f3rze!<br \/><\/b>Sensoryczna piel\u0119gnacja sk\u00f3ry d\u0142oni zainspirowana zapachem. Wykreowana na bazie wyg\u0142adzaj\u0105cych emolient\u00f3w, lipid\u00f3w oraz ekstraktu z p\u0142atk\u00f3w r\u00f3\u017cy. Bogata konsystencja nasyca i otula sk\u00f3r\u0119 jak eliksir. Zapewnia satynowe wyko\u0144czenie. Pi\u0119knie pachnie i delikatnie roz\u015bwietla.<\/p>\n<p>SPECJALNE SK\u0141ADNIKI: ekstrakt z p\u0142atk\u00f3w r\u00f3\u017cy, ro\u015blinna gliceryna, wyg\u0142adzaj\u0105cy emolient Cetyl Palmitate, roz\u015bwietlaj\u0105cy minera\u0142 dla efektu glow.<\/p>\n<p><b>Ju\u017c po pierwszej aplikacji:<\/b><br \/>sk\u00f3ra bardziej g\u0142adka i nawil\u017cona*<br \/>wyj\u0105tkowo mi\u0119kka w dotyku*<br \/>roz\u015bwietlona i pachn\u0105ca<\/p>\n<p>*100% zachwyconych os\u00f3b po u\u017cyciu kosmetyku<\/p>\n<p>94% sk\u0142adnik\u00f3w pochodzenia naturalnego<\/p>\n<p><b>Spos\u00f3b u\u017cycia:<\/b><br \/>Eliksir wmasowa\u0107 w sk\u00f3r\u0119 d\u0142oni i pozostawi\u0107 do wch\u0142oni\u0119cia.<\/p>\n<p><strong>Dzia\u0142anie:<\/strong> nawil\u017caj\u0105ce, roz\u015bwietlaj\u0105ce, wyg\u0142adza, zmi\u0119kcza<br \/>\n<strong>Gramatura:<\/strong> ml<br \/>\n<strong>Konsystencja:<\/strong> krem<br \/>\n<strong>Linie elitarne:<\/strong> nie<br \/>\n<strong>Lokalizacja:<\/strong> d\u0142onie<br \/>\n<strong>Piel\u0119gnacja cia\u0142a:<\/strong> tak<br \/>\n<strong>Pojemno\u015b\u0107:<\/strong> 50<br \/>\n<strong>P\u0142e\u0107:<\/strong> damski<br \/>\n<strong>S\u0142o\u0144ce:<\/strong> nie<\/p>\n<p><strong>Uwagi:<\/strong><\/p>\n<p>Unika\u0107 kontaktu z oczami.<\/p>\n<p><strong>Sk\u0142adniki:<\/strong><\/p>\n<p>Aqua (Water), Octyldodecanol, Cetyl Alcohol, Glyceryl Stearate, PEG-100 Stearate, Cetyl Palmitate, Polyacrylamide, C13-14 Isoalkane, Laureth-7, Glycerin, Rosa Centifolia Flower Extract, Cera Alba (Beeswax), Synthetic Fluorphlogopite, CI 77891 (Titanium Dioxide), Tin Oxide, Disodium EDTA, Phenoxyethanol, Ethylhexylglycerin, Parfum (Fragrance), Vanillin, Linalyl Acetate, Linalool, Citrus Limon Peel Oil, Citronellol, Limonene, Pinene, Alpha-Isomethyl Ionone, Citrus Aurantium Peel Oil, Rose Flower Oil\/Extract, Benzyl Benzoate, Benzaldehyde, Geranyl Acetate, Benzyl Alcohol.<\/p>\n","protected":false},"excerpt":{"rendered":"<p> <strong>Dzia\u0142anie:<\/strong> nawil\u017caj\u0105ce, roz\u015bwietlaj\u0105ce, wyg\u0142adza, zmi\u0119kcza<br \/>  <strong>Gramatura:<\/strong> ml<br \/>  <strong>Konsystencja:<\/strong> krem<br \/>  <strong>Linie elitarne:<\/strong> nie<br \/>  <strong>Lokalizacja:<\/strong> d\u0142onie<br \/>  <strong>Piel\u0119gnacja cia\u0142a:<\/strong> tak<br \/>  <strong>Pojemno\u015b\u0107:<\/strong> 50<br \/>  <strong>P\u0142e\u0107:<\/strong> damski<br \/>  <strong>S\u0142o\u0144ce:<\/strong> nie <\/p>\n","protected":false},"featured_media":39618,"comment_status":"open","ping_status":"closed","template":"","meta":{"_acf_changed":false},"kategoria-hurtowni":[90,91],"product_brand":[297],"product_cat":[76],"product_tag":[],"class_list":{"0":"post-39617","1":"product","2":"type-product","3":"status-publish","4":"has-post-thumbnail","6":"kategoria-hurtowni-pielegnacja","7":"kategoria-hurtowni-pielegnacja-ciala","8":"product_brand-ziaja","9":"product_cat-primavera","11":"first","12":"outofstock","13":"taxable","14":"shipping-taxable","15":"product-type-simple"},"acf":[],"_links":{"self":[{"href":"https:\/\/premino.pl\/index.php?rest_route=\/wp\/v2\/product\/39617","targetHints":{"allow":["GET"]}}],"collection":[{"href":"https:\/\/premino.pl\/index.php?rest_route=\/wp\/v2\/product"}],"about":[{"href":"https:\/\/premino.pl\/index.php?rest_route=\/wp\/v2\/types\/product"}],"replies":[{"embeddable":true,"href":"https:\/\/premino.pl\/index.php?rest_route=%2Fwp%2Fv2%2Fcomments&post=39617"}],"wp:featuredmedia":[{"embeddable":true,"href":"https:\/\/premino.pl\/index.php?rest_route=\/wp\/v2\/media\/39618"}],"wp:attachment":[{"href":"https:\/\/premino.pl\/index.php?rest_route=%2Fwp%2Fv2%2Fmedia&parent=39617"}],"wp:term":[{"taxonomy":"kategoria-hurtowni","embeddable":true,"href":"https:\/\/premino.pl\/index.php?rest_route=%2Fwp%2Fv2%2Fkategoria-hurtowni&post=39617"},{"taxonomy":"product_brand","embeddable":true,"href":"https:\/\/premino.pl\/index.php?rest_route=%2Fwp%2Fv2%2Fproduct_brand&post=39617"},{"taxonomy":"product_cat","embeddable":true,"href":"https:\/\/premino.pl\/index.php?rest_route=%2Fwp%2Fv2%2Fproduct_cat&post=39617"},{"taxonomy":"product_tag","embeddable":true,"href":"https:\/\/premino.pl\/index.php?rest_route=%2Fwp%2Fv2%2Fproduct_tag&post=39617"}],"curies":[{"name":"wp","href":"https:\/\/api.w.org\/{rel}","templated":true}]}}