{"id":40133,"date":"2026-04-17T16:28:56","date_gmt":"2026-04-17T14:28:56","guid":{"rendered":"https:\/\/premino.pl\/produkt\/hydra-shine-nawilzajaca-odzywka-do-wlosow-150ml\/"},"modified":"2026-04-17T16:29:20","modified_gmt":"2026-04-17T14:29:20","slug":"hydra-shine-nawilzajaca-odzywka-do-wlosow-150ml","status":"publish","type":"product","link":"https:\/\/premino.pl\/?product=hydra-shine-nawilzajaca-odzywka-do-wlosow-150ml","title":{"rendered":"Hydra Shine nawil\u017caj\u0105ca od\u017cywka do w\u0142os\u00f3w 150ml"},"content":{"rendered":"<p>Hydra Shine Nawil\u017caj\u0105ca od\u017cywka zapewnia w\u0142osom intensywne nawil\u017cenie, mi\u0119kko\u015b\u0107 i jedwabist\u0105 g\u0142adko\u015b\u0107. Jej lekka formu\u0142a z kwasem hialuronowym, olejem kokosowym, olejem jojoba oraz siemieniem lnianym skutecznie piel\u0119gnuje w\u0142osy, nie obci\u0105\u017caj\u0105c ich. Dzi\u0119ki temu pasma staj\u0105 si\u0119 wyra\u017anie g\u0142adsze, bardziej zdyscyplinowane i \u0142atwiejsze do rozczesania. Subtelny, w 100% naturalny zapach uprzyjemnia codzienn\u0105 piel\u0119gnacj\u0119.<\/p>\n<p><b>Dzia\u0142anie:<\/b><br \/>\u2022 Intensywnie nawil\u017ca i wyg\u0142adza w\u0142osy<br \/>\u2022 U\u0142atwia rozczesywanie<br \/>\u2022 Nie obci\u0105\u017ca w\u0142os\u00f3w<br \/>\u2022 Delikatny, naturalny zapach<br \/>\u2022 Zawiera kwas hialuronowy i siemi\u0119 lniane<\/p>\n<p><b>Spos\u00f3b u\u017cycia:<\/b><br \/>Po umyciu w\u0142os\u00f3w szamponem na\u0142\u00f3\u017c od\u017cywk\u0119 na d\u0142ugo\u015bci i ko\u0144ce. Pozostaw na 2\u20133 minuty, a nast\u0119pnie dok\u0142adnie sp\u0142ucz.<\/p>\n<p><strong>Gramatura:<\/strong> ml<br \/>\n<strong>Henna:<\/strong> nie<br \/>\n<strong>Konsystencja:<\/strong> od\u017cywka<br \/>\n<strong>Linie elitarne:<\/strong> nie<br \/>\n<strong>Pojemno\u015b\u0107:<\/strong> 150<br \/>\n<strong>P\u0142e\u0107:<\/strong> damski<br \/>\n<strong>S\u0142o\u0144ce:<\/strong> nie<\/p>\n<p><strong>Uwagi:<\/strong><\/p>\n<p>Unika\u0107 kontaktu z oczami.<\/p>\n<p><strong>Sk\u0142adniki:<\/strong><\/p>\n<p>Aqua, Alcohol Denat, Brassica Alcohol, Cetyl Alcohol, Stearyl Alcohol, Glycerin, Cocos Nucifera (Coconut) Oil, Brassicyl Valinate Esylate, Simmondsia Chinensis (Jojoba) Seed Oil, Linum Alpinum Flower\/Leaf\/Stem Extract, Sodium Hyaluronate, Citric Acid, Calcium Gluconate, Sodium Hydroxyde, Parfum (Fragrance), Citrus Aurantium Peel Oil, Limonene, Linalool.<\/p>\n","protected":false},"excerpt":{"rendered":"<p> <strong>Gramatura:<\/strong> ml<br \/>  <strong>Henna:<\/strong> nie<br \/>  <strong>Konsystencja:<\/strong> od\u017cywka<br \/>  <strong>Linie elitarne:<\/strong> nie<br \/>  <strong>Pojemno\u015b\u0107:<\/strong> 150<br \/>  <strong>P\u0142e\u0107:<\/strong> damski<br \/>  <strong>S\u0142o\u0144ce:<\/strong> nie <\/p>\n","protected":false},"featured_media":40134,"comment_status":"open","ping_status":"closed","template":"","meta":{"_acf_changed":false},"kategoria-hurtowni":[100,166],"product_brand":[329],"product_cat":[76],"product_tag":[],"class_list":{"0":"post-40133","1":"product","2":"type-product","3":"status-publish","4":"has-post-thumbnail","6":"kategoria-hurtowni-eco-bio","7":"kategoria-hurtowni-pielegnacja-wlosy","8":"product_brand-weleda","9":"product_cat-primavera","11":"first","12":"outofstock","13":"taxable","14":"shipping-taxable","15":"product-type-simple"},"acf":[],"_links":{"self":[{"href":"https:\/\/premino.pl\/index.php?rest_route=\/wp\/v2\/product\/40133","targetHints":{"allow":["GET"]}}],"collection":[{"href":"https:\/\/premino.pl\/index.php?rest_route=\/wp\/v2\/product"}],"about":[{"href":"https:\/\/premino.pl\/index.php?rest_route=\/wp\/v2\/types\/product"}],"replies":[{"embeddable":true,"href":"https:\/\/premino.pl\/index.php?rest_route=%2Fwp%2Fv2%2Fcomments&post=40133"}],"wp:featuredmedia":[{"embeddable":true,"href":"https:\/\/premino.pl\/index.php?rest_route=\/wp\/v2\/media\/40134"}],"wp:attachment":[{"href":"https:\/\/premino.pl\/index.php?rest_route=%2Fwp%2Fv2%2Fmedia&parent=40133"}],"wp:term":[{"taxonomy":"kategoria-hurtowni","embeddable":true,"href":"https:\/\/premino.pl\/index.php?rest_route=%2Fwp%2Fv2%2Fkategoria-hurtowni&post=40133"},{"taxonomy":"product_brand","embeddable":true,"href":"https:\/\/premino.pl\/index.php?rest_route=%2Fwp%2Fv2%2Fproduct_brand&post=40133"},{"taxonomy":"product_cat","embeddable":true,"href":"https:\/\/premino.pl\/index.php?rest_route=%2Fwp%2Fv2%2Fproduct_cat&post=40133"},{"taxonomy":"product_tag","embeddable":true,"href":"https:\/\/premino.pl\/index.php?rest_route=%2Fwp%2Fv2%2Fproduct_tag&post=40133"}],"curies":[{"name":"wp","href":"https:\/\/api.w.org\/{rel}","templated":true}]}}