{"id":40203,"date":"2026-04-17T16:29:58","date_gmt":"2026-04-17T14:29:58","guid":{"rendered":"https:\/\/premino.pl\/produkt\/olej-z-czarnuszki-100ml\/"},"modified":"2026-04-17T16:30:21","modified_gmt":"2026-04-17T14:30:21","slug":"olej-z-czarnuszki-100ml","status":"publish","type":"product","link":"https:\/\/premino.pl\/?product=olej-z-czarnuszki-100ml","title":{"rendered":"Olej z czarnuszki 100ml"},"content":{"rendered":"<p><b>Olej z czarnuszki Olini t\u0142oczony na zimno, nierafinowany, najwy\u017csza ilo\u015b\u0107 tymochinonu, potwierdzona badaniami \u2013 11,4 mg\/g<\/b><\/p>\n<p>Czy olej z czarnuszki jest dobry na pocz\u0105tek przygody z olejami? Tak!<\/p>\n<p>Je\u015bli chcesz rozpocz\u0105\u0107 przygod\u0119 z ro\u015blinnymi olejami w swojej diecie, poznaj Olej z czarnuszki Olini. Zawiera on spore ilo\u015bci\u00a0tymochinonu!\u00a0Ilo\u015b\u0107 tego sk\u0142adnika zale\u017cy od\u00a0jako\u015bci ziaren. Im wi\u0119cej tymochinonu\u00a0w oleju z czarnuszki,\u00a0tym lepiej!<\/p>\n<p><b>Za co pokochasz Olej z czarnuszki Olini?<br \/><\/b>\u2022 zachwyci Ci\u0119\u00a0\u015bwie\u017co\u015bci\u0105\u00a0\u2013 Tw\u00f3j olej pochodzi z dopiero co wyt\u0142oczonej, ma\u0142ej, 2-3-dniowej partii<br \/>\u2022\u00a0to\u00a0esencja czarnuszki \u2013 1 litr oleju\u00a0t\u0142oczy si\u0119 z\u00a010 kg ziaren\u00a0<br \/>\u2022\u00a0zawiera tymochinon w du\u017cych ilo\u015bciach, co potwierdza\u00a0badanie \u2013 11,4 mg\/g<br \/>\u2022\u00a0ponad 80%\u00a0jego t\u0142uszcz\u00f3w to\u00a0kwasy t\u0142uszczowe nienasycone<br \/>\u2022\u00a0jest\u00a0nierafinowany\u00a0i\u00a0t\u0142oczony na zimno\u00a0w temperaturze do\u00a030-34\u00b0C<br \/>\u2022\u00a0jest\u00a0nieoczyszczony i niefiltrowany\u00a0\u2013 to sama natura, bez chemii<br \/>\u2022 jest\u00a0czysty\u00a0\u2013 ziarna przed t\u0142oczeniem zosta\u0142y oczyszczone, np. z metalowych opi\u0142k\u00f3w\u00a0<br \/>\u2022\u00a0ochron\u0119 przed \u015bwiat\u0142em zapewnia mu\u00a0butelka z grubego, ciemnego szk\u0142a<\/p>\n<p><b>Czarnuszka polska czy egipska, a mo\u017ce indyjska?<br \/><\/b>Czarnuszka egipska, polska i indyjska to ta sama ro\u015blina (Nigella sativa), tylko ro\u015bnie w innych krajach. Oleje t\u0142oczone z jej ziaren maj\u0105 te same walory od\u017cywcze i w\u0142a\u015bciwo\u015bci. R\u00f3\u017cni\u0105 si\u0119\u00a0jednak smakiem.<\/p>\n<p>Z do\u015bwiadczenia Olini wynika, \u017ce naj\u0142agodniejsze w smaku s\u0105 oleje, kt\u00f3re powstaj\u0105 z nasion czarnuszki indyjskiej. Ostrzejsze i pikantniejsze \u2013 z egipskiej.<\/p>\n<p><b>Z jakiej czarnuszki jest ten olej?<\/b><br \/>Przez d\u0142ugi czas t\u0142oczono go wy\u0142\u0105cznie z polskich nasion, ale okaza\u0142 si\u0119 bardzo intensywny w smaku. Chciano, \u017ceby polubi\u0142y go te\u017c maluchy, wi\u0119c producent postawi\u0142 na autorsk\u0105\u00a0mieszank\u0119 czarnuszki indyjskiej i polskiej.<\/p>\n<p><b>W medycynie naturalnej stosuje si\u0119\u00a0go na:<br \/><\/b>\u2022 alergi\u0119<br \/>\u2022 astm\u0119<br \/>\u2022 cholesterol<br \/>\u2022 za wysoki cukier<br \/>\u2022 ci\u015bnienie krwi<br \/>\u2022 odchudzanie<br \/>\u2022 choroby p\u0142ucne<br \/>\u2022 choroby uk\u0142adu trawiennego<br \/>\u2022 infekcje<br \/>\u2022 choroby autoimmunologiczne<br \/>\u2022 rz\u0119sy i brwi<br \/>\u2022 w\u0142osy<br \/>\u2022 tr\u0105dzik<br \/>\u2022 \u0142uszczyc\u0119<br \/>\u2022 egzem\u0119<br \/>\u2022 paso\u017cyty u dzieci<br \/>\u2022 brak apetytu<br \/>\u2022 b\u00f3le staw\u00f3w<\/p>\n<p><b>Przebadany<br \/><\/b>Olej z czarnuszki Olini zawiera 11,4 mg\/g tymochinonu. Jest te\u017c \u017ar\u00f3d\u0142em kwas\u00f3w omega-3 i omega-6. Potwierdzaj\u0105 to badania, kt\u00f3re wykona\u0142a Politechnika \u0141\u00f3dzka, Instytut Technologii i Analizy \u017bywno\u015bci. Kwiecie\u0144, 2025 r.<\/p>\n<p><b>Jak najlepiej stosowa\u0107 olej z czarnuszki, \u017ceby by\u0142y efekty?<br \/><\/b>regularnie<br \/>w odpowiednich proporcjach<br \/>zawsze na zimno<\/p>\n<p><b>Mo\u017cesz go pi\u0107:<\/b><br \/>\u2022 prosto z \u0142y\u017ceczki<br \/>\u2022 w pysznych szotach\u00a0\u2013\u00a0z miodem, sokiem z cytryny i owocowym syropem<br \/>\u2022 z innymi olejami\u00a0\u2013\u00a0z wiesio\u0142ka, lnianym lub tranem<br \/>\u2022 z dodatkiem soku z cytryny<\/p>\n<p>Dobierz porcj\u0119 oleju do wieku<\/p>\n<p>Dzieci:<br \/>> 12 miesi\u0119cy \u2013 ok. \u00bc \u0142y\u017ceczki<br \/>> 3 lat \u2013 ok. \u00bd \u0142y\u017ceczki<br \/>> 6 lat \u2013 1 \u0142y\u017ceczka<\/p>\n<p>Doro\u015bli:<br \/>1 \u0142y\u017cka sto\u0142owa<\/p>\n<p>Olej z czarnuszki trzymaj w lod\u00f3wce, w temperaturze od 4-10\u00b0C, zar\u00f3wno przed, jak i po otwarciu.<\/p>\n<p>Produkt wolny od glutenu. Produkt wega\u0144ski. Produkt rekomendowany przez UMED<\/p>\n<p><strong>Forma podania:<\/strong> p\u0142yn<br \/>\n<strong>Gramatura:<\/strong> ml<br \/>\n<strong>Pojemno\u015b\u0107:<\/strong> 100<br \/>\n<strong>P\u0142e\u0107:<\/strong> unisex<br \/>\n<strong>Rodzaj:<\/strong> pozosta\u0142e<\/p>\n<p><strong>Uwagi:<\/strong><\/p>\n<p>Chroni\u0107 od \u015bwiat\u0142a. Przechowywa\u0107 w temperaturze: 5-10 oC<\/p>\n<p><strong>Sk\u0142adniki:<\/strong><\/p>\n<p>100% olej z nasion czarnuszki siewnej t\u0142oczony na zimno<\/p>\n","protected":false},"excerpt":{"rendered":"<p> <strong>Forma podania:<\/strong> p\u0142yn<br \/>  <strong>Gramatura:<\/strong> ml<br \/>  <strong>Pojemno\u015b\u0107:<\/strong> 100<br \/>  <strong>P\u0142e\u0107:<\/strong> unisex<br \/>  <strong>Rodzaj:<\/strong> pozosta\u0142e <\/p>\n","protected":false},"featured_media":40204,"comment_status":"open","ping_status":"closed","template":"","meta":{"_acf_changed":false},"kategoria-hurtowni":[206,205],"product_brand":[333],"product_cat":[76],"product_tag":[],"class_list":{"0":"post-40203","1":"product","2":"type-product","3":"status-publish","4":"has-post-thumbnail","6":"kategoria-hurtowni-suplementy-diety","7":"kategoria-hurtowni-zdrowie","8":"product_brand-olini","9":"product_cat-primavera","11":"first","12":"outofstock","13":"taxable","14":"shipping-taxable","15":"product-type-simple"},"acf":[],"_links":{"self":[{"href":"https:\/\/premino.pl\/index.php?rest_route=\/wp\/v2\/product\/40203","targetHints":{"allow":["GET"]}}],"collection":[{"href":"https:\/\/premino.pl\/index.php?rest_route=\/wp\/v2\/product"}],"about":[{"href":"https:\/\/premino.pl\/index.php?rest_route=\/wp\/v2\/types\/product"}],"replies":[{"embeddable":true,"href":"https:\/\/premino.pl\/index.php?rest_route=%2Fwp%2Fv2%2Fcomments&post=40203"}],"wp:featuredmedia":[{"embeddable":true,"href":"https:\/\/premino.pl\/index.php?rest_route=\/wp\/v2\/media\/40204"}],"wp:attachment":[{"href":"https:\/\/premino.pl\/index.php?rest_route=%2Fwp%2Fv2%2Fmedia&parent=40203"}],"wp:term":[{"taxonomy":"kategoria-hurtowni","embeddable":true,"href":"https:\/\/premino.pl\/index.php?rest_route=%2Fwp%2Fv2%2Fkategoria-hurtowni&post=40203"},{"taxonomy":"product_brand","embeddable":true,"href":"https:\/\/premino.pl\/index.php?rest_route=%2Fwp%2Fv2%2Fproduct_brand&post=40203"},{"taxonomy":"product_cat","embeddable":true,"href":"https:\/\/premino.pl\/index.php?rest_route=%2Fwp%2Fv2%2Fproduct_cat&post=40203"},{"taxonomy":"product_tag","embeddable":true,"href":"https:\/\/premino.pl\/index.php?rest_route=%2Fwp%2Fv2%2Fproduct_tag&post=40203"}],"curies":[{"name":"wp","href":"https:\/\/api.w.org\/{rel}","templated":true}]}}