{"id":40219,"date":"2026-04-17T16:30:37","date_gmt":"2026-04-17T14:30:37","guid":{"rendered":"https:\/\/premino.pl\/produkt\/kolagen-rybi-15x30ml\/"},"modified":"2026-04-17T16:30:38","modified_gmt":"2026-04-17T14:30:38","slug":"kolagen-rybi-15x30ml","status":"publish","type":"product","link":"https:\/\/premino.pl\/?product=kolagen-rybi-15x30ml","title":{"rendered":"Kolagen rybi 15x30ml"},"content":{"rendered":"<p><b>Kolagen rybi Olini \u2013 kompleksowa formu\u0142a, wygodny shot, suplement produkowany w najlepszych standardach.<\/b><br \/>Kolagen rybi Olini \u2013 VERISOL\u00ae 12 000 mg, z liposomaln\u0105 witamin\u0105 C i antyoksydantami<\/p>\n<\/p>\n<p><b>Za co pokochasz nasz rybi kolagen?<\/b><br \/>\u2022 dostarcza najwi\u0119ksz\u0105 przyswajaln\u0105 porcj\u0119 kolagenu a\u017c \u2013 12 000 mg<br \/>\u2022 ma kompleksowy sk\u0142ad \u2013 z liposomaln\u0105 witamin\u0105 C, kwasem hialuronowym, biotyn\u0105 i ekstraktem z alg<br \/>\u2022 zawiera bioaktywne peptydy kolagenowe (BCP\u00ae) o niskiej masie cz\u0105steczkowej 100 kDa<br \/>\u2022 jego wysoko biodost\u0119pne sk\u0142adniki zapewniaj\u0105 lepsze wch\u0142anianie<br \/>\u2022 to bezpieczny suplement \u2013 produkowany w najlepszych standardach<br \/>\u2022 zosta\u0142 przebadany laboratoryjnie \u2013 zawiera precyzyjn\u0105 ilo\u015bci\u0105 sk\u0142adnik\u00f3w aktywnych<br \/>\u2022 dzi\u0119ki wygodnej formie shota mo\u017cesz mie\u0107 go zawsze pod r\u0119k\u0105<\/p>\n<p><b>Kolagen rybi Olini \u2013 synergiczne wsparcie dla sk\u00f3ry, w\u0142os\u00f3w i paznokci<br \/><\/b>Lubisz holistycznie dba\u0107 o zdrowie i urod\u0119? Si\u0119gasz po proste i praktyczne rozwi\u0105zania? Oto Kolagen rybi Olini! Hydrolizowany, produkowany w standardach farmaceutycznych, o dzia\u0142aniu potwierdzonym naukowo.<\/p>\n<\/p>\n<p>Zdrowe nawyki powinny by\u0107 proste, \u0142atwe i\u2026 smaczne! Dlatego ten kolagenowy shot stanie si\u0119 najprzyjemniejszym krokiem Twojego urodowego rytua\u0142u.<\/p>\n<p><b>Jak smakuje?<br \/><\/b>Jest aksamitnie s\u0142odki z cytrynow\u0105 nut\u0105.<\/p>\n<p><b>Co zawiera?<\/b><br \/>\u2022\u00a0kolagen rybi typu 1 VERISOL\u00ae\u00a0\u2013 12 000 mg<br \/>\u2022\u00a0liposomaln\u0105 witamin\u0119 C Liposomal PureWay-C\u00ae\u00a0\u2013 80 mg (100% RWS)<br \/>\u2022 niskocz\u0105steczkowy\u00a0kwas hialuronowy\u00a0(100 kDa)<br \/>\u2022\u00a0ekstrakt z alg\u00a0\u2013 astaksantyn\u0119<br \/>\u2022\u00a0biotyn\u0119\u00a0\u2013 62,5 \u00b5g (125% RWS)<br \/>\u2022\u00a0cynk\u00a0\u2013 5 mg (50% RWS)<br \/>\u2022\u00a0ekstrakt z li\u015bci zielonej herbaty\u00a0\u2013 45% polifenoli<\/p>\n<\/p>\n<p><b>Przebadany<br \/><\/b>Skuteczno\u015b\u0107 kolagenu rybiego VERISOL\u00ae zosta\u0142a potwierdzona w 5 wysokiej jako\u015bci badaniach klinicznych.<\/p>\n<p>Randomizowane, podw\u00f3jnie za\u015blepione badania wykaza\u0142y m.in., \u017ce po kilku (lub kilkunastu) tygodniach suplementacji VERISOLu:<br \/>\u2022 wyra\u017anie\u00a0poprawi\u0142a si\u0119 elastyczno\u015b\u0107 sk\u00f3ry, zw\u0142aszcza u starszych kobiet<br \/>\u2022\u00a0zmniejszy\u0142y si\u0119 zmarszczki\u00a0wok\u00f3\u0142 oczu \u015brednio o 20%<br \/>\u2022 zwi\u0119kszy\u0142o si\u0119 tempo\u00a0wzrostu paznokci\u00a0o 12%<br \/>\u2022\u00a0\u0142amanie paznokci zmniejszy\u0142o si\u0119\u00a0o 42%<br \/>\u2022\u00a0grubo\u015b\u0107 w\u0142os\u00f3w\u00a0zwi\u0119kszy\u0142a si\u0119 \u015brednio o 1,93 \u03bcm<br \/>\u2022 nast\u0105pi\u0142\u00a0wzrost aktywno\u015bci kom\u00f3rek\u00a0mieszk\u00f3w w\u0142osowych o 31%<br \/>\u2022\u00a0cellulit zmniejszy\u0142 si\u0119\u00a0(po 6 miesi\u0105cach stosowania)<\/p>\n<p><b>Synergia sk\u0142adnik\u00f3w dla skutecznej piel\u0119gnacji od wewn\u0105trz<br \/><\/b>Ka\u017cdy sk\u0142adnik w tym kolagenowym shocie zosta\u0142 dobrany z my\u015bl\u0105 o kompleksowym dzia\u0142aniu. Dlatego, chocia\u017c buteleczka jest niewielka, skrywa du\u017c\u0105 porcj\u0119 wsparcia dla sk\u00f3ry, w\u0142os\u00f3w oraz paznokci.<\/p>\n<\/p>\n<p>Gotowy shot to szybki spos\u00f3b na piel\u0119gnacj\u0119 od wewn\u0105trz. Bez odmierzania, bez brudz\u0105cego proszku i ba\u0142aganu w kuchni. Jest idealny w podr\u00f3\u017cy, pracy czy mi\u0119dzy spotkaniami.<\/p>\n<p>Suplementacj\u0119 kolagenem warto rozpocz\u0105\u0107 ju\u017c oko\u0142o 25. roku \u017cycia. Wtedy znacznie zmniejsza si\u0119 jego naturalna produkcja. Razem z przyjaci\u00f3\u0142k\u0105, mam\u0105 i babci\u0105 mo\u017cecie zadba\u0107 o siebie od \u015brodka.<\/p>\n<p><b>Jak najlepiej stosowa\u0107 kolagen?<br \/><\/b>\u2022 regularnie<br \/>\u2022 w odpowiedniej porcji<br \/>\u2022 razem ze wspieraj\u0105cymi sk\u0142adnikami<\/p>\n<\/p>\n<p>Kolagen w formie shota najwygodniej wypi\u0107 prosto z buteleczki. Mo\u017cesz tak\u017ce przela\u0107 go do kieliszka lub ma\u0142ej fili\u017canki i delektowa\u0107 si\u0119 jego s\u0142odko-cytrynowym smakiem.<\/p>\n<p>Kolagen rybi Olini znakomicie uzupe\u0142ni tak\u017ce Twoje ulubione przepisy. Dodaj go do:<br \/>\u2022 twaro\u017cku<br \/>\u2022 koktajlu<br \/>\u2022 smoothie bowl<br \/>\u2022 szejka proteinowego<br \/>\u2022 napoj\u00f3w izotonicznych<br \/>\u2022 wody z cytryn\u0105<\/p>\n<p>Nie nale\u017cy przekracza\u0107 zalecanej dziennej porcji (30 ml).<\/p>\n<p><b>Tw\u00f3j kolagen r\u00f3\u017cni si\u0119 kolorem?<br \/><\/b>Astaksantyna, kt\u00f3r\u0105 dodano do kolagenu, jest nie tylko sk\u0142adnikiem aktywnym, ale te\u017c nadaje mieszance rumianego koloru. Nie jest to jednak sztuczny barwnik, dlatego poszczeg\u00f3lne partie mog\u0105 nieco r\u00f3\u017cni\u0107 si\u0119 tonacj\u0105. To zupe\u0142nie naturalne i nie wp\u0142ywa na jako\u015b\u0107 produktu.<\/p>\n<p><b>Olej w shocie czy proszku?<br \/><\/b>Kolagen w formie shota:<br \/>\u2022 jest gotowy do wypicia \u2013 nie trzeba go rozrabia\u0107 ani odmierza\u0107<br \/>\u2022 posiada dok\u0142adn\u0105 ilo\u015b\u0107 sk\u0142adnik\u00f3w aktywnych w ka\u017cdej porcji<br \/>\u2022 mo\u017cna szybko go wypi\u0107 \u2013 wystarczy \u0142yk<br \/>\u2022 jest pyszny<br \/>\u2022 ma przyjemn\u0105 konsystencj\u0119<br \/>\u2022 mo\u017cna mie\u0107 go zawsze pod r\u0119k\u0105<\/p>\n<p><b>Kolagen w proszku:<br \/><\/b>\u2022 wymaga rozpuszczenia w wodzie<br \/>\u2022 trzeba samodzielnie odmierzy\u0107 w\u0142a\u015bciw\u0105 porcj\u0119<br \/>\u2022 przygotowanie mikstury wymaga czasu i brudzi naczynia<br \/>\u2022 nie jest praktyczny<br \/>\u2022 ma nieprzyjemny posmak<\/p>\n<p><b>Dla kogo?<br \/><\/b>Dla kobiet dbaj\u0105cych o zdrowie i urod\u0119, dla os\u00f3b, kt\u00f3re zauwa\u017cy\u0142y pierwsze oznaki starzenia, dla os\u00f3b stosuj\u0105cych \u015bwiadom\u0105 suplementacj\u0119, dla aktywnych.<\/p>\n<\/p>\n<p>Kolagen warto suplementowa\u0107 ju\u017c od 25. roku \u017cycia. W tym wieku zaczyna spada\u0107 jego naturalna produkcja.<\/p>\n<p><b>Produkt wolny od glutenu<\/b><\/p>\n<p><strong>Forma podania:<\/strong> p\u0142yn<br \/>\n<strong>Gramatura:<\/strong> sztuka<br \/>\n<strong>Pojemno\u015b\u0107:<\/strong> 15<br \/>\n<strong>P\u0142e\u0107:<\/strong> damski<br \/>\n<strong>Rodzaj:<\/strong> pozosta\u0142e<\/p>\n<p><strong>Uwagi:<\/strong><\/p>\n<p>Suplement diety nie mo\u017ce by\u0107 stosowany jako substytut (zamiennik) zr\u00f3\u017cnicowanej diety. Zr\u00f3wnowa\u017cony spos\u00f3b \u017cywienia oraz prowadzenie zdrowego trybu \u017cycia s\u0105 wa\u017cne dla prawid\u0142owego funkcjonowania organizmu. Kolagen nale\u017cy przechowywa\u0107 w temperaturze poni\u017cej 25\u00b0C, w suchym i ch\u0142odnym miejscu, z dala od \u017ar\u00f3de\u0142 \u015bwiat\u0142a. Suplement diety powinien by\u0107 przechowywany w spos\u00f3b niedost\u0119pny dla ma\u0142ych dzieci. Po otwarciu nale\u017cy spo\u017cy\u0107 go w ci\u0105gu 24 godzin.\u00a0Przeciwwskazania:\u00a0Nie stosowa\u0107 w przypadku nadwra\u017cliwo\u015bci na kt\u00f3rykolwiek ze sk\u0142adnik\u00f3w produktu. Produkt nie jest przeznaczony dla dzieci, kobiet w ci\u0105\u017cy oraz karmi\u0105cych. Nie stosowa\u0107 u os\u00f3b maj\u0105cych predyspozycje do tworzenia kamieni nerkowych lub choruj\u0105cych na kamic\u0119 nerkow\u0105. Nie spo\u017cywa\u0107 suplementu je\u017celi tego samego dnia spo\u017cywane s\u0105 inne suplementy \u017cywno\u015bciowe zawieraj\u0105ce estry astaksantyny. Produkt przeznaczony dla os\u00f3b doros\u0142ych.<\/p>\n<p><strong>Sk\u0142adniki:<\/strong><\/p>\n<p>woda, hydrolizowany kolagen rybi VERISOL\u00ae, fruktoza, regulator kwasowo\u015bci \u2013 kwas cytrynowy, naturalny aromat cytrynowy, liposomalna witamina C Liposomal PureWay-C\u00ae (kwas L-askorbinowy), kwas hialuronowy, ekstrakt z li\u015bci zielonej herbaty (Camellia sinensis) standaryzowany na 45% polifenoli, substancja konserwuj\u0105ca \u2013 sorbinian potasu, ekstrakt z alg (Haematococcus Pluvialis) standaryzowany na 10% astaksantyny, cynk (cytrynian cynku), biotyna (D-biotyna). VERISOL\u00ae jest zarejestrowanym znakiem towarowym firmy GELITA AG. Liposomal PureWay-C\u00ae i logo Liposomal PureWay-C\u00ae s\u0105 znakami towarowymi One Innovation Labs, LLC. w Stanach Zjednoczonych i\/lub innych krajach.<\/p>\n","protected":false},"excerpt":{"rendered":"<p> <strong>Forma podania:<\/strong> p\u0142yn<br \/>  <strong>Gramatura:<\/strong> sztuka<br \/>  <strong>Pojemno\u015b\u0107:<\/strong> 15<br \/>  <strong>P\u0142e\u0107:<\/strong> damski<br \/>  <strong>Rodzaj:<\/strong> pozosta\u0142e <\/p>\n","protected":false},"featured_media":40220,"comment_status":"open","ping_status":"closed","template":"","meta":{"_acf_changed":false},"kategoria-hurtowni":[206,205],"product_brand":[333],"product_cat":[76],"product_tag":[],"class_list":{"0":"post-40219","1":"product","2":"type-product","3":"status-publish","4":"has-post-thumbnail","6":"kategoria-hurtowni-suplementy-diety","7":"kategoria-hurtowni-zdrowie","8":"product_brand-olini","9":"product_cat-primavera","11":"first","12":"outofstock","13":"taxable","14":"shipping-taxable","15":"product-type-simple"},"acf":[],"_links":{"self":[{"href":"https:\/\/premino.pl\/index.php?rest_route=\/wp\/v2\/product\/40219","targetHints":{"allow":["GET"]}}],"collection":[{"href":"https:\/\/premino.pl\/index.php?rest_route=\/wp\/v2\/product"}],"about":[{"href":"https:\/\/premino.pl\/index.php?rest_route=\/wp\/v2\/types\/product"}],"replies":[{"embeddable":true,"href":"https:\/\/premino.pl\/index.php?rest_route=%2Fwp%2Fv2%2Fcomments&post=40219"}],"wp:featuredmedia":[{"embeddable":true,"href":"https:\/\/premino.pl\/index.php?rest_route=\/wp\/v2\/media\/40220"}],"wp:attachment":[{"href":"https:\/\/premino.pl\/index.php?rest_route=%2Fwp%2Fv2%2Fmedia&parent=40219"}],"wp:term":[{"taxonomy":"kategoria-hurtowni","embeddable":true,"href":"https:\/\/premino.pl\/index.php?rest_route=%2Fwp%2Fv2%2Fkategoria-hurtowni&post=40219"},{"taxonomy":"product_brand","embeddable":true,"href":"https:\/\/premino.pl\/index.php?rest_route=%2Fwp%2Fv2%2Fproduct_brand&post=40219"},{"taxonomy":"product_cat","embeddable":true,"href":"https:\/\/premino.pl\/index.php?rest_route=%2Fwp%2Fv2%2Fproduct_cat&post=40219"},{"taxonomy":"product_tag","embeddable":true,"href":"https:\/\/premino.pl\/index.php?rest_route=%2Fwp%2Fv2%2Fproduct_tag&post=40219"}],"curies":[{"name":"wp","href":"https:\/\/api.w.org\/{rel}","templated":true}]}}