{"id":40225,"date":"2026-04-17T16:30:37","date_gmt":"2026-04-17T14:30:37","guid":{"rendered":"https:\/\/premino.pl\/produkt\/tran-pomaranczowy-100ml\/"},"modified":"2026-04-17T16:30:45","modified_gmt":"2026-04-17T14:30:45","slug":"tran-pomaranczowy-100ml","status":"publish","type":"product","link":"https:\/\/premino.pl\/?product=tran-pomaranczowy-100ml","title":{"rendered":"Tran pomara\u0144czowy 100ml"},"content":{"rendered":"<p><b>Tran z naturalnym aromatem pomara\u0144czowym Olini \u2013 \u015bwie\u017cy olej z w\u0105troby dorsza atlantyckiego, bez zanieczyszcze\u0144, niski TOTOX \u2013 5, spe\u0142nia normy i standardy bezpiecze\u0144stwa<\/b><\/p>\n<p><b>Za co pokochasz tran o smaku pomara\u0144czowym?<br \/><\/b>\u2022 to\u00a0\u017ar\u00f3d\u0142o witamin D3 \u2013 282 \u03bcg (11300 IU)\/100 g i A\u00a0\u00a0\u2013 24500 \u03bcg\/100 g, kt\u00f3re pomagaj\u0105 w prawid\u0142owym funkcjono\u00adwaniu uk\u0142adu odporno\u015bcio\u00adwego<br \/>\u2022 ma\u00a0wysok\u0105 zawarto\u015b\u0107 kwas\u00f3w t\u0142uszczowych omega-3\u00a0\u2013 EPA (9300 mg\/100 g) \u00a0i DHA (9200 mg\/100 g)<br \/>\u2022\u00a0ma\u00a0wysok\u0105 zawarto\u015b\u0107 kwas\u00f3w t\u0142uszczowych omega-3\u00a0\u2013 EPA (7650 mg\/100 g) \u00a0i DHA (9880 mg\/100 g)<br \/>\u2022\u00a0ma\u00a0korzystny stosunek kwas\u00f3w omega-3, omega-6 i omega-9\u00a0\u2013 12,1:1:14<br \/>\u2022\u00a0niski TOTOX \u2013 5\u00a0potwierdza jego wysok\u0105 jako\u015b\u0107<br \/>\u2022\u00a0pochodzi\u00a0z ryb ze zr\u00f3wnowa\u017conych po\u0142ow\u00f3w\u00a0(certyfikat MSC)<br \/>\u2022\u00a0jest\u00a0wolny od zanieczyszcze\u0144, co\u00a0potwierdzaj\u0105 badania<br \/>\u2022\u00a0butelka z ciemnego szk\u0142a\u00a0chroni jego sk\u0142adniki przed dzia\u0142aniem \u015bwiat\u0142a<br \/>\u2022\u00a0nie zawiera zb\u0119dnych dodatk\u00f3w<\/p>\n<p><b>Tran o smaku pomara\u0144czowym Olini \u2013 suplement diety z witaminami i kwasami omega-3<br \/><\/b>Stosujesz tran, ale ch\u0119tnie spr\u00f3bujesz go w wersji smakowej? Lubisz smak cytrus\u00f3w? Tran pomara\u0144czowy jest dla Ciebie!<\/p>\n<p>Na co pomagaj\u0105 sk\u0142adniki Tranu z aromatem pomara\u0144czowym Olini?<br \/>Z ka\u017cd\u0105 \u0142y\u017ceczk\u0105\u00a0(2,5 ml)\u00a0tranu o smaku pomara\u0144czowym dostarczasz swojemu organizmowi:<br \/>kwas\u00f3w omega-3<br \/>\u00a0EPA (eikozapentaenowego)\u00a0\u2013 215 mg (86% RWS)<br \/>\u2022 kwasy EPA i DHA przyczyniaj\u0105 si\u0119 do\u00a0prawid\u0142owego funkcjono\u00adwania serca*<\/p>\n<p>DHA (dokozaheksaenowego)\u00a0\u2013 212 mg (85% RWS)<br \/>\u2022\u00a0przyczynia si\u0119 do utrzymania\u00a0prawid\u0142owego widzenia*<br \/>\u2022 przyczynia si\u0119 do utrzymania\u00a0prawid\u0142owego funkcjonowania m\u00f3zgu*<\/p>\n<p>witamin:<br \/>D3\u00a0\u2013 6,5 \u00b5g\/261 IU (130% RWS)<br \/>\u2022\u00a0prawid\u0142owym funkcjono\u00adwaniu\u00a0uk\u0142adu odporno\u015bcio\u00adwego<br \/>\u2022\u00a0utrzymaniu\u00a0zdrowych ko\u015bci<br \/>\u2022\u00a0prawid\u0142owym\u00a0funkcjono\u00adwaniu mi\u0119\u015bni<br \/>\u2022\u00a0utrzymaniu\u00a0zdrowych z\u0119b\u00f3w<br \/>\u2022\u00a0prawid\u0142owym\u00a0wch\u0142ania\u00adniu\/wykorzystywaniu wapnia i fosforu<\/p>\n<p>A\u00a0\u2013 566 \u00b5g (71% RWS)<br \/>\u2022\u00a0w prawid\u0142owym funkcjono\u00adwaniu\u00a0uk\u0142adu odporno\u015bcio\u00adwego<br \/>\u2022\u00a0zachowa\u0107\u00a0zdrow\u0105 sk\u00f3r\u0119<br \/>\u2022\u00a0w utrzymaniu\u00a0prawid\u0142owego widzenia<br \/>\u2022\u00a0utrzymaniu prawid\u0142owego\u00a0stanu b\u0142on \u015bluzowych<br \/>\u2022\u00a0utrzymania prawid\u0142o\u00adwego\u00a0metabolizmu \u017celaza<br \/>* korzystne dzia\u0142anie wyst\u0119puje w przypadku spo\u017cywania 250 mg EPA i DHA dziennie<\/p>\n<p>RWS \u2013 referencyjna warto\u015b\u0107 spo\u017cycia dla przeci\u0119tnej osoby doros\u0142ej (8400 kJ\/2000 kcal)<\/p>\n<p>W\u0142\u0105cz tran o smaku pomara\u0144czowym jako element zr\u00f3wnowa\u017conego sposobu od\u017cywiania si\u0119 i zdrowego stylu \u017cycia!<\/p>\n<p><b>Przebadany<br \/><\/b>TOTOX \u201emorskiego oleju\u201d wynosi 5, co \u015bwiadczy o jego wysokiej jako\u015bci.\u00a0Oznacza, \u017ce\u00a0olej jest \u015bwie\u017cy i \u017ce zawarte w nim kwasy t\u0142uszczowe nie utleniaj\u0105 si\u0119.\u00a0Potwierdzi\u0142o to niezale\u017cne, akredytowane laboratorium, a Ty wyczujesz to m.in. w jego\u00a0delikatnym smaku.<\/p>\n<p><b>Czysty<br \/><\/b>Tran jest delikatnie oczyszczony, dzi\u0119ki czemu:<br \/>\u2022 nie zawiera zanieczyszcze\u0144\u00a0\u2013 w tym metali ci\u0119\u017ckich (np. rt\u0119ci, o\u0142owiu), dioksyn i pestycyd\u00f3w (PCB)<br \/>\u2022 ma\u00a0mniej alergen\u00f3w, jak np. bia\u0142ka ryb<br \/>\u2022 spe\u0142nia normy\u00a0i standardy bezpiecze\u0144stwa<\/p>\n<p>Tran o smaku pomara\u0144czowym Olini pozyskiwany jest ze \u015bwie\u017cych w\u0105tr\u00f3bek dorsza atlantyckiego ze zr\u00f3wnowa\u017conych po\u0142ow\u00f3w. One w mniejszym stopniu wp\u0142ywaj\u0105 na ekosystem morski. Zapewniaj\u0105 te\u017c bezpieczn\u0105 przysz\u0142o\u015b\u0107 spo\u0142eczno\u015bciom rybackim i ludziom z bran\u017cy rybackiej.\u00a0<\/p>\n<p>Dziko \u017cyj\u0105ce ryby, z kt\u00f3rych powstaje tran, zosta\u0142y z\u0142owione zgodnie z rygorystycznymi Standardami Zr\u00f3wnowa\u017conego Rybo\u0142\u00f3wstwa. Potwierdza to\u00a0certyfikat Marine Stewardship Council (MSC), kt\u00f3ry ma producent tego tranu.\u00a0<\/p>\n<p>MSC przyznaje si\u0119 konkretnym rybakom, kt\u00f3rzy prowadz\u0105 po\u0142owy okre\u015blonego stada, na 5 lat. Co roku musz\u0105 oni poddawa\u0107 si\u0119 audytowi i stale usprawnia\u0107 swoje dzia\u0142ania.<\/p>\n<p>Cytrusowy smak tran zyska\u0142 dzi\u0119ki w 100% naturalnemu aromatowi pomara\u0144czowemu.\u00a0<\/p>\n<p><b>Jak stosowa\u0107 Tran pomara\u0144czowy?<br \/><\/b>Mo\u017cna go pi\u0107:<br \/>z \u0142y\u017ceczki\/miarki<br \/>codziennie, przez ca\u0142y rok \u2013 nie tylko jesieni\u0105 i zim\u0105<br \/>w odpowiednich porcjach<\/p>\n<p>Mo\u017cesz te\u017c dodawa\u0107 go do:<br \/>szot\u00f3w<br \/>owocowych koktajli<br \/>dressing\u00f3w do sa\u0142atek<br \/>smoothie bowls<\/p>\n<p><b>Rekomendowana dzienna porcja:<br \/><\/b>Dzieci:<br \/>od 1. roku \u017cycia \u2013\u00a02,5 ml\u00a0(0,5 \u0142y\u017ceczki)<\/p>\n<p>Dzieci od 12. roku \u017cycia i doro\u015bli:<br \/>5 ml\u00a0(1 \u0142y\u017cka)<\/p>\n<p><b>Dla kogo?<br \/><\/b>Dla dzieci i doros\u0142ych, seniorek i senior\u00f3w, kobiet w ci\u0105\u017cy.<\/p>\n<p><strong>Forma podania:<\/strong> p\u0142yn<br \/>\n<strong>Gramatura:<\/strong> ml<br \/>\n<strong>Pojemno\u015b\u0107:<\/strong> 100<br \/>\n<strong>P\u0142e\u0107:<\/strong> unisex<br \/>\n<strong>Rodzaj:<\/strong> pozosta\u0142e<\/p>\n<p><strong>Uwagi:<\/strong><\/p>\n<p>Ograniczenia w piciu tranu to: alergia na ryby i skorupiaki, choroby serca i krwi, suplementacja witaminy A. Zachowaj ostro\u017cno\u015b\u0107, je\u015bli ju\u017c suplementujesz witamin\u0119 A. Je\u015bli przyjmiesz jej za du\u017co, mo\u017cesz mie\u0107 problemy z ko\u015b\u0107mi i nara\u017casz si\u0119 na ryzyko wyst\u0105pienia osteoporozy.<\/p>\n<p>Nadmiar witaminy A jest szczeg\u00f3lnie niebezpieczny dla kobiet w ci\u0105\u017cy.<\/p>\n<p>Je\u015bli jednak pijesz zalecan\u0105 porcj\u0119 Tranu o smaku pomara\u0144czowym \u2013 nie ma powod\u00f3w do obaw. Organizm i tak nie wch\u0142ania 100% witaminy przyj\u0119tej z olejem.<\/p>\n<p><strong>Sk\u0142adniki:<\/strong><\/p>\n<p>olej z w\u0105troby dorsza Gadus morhua Linne (ryby), naturalny aromat pomara\u0144czowy, tokoferol (wit. E)<\/p>\n","protected":false},"excerpt":{"rendered":"<p> <strong>Forma podania:<\/strong> p\u0142yn<br \/>  <strong>Gramatura:<\/strong> ml<br \/>  <strong>Pojemno\u015b\u0107:<\/strong> 100<br \/>  <strong>P\u0142e\u0107:<\/strong> unisex<br \/>  <strong>Rodzaj:<\/strong> pozosta\u0142e <\/p>\n","protected":false},"featured_media":40226,"comment_status":"open","ping_status":"closed","template":"","meta":{"_acf_changed":false},"kategoria-hurtowni":[206,205],"product_brand":[333],"product_cat":[76],"product_tag":[],"class_list":{"0":"post-40225","1":"product","2":"type-product","3":"status-publish","4":"has-post-thumbnail","6":"kategoria-hurtowni-suplementy-diety","7":"kategoria-hurtowni-zdrowie","8":"product_brand-olini","9":"product_cat-primavera","11":"first","12":"outofstock","13":"taxable","14":"shipping-taxable","15":"product-type-simple"},"acf":[],"_links":{"self":[{"href":"https:\/\/premino.pl\/index.php?rest_route=\/wp\/v2\/product\/40225","targetHints":{"allow":["GET"]}}],"collection":[{"href":"https:\/\/premino.pl\/index.php?rest_route=\/wp\/v2\/product"}],"about":[{"href":"https:\/\/premino.pl\/index.php?rest_route=\/wp\/v2\/types\/product"}],"replies":[{"embeddable":true,"href":"https:\/\/premino.pl\/index.php?rest_route=%2Fwp%2Fv2%2Fcomments&post=40225"}],"wp:featuredmedia":[{"embeddable":true,"href":"https:\/\/premino.pl\/index.php?rest_route=\/wp\/v2\/media\/40226"}],"wp:attachment":[{"href":"https:\/\/premino.pl\/index.php?rest_route=%2Fwp%2Fv2%2Fmedia&parent=40225"}],"wp:term":[{"taxonomy":"kategoria-hurtowni","embeddable":true,"href":"https:\/\/premino.pl\/index.php?rest_route=%2Fwp%2Fv2%2Fkategoria-hurtowni&post=40225"},{"taxonomy":"product_brand","embeddable":true,"href":"https:\/\/premino.pl\/index.php?rest_route=%2Fwp%2Fv2%2Fproduct_brand&post=40225"},{"taxonomy":"product_cat","embeddable":true,"href":"https:\/\/premino.pl\/index.php?rest_route=%2Fwp%2Fv2%2Fproduct_cat&post=40225"},{"taxonomy":"product_tag","embeddable":true,"href":"https:\/\/premino.pl\/index.php?rest_route=%2Fwp%2Fv2%2Fproduct_tag&post=40225"}],"curies":[{"name":"wp","href":"https:\/\/api.w.org\/{rel}","templated":true}]}}