{"id":40253,"date":"2026-04-17T16:30:37","date_gmt":"2026-04-17T14:30:37","guid":{"rendered":"https:\/\/premino.pl\/produkt\/olej-dla-kobiet-250ml\/"},"modified":"2026-04-17T16:31:09","modified_gmt":"2026-04-17T14:31:09","slug":"olej-dla-kobiet-250ml","status":"publish","type":"product","link":"https:\/\/premino.pl\/?product=olej-dla-kobiet-250ml","title":{"rendered":"Olej dla kobiet 250ml"},"content":{"rendered":"<p><b>Olej dla kobiet\u00a0<\/b>\u2013 suplement diety, stworzony z pomoc\u0105 naukowc\u00f3w, dla kobiet w ka\u017cdym wieku, \u017ar\u00f3d\u0142o warto\u015bciowych sk\u0142adnik\u00f3w w diecie<\/p>\n<p><b>Olej dla kobiet Olini \u2013 kompleksowy spos\u00f3b na kobiece zdrowie<br \/><\/b>\u2022\u00a0jego wyj\u0105tkow\u0105\u00a0receptur\u0119 opracowali naukowcy UMED<br \/>\u2022\u00a0zawiera\u00a0nienasycone kwasy\u00a0t\u0142uszczowe w odpowiedniej proporcji<br \/>\u2022\u00a0jest \u017ar\u00f3d\u0142em polifenoli\u00a0\u2013 zwi\u0105zki tych przeciwutleniaczy uszczelniaj\u0105 naczynia krwiono\u015bne i obni\u017caj\u0105 ci\u015bnienie<br \/>\u2022\u00a0dba o r\u00f3wnowag\u0119 hormonaln\u0105\u00a0\u00a0w kobiecym organizmie<br \/>\u2022\u00a0jest odpowiedni\u00a0dla kobiet w ka\u017cdym wieku\u00a0\u2013 od nastolatek po seniorki<br \/>\u2022\u00a0pysznie smakuje\u00a0\u2013 wypijesz go solo lub wykorzystasz w kuchni na r\u00f3\u017cne sposoby<br \/>\u2022\u00a0jest \u015bwie\u017cy\u00a0\u2013 t\u0142oczy si\u0119 go na bie\u017c\u0105co, w niewielkich partiach<br \/>\u2022\u00a0jest w 100% naturalny\u00a0\u2013 bez ulepszaczy i sztucznych substancji<\/p>\n<p>Chcesz w\u0142\u0105czy\u0107 do diety zdrowe t\u0142uszcze o odpowiedniej proporcji kwas\u00f3w omega-3 i omega-6? Szukasz suplementu, kt\u00f3ry zmniejszy b\u00f3le piersi oraz z\u0142agodzi objawy PMS i menopauzy? Wybierasz produkty z prostym sk\u0142adem? Oto Olej dla kobiet Olini!<\/p>\n<p>Ten suplement diety to mieszanka\u00a0oleju z wiesio\u0142ka, oleju lnianego oraz oliwy z oliwek\u00a0w odpowiednich proporcjach. Stworzono go wraz z naukowcami\u00a0z Uniwersytetu Medycznego w \u0141odzi, aby wspiera\u0107 kobiety w ka\u017cdym wieku.<\/p>\n<p><b>Dopracowana receptura<br \/><\/b>\u2022 Olej z wiesio\u0142ka<br \/>Olej z wiesio\u0142ka to prawdziwa kopalnia cennych sk\u0142adnik\u00f3w w kobiecej diecie.\u00a0 Dostarcza nienasyconych kwas\u00f3w t\u0142uszczowych omega-6. Jest \u017ar\u00f3d\u0142em witaminy E, nazywanej te\u017c \u201ewitamin\u0105 m\u0142odo\u015bci\u201d. Wspiera r\u00f3wnowag\u0119 hormonaln\u0105 i dzia\u0142a przeciwzapalnie.<br \/>\u2022\u00a0Olej lniany<br \/>To niezb\u0119dny element diety przeciwzapalnej. Jest \u017ar\u00f3d\u0142em nienasyconych kwas\u00f3w t\u0142uszczowych omega-3. Maj\u0105 one korzystny wp\u0142yw na utrzymanie prawid\u0142owego poziomu cholesterolu. Olej lniany pomaga te\u017c w odchudzaniu. Wyt\u0142acza si\u0119 go z ziaren bogatych w b\u0142onnik. Dlatego zapewnia uczucie syto\u015bci na d\u0142ugo.<br \/>\u2022\u00a0Oliwa z oliwek<br \/>Dobra oliwa z pierwszego t\u0142oczenia na zimno jest \u017ar\u00f3d\u0142em polifenoli. Pomagaj\u0105 one w neutralizowaniu wolnych rodnik\u00f3w. Dzi\u0119ki temu przeciwdzia\u0142aj\u0105 starzeniu oraz rozwojowi r\u00f3\u017cnych chor\u00f3b. Ka\u017cda porcja prawdziwej oliwy z oliwek dostarcza te\u017c nienasyconych kwas\u00f3w t\u0142uszczowych. Zmniejszaj\u0105 one poziom cholesterolu LDL, obni\u017caj\u0105 CRP oraz reguluj\u0105 ci\u015bnienie krwi.\u00a0<\/p>\n<p><b>Jak smakuje Olej dla kobiet?<br \/><\/b>Olej dla kobiet ma delikatny smak i neutralny aromat. Mo\u017cesz z \u0142atwo\u015bci\u0105 wypi\u0107 go prosto z \u0142y\u017ceczki lub doda\u0107 do obiadu, lunchu i przek\u0105sek.<\/p>\n<p><b>Na co pomaga Olej dla kobiet Olini?<br \/><\/b>Olej z wiesio\u0142ka, olej lniany oraz oliwa z oliwek to trzy zdrowe oleje, kt\u00f3re\u00a0kompleksowo wspieraj\u0105 kobiecy organizm.\u00a0Ich po\u0142\u0105czenie pomaga:<br \/>\u2022 dba\u0107 o r\u00f3wnowag\u0119 hormonaln\u0105<br \/>\u2022 poprawi\u0107 przemian\u0119 materii<br \/>\u2022 \u0142agodzi\u0107 uderzenia gor\u0105ca<br \/>\u2022 zmniejszy\u0107 dolegliwo\u015bci zwi\u0105zane z PMS<br \/>\u2022 obni\u017cy\u0107 stany zapalne<br \/>\u2022 poprawi\u0107 wygl\u0105d, nawil\u017cenie i elastyczno\u015b\u0107 cery<br \/>\u2022 zmniejszy\u0107 b\u00f3le piersi<br \/>\u2022 obni\u017cy\u0107 \u201ez\u0142y cholesterol\u201d<\/p>\n<p><b>Jak najlepiej stosowa\u0107 Olej dla kobiet, \u017ceby by\u0142y efekty?<br \/><\/b>\u2022\u00a0regularnie<br \/>\u2022\u00a0w odpowiednich proporcjach<br \/>\u2022\u00a0zawsze na zimno<\/p>\n<p><b>Dla kogo?<br \/><\/b>Dla kobiet w ka\u017cdym wieku, dla mam, karmi\u0105cych oraz kobiet w ci\u0105\u017cy.<\/p>\n<p><b>Jak pi\u0107?<\/b><br \/>Olej dla kobiet to suplement diety. Mo\u017cesz wypi\u0107 jego odmierzon\u0105 porcj\u0119. Pysznie smakuje na \u0142y\u017ceczce \u2013 ale z powodzeniem wykorzystasz go w kuchni! Do czego warto go doda\u0107?<\/p>\n<p>do szejka\u00a0\u2013 \u0142y\u017ceczka urozmaici Tw\u00f3j ulubiony owocowy koktajl<br \/>do sa\u0142atki\u00a0\u2013 sprawdzi si\u0119 jako dressing<br \/>do chleba\u00a0\u2013 mo\u017cesz zanurzy\u0107 w nim pieczywo<br \/>do obiadu\u00a0\u2013 skropisz nim zup\u0119, polejesz warzywa lub mi\u0119so<\/p>\n<p>Olej dla kobiet nale\u017cy przechowywa\u0107 w lod\u00f3wce. Najlepiej w temperaturze od 4\u00b0C do 10\u00b0C.<\/p>\n<p><b>Zalecana porcja:<br \/><\/b>3 \u0142y\u017ceczki (14 ml)<\/p>\n<p><strong>Forma podania:<\/strong> p\u0142yn<br \/>\n<strong>Gramatura:<\/strong> ml<br \/>\n<strong>Pojemno\u015b\u0107:<\/strong> 250<br \/>\n<strong>P\u0142e\u0107:<\/strong> damski<br \/>\n<strong>Rodzaj:<\/strong> pozosta\u0142e<\/p>\n<p><strong>Uwagi:<\/strong><\/p>\n<p>Olej dla kobiet to suplement. Uzupe\u0142nia codzienn\u0105, zr\u00f3\u017cnicowan\u0105 diet\u0119 i nie mo\u017ce by\u0107 jej substytutem. Najlepiej pi\u0107 go prosto z \u0142y\u017ceczki lub w formie szota. Olej dla kobiet traci swoje cenne w\u0142a\u015bciwo\u015bci po obr\u00f3bce termicznej, dlatego zawsze stosuj go na zimno.<\/p>\n<p><strong>Sk\u0142adniki:<\/strong><\/p>\n<p>Olej z wiesio\u0142ka, olej lniany, oliwa z oliwek.<\/p>\n","protected":false},"excerpt":{"rendered":"<p> <strong>Forma podania:<\/strong> p\u0142yn<br \/>  <strong>Gramatura:<\/strong> ml<br \/>  <strong>Pojemno\u015b\u0107:<\/strong> 250<br \/>  <strong>P\u0142e\u0107:<\/strong> damski<br \/>  <strong>Rodzaj:<\/strong> pozosta\u0142e <\/p>\n","protected":false},"featured_media":40254,"comment_status":"open","ping_status":"closed","template":"","meta":{"_acf_changed":false},"kategoria-hurtowni":[206,205],"product_brand":[333],"product_cat":[76],"product_tag":[],"class_list":{"0":"post-40253","1":"product","2":"type-product","3":"status-publish","4":"has-post-thumbnail","6":"kategoria-hurtowni-suplementy-diety","7":"kategoria-hurtowni-zdrowie","8":"product_brand-olini","9":"product_cat-primavera","11":"first","12":"outofstock","13":"taxable","14":"shipping-taxable","15":"product-type-simple"},"acf":[],"_links":{"self":[{"href":"https:\/\/premino.pl\/index.php?rest_route=\/wp\/v2\/product\/40253","targetHints":{"allow":["GET"]}}],"collection":[{"href":"https:\/\/premino.pl\/index.php?rest_route=\/wp\/v2\/product"}],"about":[{"href":"https:\/\/premino.pl\/index.php?rest_route=\/wp\/v2\/types\/product"}],"replies":[{"embeddable":true,"href":"https:\/\/premino.pl\/index.php?rest_route=%2Fwp%2Fv2%2Fcomments&post=40253"}],"wp:featuredmedia":[{"embeddable":true,"href":"https:\/\/premino.pl\/index.php?rest_route=\/wp\/v2\/media\/40254"}],"wp:attachment":[{"href":"https:\/\/premino.pl\/index.php?rest_route=%2Fwp%2Fv2%2Fmedia&parent=40253"}],"wp:term":[{"taxonomy":"kategoria-hurtowni","embeddable":true,"href":"https:\/\/premino.pl\/index.php?rest_route=%2Fwp%2Fv2%2Fkategoria-hurtowni&post=40253"},{"taxonomy":"product_brand","embeddable":true,"href":"https:\/\/premino.pl\/index.php?rest_route=%2Fwp%2Fv2%2Fproduct_brand&post=40253"},{"taxonomy":"product_cat","embeddable":true,"href":"https:\/\/premino.pl\/index.php?rest_route=%2Fwp%2Fv2%2Fproduct_cat&post=40253"},{"taxonomy":"product_tag","embeddable":true,"href":"https:\/\/premino.pl\/index.php?rest_route=%2Fwp%2Fv2%2Fproduct_tag&post=40253"}],"curies":[{"name":"wp","href":"https:\/\/api.w.org\/{rel}","templated":true}]}}