{"id":40305,"date":"2026-04-17T16:31:56","date_gmt":"2026-04-17T14:31:56","guid":{"rendered":"https:\/\/premino.pl\/produkt\/olej-dla-seniora-250ml\/"},"modified":"2026-04-17T16:32:01","modified_gmt":"2026-04-17T14:32:01","slug":"olej-dla-seniora-250ml","status":"publish","type":"product","link":"https:\/\/premino.pl\/?product=olej-dla-seniora-250ml","title":{"rendered":"Olej dla seniora 250ml"},"content":{"rendered":"<p>Olej dla seniora Olini \u2013 specjalnie opracowana mieszanka trzech olej\u00f3w ro\u015blinnych, dostosowana do potrzeb os\u00f3b powy\u017cej 70. roku \u017cycia.<\/p>\n<p><b>Dlaczego warto pokocha\u0107 Olej dla seniora Olini?<br \/><\/b>\u2022 Zawiera tylko 5 naturalnych sk\u0142adnik\u00f3w, kt\u00f3re w synergii wspieraj\u0105 zdrowie os\u00f3b starszych.<br \/>\u2022 Bogaty w kwasy omega-3 \u2013 15,3 g\/100 g.<br \/>\u2022\u00a0Pokrywa dzienne zapotrzebowanie organizmu na witamin\u0119 D \u2013 50 \u00b5g (2000 IU) w 10 ml (1000% RWS*).<br \/>\u2022\u00a0Wzbogacony ekstraktem z kurkumy (3 g\/100 g), pozyskiwanym z najwy\u017cszej jako\u015bci korzeni Curcuma xanthorrhiza (1 kg ekstraktu z 10\u201313 kg suszu).<br \/>\u2022\u00a0Opracowany we wsp\u00f3\u0142pracy z zespo\u0142em Uniwersytetu Medycznego w \u0141odzi.<br \/>\u2022 Przebadany \u2013 wolny od pestycyd\u00f3w, metali ci\u0119\u017ckich i bakterii (wyniki dost\u0119pne w PDF).<br \/>\u2022\u00a0Dok\u0142adnie wiadomo, co dostarcza ka\u017cda porcja (1 \u0142y\u017cka).<br \/>\u2022\u00a0Naturalny smak i zapach gwarantuj\u0105 \u015bwie\u017co\u015b\u0107.<br \/>\u2022 W 100% ro\u015blinny \u2013 bez sk\u0142adnik\u00f3w odzwierz\u0119cych i nietestowany na zwierz\u0119tach.<br \/>\u2022\u00a0Pakowany w przyjazne dla \u015brodowiska szklane opakowanie.<\/p>\n<p>Olej dla seniora Olini \u2013 co zawiera?<br \/>Olej dla seniora\u00a0to a\u017c\u00a03 przydatne w diecie starszych os\u00f3b oleje ro\u015blinne:\u00a0rydzowy i z ostropestu plamistego Olini oraz z pestek czarnej porzeczki. W\u015br\u00f3d jego sk\u0142adnik\u00f3w s\u0105 te\u017c\u00a0ekstrakt z kurkumy (Curcuma longa L.) i witamina D3.\u00a0\u00a0<\/p>\n<p><b>Jakich sk\u0142adnik\u00f3w dostarczysz swojemu organizmowi z 1 \u0142y\u017ck\u0105 Oleju dla seniora?<\/b><br \/>witamina D3\u00a0\u2013 50 \u00b5g (2000 IU) (1000% RWS*), kt\u00f3ra pomaga w:<br \/>\u2022\u00a0prawid\u0142owym\u00a0wch\u0142anianiu wapnia i fosforu<br \/>\u2022\u00a0utrzymaniu prawid\u0142owego poziomu\u00a0wapnia we krwi<br \/>\u2022\u00a0utrzymaniu zdrowych\u00a0ko\u015bci i zdrowych z\u0119b\u00f3w<br \/>\u2022\u00a0prawid\u0142owym funkcjonowaniu\u00a0mi\u0119\u015bni<br \/>\u2022\u00a0prawid\u0142owym funkcjonowaniu\u00a0uk\u0142adu odporno\u015bciowego<br \/>\u2022\u00a0kwasy t\u0142uszczowe nienasycone<\/p>\n<p>jednonienasycone\u00a0\u2013 2,66 g<br \/>wielonienasycone\u00a0\u2013 4,67 g<br \/>omega-3\u00a0\u2013 1,30 g<\/p>\n<p>kwas alfa-linolenowy, ALA\u00a0\u2013 1,24 g, kt\u00f3ry pomaga w: utrzymaniu prawid\u0142owego poziomu cholesterolu we krwi*<\/p>\n<p>omega-6\u00a0\u2013 3,37 g<\/p>\n<p>kwas linolowy, LA\u00a0\u2013 3,27 g, kt\u00f3ry pomaga w:<br \/>utrzymaniu\u00a0prawid\u0142owego poziomu cholesterolu we krwi**<\/p>\n<p>ekstrakt z kurkumy\u00a0\u2013 0,26 g<\/p>\n<p>* RWS \u2013 referencyjna warto\u015b\u0107 spo\u017cycia dla przeci\u0119tnej osoby doros\u0142ej<br \/>** korzystne dzia\u0142anie wyst\u0119\u00adpuje w przypadku spo\u017cywania 2 g ALA dziennie<br \/>*** korzystne dzia\u0142anie wyst\u0119\u00adpuje w przypadku spo\u017cywania 10 g LA dziennie<\/p>\n<p><b>Jak stosowa\u0107 Olej dla seniora?<br \/><\/b>Zalecana dzienna porcja:<br \/>70-75 lat\u00a0\u2013 10 ml (1 \u0142y\u017cka) <br \/>powy\u017cej 75 roku \u017cycia\u00a0\u2013 20 ml\u00a0 (2 \u0142y\u017cki)<\/p>\n<p><b>Olej dla seniora mo\u017cna przyjmowa\u0107:<\/b><br \/>na \u0142y\u017cce<br \/>z potrawami i przek\u0105skami<br \/>porann\u0105 owsiank\u0105 <br \/>twarogiem<br \/>jogurtem<br \/>sa\u0142atk\u0105<br \/>kasz\u0105 <br \/>kromk\u0105 chleba z past\u0105 warzywn\u0105<br \/>zup\u0105<br \/>koktajlem<\/p>\n<p>Wskaz\u00f3wka: Olej dla seniora dodaje potrawom zio\u0142owego posmaku.<\/p>\n<p><b>Dla kogo?<\/b><\/p>\n<p>Dla seniorek i senior\u00f3w od 70 roku \u017cycia.<\/p>\n<p><b>Przechowywanie<br \/><\/b>Olej dla seniora trzeba przechowywa\u0107 w lod\u00f3wce (w temperaturze oko\u0142o 4\u00b0C-10\u00b0C.) zar\u00f3wno przed, jak i po otwarciu. Do spo\u017cywania wy\u0142\u0105cznie na zimno.<\/p>\n<p><strong>Forma podania:<\/strong> p\u0142yn<br \/>\n<strong>Gramatura:<\/strong> ml<br \/>\n<strong>Pojemno\u015b\u0107:<\/strong> 250<br \/>\n<strong>P\u0142e\u0107:<\/strong> unisex<br \/>\n<strong>Rodzaj:<\/strong> pozosta\u0142e<\/p>\n<p><strong>Uwagi:<\/strong><\/p>\n<p>Olej dla seniora trzeba przechowywa\u0107 w lod\u00f3wce (w temperaturze oko\u0142o 4\u00b0C-10\u00b0C.) zar\u00f3wno przed, jak i po otwarciu. Do spo\u017cywania wy\u0142\u0105cznie na zimno. Trzyma\u0107 w miejscu niedost\u0119pnym dla dzieci.\u00a0<\/p>\n<p><strong>Sk\u0142adniki:<\/strong><\/p>\n<p>olej z lnianki rydzowej, olej z pestek czarnej porzeczki, olej z nasion ostropestu plamistego, ekstrakt z kurkumy, witamina D3 (Cholekalcyferol)<\/p>\n<p><\/p>\n","protected":false},"excerpt":{"rendered":"<p> <strong>Forma podania:<\/strong> p\u0142yn<br \/>  <strong>Gramatura:<\/strong> ml<br \/>  <strong>Pojemno\u015b\u0107:<\/strong> 250<br \/>  <strong>P\u0142e\u0107:<\/strong> unisex<br \/>  <strong>Rodzaj:<\/strong> pozosta\u0142e <\/p>\n","protected":false},"featured_media":40306,"comment_status":"open","ping_status":"closed","template":"","meta":{"_acf_changed":false},"kategoria-hurtowni":[206,205],"product_brand":[333],"product_cat":[76],"product_tag":[],"class_list":{"0":"post-40305","1":"product","2":"type-product","3":"status-publish","4":"has-post-thumbnail","6":"kategoria-hurtowni-suplementy-diety","7":"kategoria-hurtowni-zdrowie","8":"product_brand-olini","9":"product_cat-primavera","11":"first","12":"outofstock","13":"taxable","14":"shipping-taxable","15":"product-type-simple"},"acf":[],"_links":{"self":[{"href":"https:\/\/premino.pl\/index.php?rest_route=\/wp\/v2\/product\/40305","targetHints":{"allow":["GET"]}}],"collection":[{"href":"https:\/\/premino.pl\/index.php?rest_route=\/wp\/v2\/product"}],"about":[{"href":"https:\/\/premino.pl\/index.php?rest_route=\/wp\/v2\/types\/product"}],"replies":[{"embeddable":true,"href":"https:\/\/premino.pl\/index.php?rest_route=%2Fwp%2Fv2%2Fcomments&post=40305"}],"wp:featuredmedia":[{"embeddable":true,"href":"https:\/\/premino.pl\/index.php?rest_route=\/wp\/v2\/media\/40306"}],"wp:attachment":[{"href":"https:\/\/premino.pl\/index.php?rest_route=%2Fwp%2Fv2%2Fmedia&parent=40305"}],"wp:term":[{"taxonomy":"kategoria-hurtowni","embeddable":true,"href":"https:\/\/premino.pl\/index.php?rest_route=%2Fwp%2Fv2%2Fkategoria-hurtowni&post=40305"},{"taxonomy":"product_brand","embeddable":true,"href":"https:\/\/premino.pl\/index.php?rest_route=%2Fwp%2Fv2%2Fproduct_brand&post=40305"},{"taxonomy":"product_cat","embeddable":true,"href":"https:\/\/premino.pl\/index.php?rest_route=%2Fwp%2Fv2%2Fproduct_cat&post=40305"},{"taxonomy":"product_tag","embeddable":true,"href":"https:\/\/premino.pl\/index.php?rest_route=%2Fwp%2Fv2%2Fproduct_tag&post=40305"}],"curies":[{"name":"wp","href":"https:\/\/api.w.org\/{rel}","templated":true}]}}