{"id":41193,"date":"2026-04-17T16:43:39","date_gmt":"2026-04-17T14:43:39","guid":{"rendered":"https:\/\/premino.pl\/produkt\/semi-di-lino-stylecare-spray-termoochronny-300ml\/"},"modified":"2026-04-17T16:43:52","modified_gmt":"2026-04-17T14:43:52","slug":"semi-di-lino-stylecare-spray-termoochronny-300ml","status":"publish","type":"product","link":"https:\/\/premino.pl\/?product=semi-di-lino-stylecare-spray-termoochronny-300ml","title":{"rendered":"Semi Di Lino Style&amp;Care spray termoochronny 300ml"},"content":{"rendered":"<p>Spray termoochronny Alfaparf Milano Semi Di Lino zapewnia w\u0142osom skuteczn\u0105 ochron\u0119 przed wysok\u0105 temperatur\u0105 a\u017c do 230\u00b0C. Tworzy na ich powierzchni niewidzialn\u0105 warstw\u0119 ochronn\u0105, dzi\u0119ki czemu stylizacja przy u\u017cyciu prostownicy, lok\u00f3wki czy suszarki jest bezpieczniejsza. Lekka, sucha formu\u0142a nie obci\u0105\u017ca w\u0142os\u00f3w i nie powoduje efektu wilgotnych pasm. Dodatkowo spray nadaje w\u0142osom pi\u0119kny po\u0142ysk, u\u0142atwia ich uk\u0142adanie oraz pomaga chroni\u0107 je przed negatywnym wp\u0142ywem zanieczyszcze\u0144 miejskich i zmiennych warunk\u00f3w atmosferycznych.<\/p>\n<p><b>Korzy\u015bci:<br \/><\/b>\u2022 Chroni w\u0142osy przed dzia\u0142aniem wysokiej temperatury do 230\u00b0C.<br \/>\u2022 Lekka, sucha formu\u0142a nie obci\u0105\u017ca w\u0142os\u00f3w i nie pozostawia efektu mokrych pasm.<br \/>\u2022 U\u0142atwia stylizacj\u0119 i zwi\u0119ksza podatno\u015b\u0107 w\u0142os\u00f3w na uk\u0142adanie.<br \/>\u2022 Pozwala bezpiecznie korzysta\u0107 z urz\u0105dze\u0144 do stylizacji na gor\u0105co.<br \/>\u2022 Pozostawia na w\u0142osach przyjemny, kwiatowo-owocowy zapach.<\/p>\n<p><b>Sk\u0142adniki i technologie:<\/b><br \/>\u2022 Urban Defense Pro \u2013 chroni w\u0142osy przed zanieczyszczeniami \u015brodowiska miejskiego.<br \/>\u2022 Shine Fix Complex \u2013 zapewnia w\u0142osom intensywny, d\u0142ugotrwa\u0142y po\u0142ysk.<br \/>\u2022 Color Fix Complex \u2013 pomaga chroni\u0107 kolor w\u0142os\u00f3w przed blakni\u0119ciem.<br \/>\u2022 Climate-Proof \u2013 zabezpiecza w\u0142osy przed niekorzystnymi warunkami pogodowymi i wspiera ich nawil\u017cenie.<br \/>\u2022 Style Guard \u2013 chroni w\u0142osy przed dzia\u0142aniem wysokiej temperatury i pomaga kontrolowa\u0107 puszenie.<\/p>\n<p>Formu\u0142a wega\u0144ska.<\/p>\n<p><b>Spos\u00f3b u\u017cycia:<\/b><br \/>Przed stylizacj\u0105 na gor\u0105co r\u00f3wnomiernie spryskaj suche lub lekko wilgotne w\u0142osy na ca\u0142ej d\u0142ugo\u015bci, a nast\u0119pnie u\u017cyj suszarki, prostownicy lub lok\u00f3wki.<\/p>\n<p><strong>Gramatura:<\/strong> ml<br \/>\n<strong>Henna:<\/strong> nie<br \/>\n<strong>Konsystencja:<\/strong> mgie\u0142ka<br \/>\n<strong>Linie elitarne:<\/strong> nie<br \/>\n<strong>Pojemno\u015b\u0107:<\/strong> 300<br \/>\n<strong>P\u0142e\u0107:<\/strong> damski<\/p>\n<p><strong>Uwagi:<\/strong><\/p>\n<p>Pojemnik pod ci\u015bnieniem: Mo\u017ce p\u0119kn\u0105\u0107 w wyniku ogrzania. Trzyma\u0107 z dala od \u017ar\u00f3de\u0142 ciep\u0142a, gor\u0105cych powierzchni, iskier, otwartego ognia i innych \u017ar\u00f3de\u0142 zap\u0142onu. Zakaz palenia. Nie rozpyla\u0107 nad otwartym ogniem lub innym \u017ar\u00f3d\u0142em zap\u0142onu. Nie przek\u0142uwa\u0107 i nie spala\u0107, nawet po zu\u017cyciu. Chroni\u0107 przed \u015bwiat\u0142em s\u0142onecznym. Nie wystawia\u0107 na dzia\u0142anie temperatury przekraczaj\u0105cej 50\u00b0C. Przechowywa\u0107 poza zasi\u0119giem dzieci. Nie rozpyla\u0107 w kierunku oczu lub na podra\u017cnion\u0105 sk\u00f3r\u0119. Nie wdycha\u0107 celowo. Stosowa\u0107 wy\u0142\u0105cznie zgodnie z zaleceniami. Nie stosowa\u0107 w pomieszczeniach o s\u0142abej wentylacji. Nadmierne rozpylanie mo\u017ce powodowa\u0107 problemy z oddychaniem w zamkni\u0119tych pomieszczeniach. Zachowaj zalecan\u0105 odleg\u0142o\u015b\u0107 od sk\u00f3ry g\u0142owy (zwykle ok. 20\u201330 cm).<\/p>\n<p><strong>Sk\u0142adniki:<\/strong><\/p>\n<p>BUTANE, ALCOHOL DENAT., PROPANE, ISODODECANE, ISOBUTANE, PARFUM (FRAGRANCE), PEG-12 DIMETHICONE, TETRAMETHYL ACETYLOCTAHYDRONAPHTHALENES, PEG-12 ALLYL ETHER, ACETYL CEDRENE, PEG-12, HEXYL CINNAMAL, LINALOOL, AQUA (WATER), HYDROXYCITRONELLAL, ALPHA-ISOMETHYL IONONE, CITRUS LIMON PEEL OIL, ETHYLHEXYL METHOXYCINNAMATE, CARNOSINE, LIMONENE, BENZYL SALICYLATE, GLYCERIN, TRIMETHYLBENZENEPROPANOL, POLYIMIDE-1, GERANYL ACETATE, CITRONELLOL, JUNIPERUS VIRGINIANA OIL, TERPINEOL, SODIUM COCOYL AMINO ACIDS, PINENE, FRUCTOSE, VANILLIN, POTASSIUM DIMETHICONE PEG-7 PANTHENYL PHOSPHATE, SODIUM SARCOSINATE, PROPYLENE GLYCOL, PENTYLENE GLYCOL, LAURIC ACID, SODIUM CITRATE, LINUM USITATISSIMUM (LINSEED) SEED EXTRACT, PHENOXYETHANOL, BIOSACCHARIDE GUM-4, CAESALPINIA SPINOSA GUM, SODIUM HYALURONATE, SODIUM BENZOATE, POTASSIUM SORBATE, POLYPORUS UMBELLATUS (MUSHROOM) EXTRACT, TETRASODIUM EDTA.<\/p>\n","protected":false},"excerpt":{"rendered":"<p> <strong>Gramatura:<\/strong> ml<br \/>  <strong>Henna:<\/strong> nie<br \/>  <strong>Konsystencja:<\/strong> mgie\u0142ka<br \/>  <strong>Linie elitarne:<\/strong> nie<br \/>  <strong>Pojemno\u015b\u0107:<\/strong> 300<br \/>  <strong>P\u0142e\u0107:<\/strong> damski <\/p>\n","protected":false},"featured_media":41194,"comment_status":"open","ping_status":"closed","template":"","meta":{"_acf_changed":false},"kategoria-hurtowni":[90,124,112],"product_brand":[411],"product_cat":[76],"product_tag":[],"class_list":{"0":"post-41193","1":"product","2":"type-product","3":"status-publish","4":"has-post-thumbnail","6":"kategoria-hurtowni-pielegnacja","7":"kategoria-hurtowni-stylizacja","8":"kategoria-hurtowni-wlosy","9":"product_brand-alfaparf","10":"product_cat-primavera","12":"first","13":"outofstock","14":"taxable","15":"shipping-taxable","16":"product-type-simple"},"acf":[],"_links":{"self":[{"href":"https:\/\/premino.pl\/index.php?rest_route=\/wp\/v2\/product\/41193","targetHints":{"allow":["GET"]}}],"collection":[{"href":"https:\/\/premino.pl\/index.php?rest_route=\/wp\/v2\/product"}],"about":[{"href":"https:\/\/premino.pl\/index.php?rest_route=\/wp\/v2\/types\/product"}],"replies":[{"embeddable":true,"href":"https:\/\/premino.pl\/index.php?rest_route=%2Fwp%2Fv2%2Fcomments&post=41193"}],"wp:featuredmedia":[{"embeddable":true,"href":"https:\/\/premino.pl\/index.php?rest_route=\/wp\/v2\/media\/41194"}],"wp:attachment":[{"href":"https:\/\/premino.pl\/index.php?rest_route=%2Fwp%2Fv2%2Fmedia&parent=41193"}],"wp:term":[{"taxonomy":"kategoria-hurtowni","embeddable":true,"href":"https:\/\/premino.pl\/index.php?rest_route=%2Fwp%2Fv2%2Fkategoria-hurtowni&post=41193"},{"taxonomy":"product_brand","embeddable":true,"href":"https:\/\/premino.pl\/index.php?rest_route=%2Fwp%2Fv2%2Fproduct_brand&post=41193"},{"taxonomy":"product_cat","embeddable":true,"href":"https:\/\/premino.pl\/index.php?rest_route=%2Fwp%2Fv2%2Fproduct_cat&post=41193"},{"taxonomy":"product_tag","embeddable":true,"href":"https:\/\/premino.pl\/index.php?rest_route=%2Fwp%2Fv2%2Fproduct_tag&post=41193"}],"curies":[{"name":"wp","href":"https:\/\/api.w.org\/{rel}","templated":true}]}}