{"id":41197,"date":"2026-04-17T16:43:39","date_gmt":"2026-04-17T14:43:39","guid":{"rendered":"https:\/\/premino.pl\/produkt\/very-rose-dwufazowy-plyn-do-demakijazu-oczu-i-ust-100ml\/"},"modified":"2026-04-17T16:43:55","modified_gmt":"2026-04-17T14:43:55","slug":"very-rose-dwufazowy-plyn-do-demakijazu-oczu-i-ust-100ml","status":"publish","type":"product","link":"https:\/\/premino.pl\/?product=very-rose-dwufazowy-plyn-do-demakijazu-oczu-i-ust-100ml","title":{"rendered":"Very Rose dwufazowy p\u0142yn do demakija\u017cu oczu i ust 100ml"},"content":{"rendered":"<p>Dwufazowy p\u0142yn do demakija\u017cu skutecznie usuwa nawet wodoodporny makija\u017c z oczu i ust, jednocze\u015bnie dbaj\u0105c o delikatn\u0105 sk\u00f3r\u0119 tych okolic. Formu\u0142a wzbogacona ekstraktem z r\u00f3\u017cy koi i od\u015bwie\u017ca sk\u00f3r\u0119, nie pozostawiaj\u0105c t\u0142ustej warstwy. Preparat dok\u0142adnie oczyszcza, \u0142agodzi podra\u017cnienia oraz pomaga utrzyma\u0107 odpowiedni poziom nawil\u017cenia. Delikatna receptura z nawil\u017caj\u0105c\u0105 i koj\u0105c\u0105 wod\u0105 z kwiatu r\u00f3\u017cy sprawia, \u017ce sk\u00f3ra po demakija\u017cu pozostaje mi\u0119kka, g\u0142adka i przyjemnie od\u015bwie\u017cona.<\/p>\n<p>Produkt zawiera 99% sk\u0142adnik\u00f3w pochodzenia naturalnego, jest wega\u0144ski i nie zawiera sk\u0142adnik\u00f3w ani pochodnych pochodzenia zwierz\u0119cego.<\/p>\n<p><b>Spos\u00f3b u\u017cycia:<\/b> Przed u\u017cyciem wstrz\u0105\u015bnij butelk\u0105, aby po\u0142\u0105czy\u0107 obie fazy. Nanie\u015b niewielk\u0105 ilo\u015b\u0107 p\u0142ynu na wacik kosmetyczny, a nast\u0119pnie delikatnie przetrzyj okolice oczu i ust, usuwaj\u0105c makija\u017c.<\/p>\n<p><strong>Dzia\u0142anie:<\/strong> demakija\u017c, nawil\u017caj\u0105ce, oczyszczaj\u0105ce, zmi\u0119kcza<br \/>\n<strong>Gramatura:<\/strong> ml<br \/>\n<strong>Konsystencja:<\/strong> p\u0142yn do demakija\u017cu<br \/>\n<strong>Linie elitarne:<\/strong> nie<br \/>\n<strong>Piel\u0119gnacja specyficzna:<\/strong> nie<br \/>\n<strong>Pojemno\u015b\u0107:<\/strong> 100<br \/>\n<strong>Pora stosowania:<\/strong> dowolnie<br \/>\n<strong>P\u0142e\u0107:<\/strong> damski<br \/>\n<strong>Rodzaj sk\u00f3ry:<\/strong> wra\u017cliwa<br \/>\n<strong>S\u0142o\u0144ce:<\/strong> nie<br \/>\n<strong>Typ sk\u00f3ry:<\/strong> mieszana\/t\u0142usta, normalna, sucha<\/p>\n<p><strong>Uwagi:<\/strong><\/p>\n<p>Tylko do u\u017cytku zewn\u0119trznego.<\/p>\n<p><strong>Sk\u0142adniki:<\/strong><\/p>\n<p>AQUA\/WATER,  COCO-CAPRYLATE\/CAPRATE, C15-19 ALKANE, SODIUM CHLORIDE, GLYCERIN, CAPRYLOYL  GLYCINE, CITRIC ACID, SODIUM HYDROXIDE, SODIUM GLUCONATE, BENZYL ALCOHOL,  DEHYDROACETIC ACID, TOCOPHEROL, HELIANTHUS ANNUUS (SUNFLOWER) SEED OIL, ROSA  DAMASCENA FLOWER EXTRACT [N5812\/A].<\/p>\n","protected":false},"excerpt":{"rendered":"<p> <strong>Dzia\u0142anie:<\/strong> demakija\u017c, nawil\u017caj\u0105ce, oczyszczaj\u0105ce, zmi\u0119kcza<br \/>  <strong>Gramatura:<\/strong> ml<br \/>  <strong>Konsystencja:<\/strong> p\u0142yn do demakija\u017cu<br \/>  <strong>Linie elitarne:<\/strong> nie<br \/>  <strong>Piel\u0119gnacja specyficzna:<\/strong> nie<br \/>  <strong>Pojemno\u015b\u0107:<\/strong> 100<br \/>  <strong>Pora stosowania:<\/strong> dowolnie<br \/>  <strong>P\u0142e\u0107:<\/strong> damski<br \/>  <strong>Rodzaj sk\u00f3ry:<\/strong> wra\u017cliwa<br \/>  <strong>S\u0142o\u0144ce:<\/strong> nie<br \/>  <strong>Typ sk\u00f3ry:<\/strong> mieszana\/t\u0142usta, normalna, sucha <\/p>\n","protected":false},"featured_media":41198,"comment_status":"open","ping_status":"closed","template":"","meta":{"_acf_changed":false},"kategoria-hurtowni":[211,214,215],"product_brand":[213],"product_cat":[76],"product_tag":[],"class_list":{"0":"post-41197","1":"product","2":"type-product","3":"status-publish","4":"has-post-thumbnail","6":"kategoria-hurtowni-dermokosmetyki","7":"kategoria-hurtowni-pielegnacja-twarzy-dermokosmetyki","8":"kategoria-hurtowni-twarz-pielegnacja-twarzy-dermokosmetyki","9":"product_brand-nuxe","10":"product_cat-primavera","12":"first","13":"outofstock","14":"taxable","15":"shipping-taxable","16":"product-type-simple"},"acf":[],"_links":{"self":[{"href":"https:\/\/premino.pl\/index.php?rest_route=\/wp\/v2\/product\/41197","targetHints":{"allow":["GET"]}}],"collection":[{"href":"https:\/\/premino.pl\/index.php?rest_route=\/wp\/v2\/product"}],"about":[{"href":"https:\/\/premino.pl\/index.php?rest_route=\/wp\/v2\/types\/product"}],"replies":[{"embeddable":true,"href":"https:\/\/premino.pl\/index.php?rest_route=%2Fwp%2Fv2%2Fcomments&post=41197"}],"wp:featuredmedia":[{"embeddable":true,"href":"https:\/\/premino.pl\/index.php?rest_route=\/wp\/v2\/media\/41198"}],"wp:attachment":[{"href":"https:\/\/premino.pl\/index.php?rest_route=%2Fwp%2Fv2%2Fmedia&parent=41197"}],"wp:term":[{"taxonomy":"kategoria-hurtowni","embeddable":true,"href":"https:\/\/premino.pl\/index.php?rest_route=%2Fwp%2Fv2%2Fkategoria-hurtowni&post=41197"},{"taxonomy":"product_brand","embeddable":true,"href":"https:\/\/premino.pl\/index.php?rest_route=%2Fwp%2Fv2%2Fproduct_brand&post=41197"},{"taxonomy":"product_cat","embeddable":true,"href":"https:\/\/premino.pl\/index.php?rest_route=%2Fwp%2Fv2%2Fproduct_cat&post=41197"},{"taxonomy":"product_tag","embeddable":true,"href":"https:\/\/premino.pl\/index.php?rest_route=%2Fwp%2Fv2%2Fproduct_tag&post=41197"}],"curies":[{"name":"wp","href":"https:\/\/api.w.org\/{rel}","templated":true}]}}