{"id":43524,"date":"2026-04-17T17:15:06","date_gmt":"2026-04-17T15:15:06","guid":{"rendered":"https:\/\/premino.pl\/produkt\/pet-care-9-olejek-cbd-dla-zwierzat-10ml\/"},"modified":"2026-04-17T17:15:27","modified_gmt":"2026-04-17T15:15:27","slug":"pet-care-9-olejek-cbd-dla-zwierzat-10ml","status":"publish","type":"product","link":"https:\/\/premino.pl\/?product=pet-care-9-olejek-cbd-dla-zwierzat-10ml","title":{"rendered":"Pet Care 9% olejek CBD dla zwierz\u0105t 10ml"},"content":{"rendered":"<p>Pet  Care to klasyka gatunku. Krople dla zwierz\u0105t bogate w olej z ekstrakcji  makuchu konopnego na bazie oleju z \u0142ososia t\u0142oczonego na zimno. Ich  prozdrowotne w\u0142a\u015bciwo\u015bci zapewni\u0105 Twojemu zwierzakowi spok\u00f3j i wp\u0142yn\u0105  pozytywnie neuroplastyczno\u015b\u0107 jego uk\u0142adu nerwowego.<\/p>\n<p><b>Dawkowanie:\u00a0\u00a0<br \/><\/b>Pet Care 9% &#8211; 1 kropla na ka\u017cde 3 kg masy. Dzienna dawka kannabinoid\u00f3w nie powinna przekroczy\u0107 2mg na ka\u017cdy 1kg masy cia\u0142a zwierz\u0119cia.\u00a0<\/p>\n<p><strong>Gramatura:<\/strong> ml<br \/>\n<strong>Pojemno\u015b\u0107:<\/strong> 10<br \/>\n<strong>P\u0142e\u0107:<\/strong> unisex<br \/>\n<strong>Zestaw:<\/strong> nie<\/p>\n<p><strong>Uwagi:<\/strong><\/p>\n<p>Dzienna dawka kannabinoid\u00f3w nie powinna przekroczy\u0107 2mg na ka\u017cdy 1kg masy cia\u0142a zwierz\u0119cia.<\/p>\n<p><strong>Sk\u0142adniki:<\/strong><\/p>\n<p>olej z \u0142ososia norweskiego t\u0142oczony na zimno (99%), wyci\u0105g z konopi w\u0142\u00f3knistych (CBD \u2013 775 mg w opakowaniu), ekstrakt z rozmarynu<\/p>\n","protected":false},"excerpt":{"rendered":"<p> <strong>Gramatura:<\/strong> ml<br \/>  <strong>Pojemno\u015b\u0107:<\/strong> 10<br \/>  <strong>P\u0142e\u0107:<\/strong> unisex<br \/>  <strong>Zestaw:<\/strong> nie <\/p>\n","protected":false},"featured_media":43525,"comment_status":"open","ping_status":"closed","template":"","meta":{"_acf_changed":false},"kategoria-hurtowni":[335,191],"product_brand":[512],"product_cat":[76],"product_tag":[],"class_list":{"0":"post-43524","1":"product","2":"type-product","3":"status-publish","4":"has-post-thumbnail","6":"kategoria-hurtowni-artykuly-dla-zwierzat","7":"kategoria-hurtowni-dom","8":"product_brand-green-paw","9":"product_cat-primavera","11":"first","12":"outofstock","13":"taxable","14":"shipping-taxable","15":"product-type-simple"},"acf":[],"_links":{"self":[{"href":"https:\/\/premino.pl\/index.php?rest_route=\/wp\/v2\/product\/43524","targetHints":{"allow":["GET"]}}],"collection":[{"href":"https:\/\/premino.pl\/index.php?rest_route=\/wp\/v2\/product"}],"about":[{"href":"https:\/\/premino.pl\/index.php?rest_route=\/wp\/v2\/types\/product"}],"replies":[{"embeddable":true,"href":"https:\/\/premino.pl\/index.php?rest_route=%2Fwp%2Fv2%2Fcomments&post=43524"}],"wp:featuredmedia":[{"embeddable":true,"href":"https:\/\/premino.pl\/index.php?rest_route=\/wp\/v2\/media\/43525"}],"wp:attachment":[{"href":"https:\/\/premino.pl\/index.php?rest_route=%2Fwp%2Fv2%2Fmedia&parent=43524"}],"wp:term":[{"taxonomy":"kategoria-hurtowni","embeddable":true,"href":"https:\/\/premino.pl\/index.php?rest_route=%2Fwp%2Fv2%2Fkategoria-hurtowni&post=43524"},{"taxonomy":"product_brand","embeddable":true,"href":"https:\/\/premino.pl\/index.php?rest_route=%2Fwp%2Fv2%2Fproduct_brand&post=43524"},{"taxonomy":"product_cat","embeddable":true,"href":"https:\/\/premino.pl\/index.php?rest_route=%2Fwp%2Fv2%2Fproduct_cat&post=43524"},{"taxonomy":"product_tag","embeddable":true,"href":"https:\/\/premino.pl\/index.php?rest_route=%2Fwp%2Fv2%2Fproduct_tag&post=43524"}],"curies":[{"name":"wp","href":"https:\/\/api.w.org\/{rel}","templated":true}]}}