{"id":43636,"date":"2026-04-17T17:16:35","date_gmt":"2026-04-17T15:16:35","guid":{"rendered":"https:\/\/premino.pl\/produkt\/black-diamond-cream-nawilzajacy-krem-do-twarzy-50ml\/"},"modified":"2026-04-17T17:16:50","modified_gmt":"2026-04-17T15:16:50","slug":"black-diamond-cream-nawilzajacy-krem-do-twarzy-50ml","status":"publish","type":"product","link":"https:\/\/premino.pl\/?product=black-diamond-cream-nawilzajacy-krem-do-twarzy-50ml","title":{"rendered":"Black Diamond Cream nawil\u017caj\u0105cy krem do twarzy 50ml"},"content":{"rendered":"<p>Black Diamond Cream to najbardziej skoncentrowana i luksusowa formu\u0142a marki 111SKIN, stworzona z my\u015bl\u0105 o m\u0142odziej wygl\u0105daj\u0105cej, j\u0119drniejszej i bardziej promiennej sk\u00f3rze. Bogata konsystencja sprawia, \u017ce krem idealnie nadaje si\u0119 do stosowania zar\u00f3wno na dzie\u0144, jak i na noc. Skoncentrowana formu\u0142a opiera si\u0119 na sk\u0142adnikach odnawiaj\u0105cych sk\u00f3r\u0119, inspirowanych medyczn\u0105 wiedz\u0105 dr. Yannisa, w tym Ekstrakcie z Nie\u015bmiertelnika (Everlasting Flower Extract). Zainspirowany osi\u0105gni\u0119ciami medycyny regeneracyjnej sk\u0142adnik ten przywraca syntez\u0119 kluczowego bia\u0142ka regeneracyjnego, prowadz\u0105c do odbudowy w\u0142\u00f3kien kolagenowych, poprawy g\u0119sto\u015bci sk\u00f3ry w\u0142a\u015bciwej oraz zmniejszenia wiotko\u015bci.<\/p>\n<p>Ekstrakt z Ro\u015bliny Zmartwychwstania (Resurrection Plant Extract) na\u015bladuje biomimetyczne mechanizmy odwracania proces\u00f3w starzenia na poziomie kom\u00f3rkowym, charakterystyczne dla tej ro\u015bliny. Rewitalizuje sk\u00f3r\u0119 na r\u00f3\u017cnych poziomach kom\u00f3rkowych oraz chroni kom\u00f3rki sk\u00f3ry przed zwi\u0105zanym z wiekiem pogorszeniem kondycji i stresem oksydacyjnym, zapewniaj\u0105c j\u0119drniejsz\u0105 i ja\u015bniejsz\u0105 cer\u0119.<\/p>\n<p>Te silnie dzia\u0142aj\u0105ce sk\u0142adniki wsp\u00f3\u0142pracuj\u0105 z rozja\u015bniaj\u0105cym Ekstraktem z Lukrecji, wzmacniaj\u0105c\u0105 Centell\u0105 Asiatica oraz Kwasem Hialuronowym, kt\u00f3ry intensywnie nawil\u017ca sk\u00f3r\u0119. Formu\u0142\u0119 uzupe\u0142nia unikalny kompleks dr. Yannisa \u2013 NAC Y\u00b2\u2122, zapewniaj\u0105cy intensywn\u0105 ochron\u0119 antyoksydacyjn\u0105 oraz optymalne warunki do produkcji kolagenu i poprawy elastyczno\u015bci, co przek\u0142ada si\u0119 na lepsz\u0105 tekstur\u0119 i koloryt sk\u00f3ry.<\/p>\n<p>Produkt zapewnia intensywne nawil\u017cenie, rozja\u015bnia przebarwienia, chroni przed wolnymi rodnikami, poprawia elastyczno\u015b\u0107 i struktur\u0119 sk\u00f3ry oraz redukuje widoczno\u015b\u0107 drobnych linii i zmarszczek, zapewniaj\u0105c zdrowszy i bardziej promienny wygl\u0105d.<\/p>\n<p><b>KLUCZOWE SK\u0141ADNIKI:<\/b><br \/>\u2022 NAC Y\u00b2\u2122 &#8211; autorski kompleks 111SKIN, sk\u0142adaj\u0105cy si\u0119 z witaminy C, escyny i NAC, zaprojektowany w celu wspierania produkcji glutationu, zdrowej syntezy kolagenu oraz poprawy elastyczno\u015bci sk\u00f3ry.<br \/>\u2022 NovoRetin\u2122 -ro\u015blinna alternatywa dla retinolu, kt\u00f3ra wspomaga odnow\u0119 kom\u00f3rkow\u0105, jednocze\u015bnie wspieraj\u0105c naturalny poziom witaminy A w sk\u00f3rze. Pomaga poprawi\u0107 elastyczno\u015b\u0107 i g\u0119sto\u015b\u0107 sk\u00f3ry, widocznie zmniejsza pory i niedoskona\u0142o\u015bci oraz redukuje widoczno\u015b\u0107 zmarszczek.<br \/>\u2022 Ekstrakt z Nie\u015bmiertelnika (Everlasting Flower Extract) &#8211; wspiera macierz kolagenow\u0105 sk\u00f3ry, ukierunkowuj\u0105c dzia\u0142anie na problemy zwi\u0105zane z utrat\u0105 j\u0119drno\u015bci, takie jak opadanie sk\u00f3ry i zmarszczki.<\/p>\n<p><b>SPOS\u00d3B U\u017bYCIA:\u00a0<\/b><br \/>Krok 1: Na\u0142\u00f3\u017c ilo\u015b\u0107 produktu wielko\u015bci ziarnka grochu, r\u00f3wnomiernie rozprowadzaj\u0105c go mi\u0119dzy opuszkami palc\u00f3w.<br \/>Krok 2: Aplikuj produkt na sk\u00f3r\u0119, wykonuj\u0105c delikatne, koliste ruchy ku g\u00f3rze.<br \/>Krok 3: Nast\u0119pnie na\u0142\u00f3\u017c kolejn\u0105 porcj\u0119 wielko\u015bci ziarnka grochu na szyj\u0119, zaczynaj\u0105c od obojczyk\u00f3w i kieruj\u0105c si\u0119 ku g\u00f3rze, w stron\u0119 brody.<\/p>\n<p><strong>Dzia\u0142anie:<\/strong> nawil\u017caj\u0105ce, redukuje zmarszczki, roz\u015bwietlaj\u0105ce, uelastycznia, wyg\u0142adza, zmi\u0119kcza<br \/>\n<strong>Gramatura:<\/strong> ml<br \/>\n<strong>Konsystencja:<\/strong> krem<br \/>\n<strong>Linie elitarne:<\/strong> tak<br \/>\n<strong>Piel\u0119gnacja specyficzna:<\/strong> nie<br \/>\n<strong>Pojemno\u015b\u0107:<\/strong> 50<br \/>\n<strong>Pora stosowania:<\/strong> dowolnie<br \/>\n<strong>P\u0142e\u0107:<\/strong> damski<br \/>\n<strong>Rodzaj sk\u00f3ry:<\/strong> dojrza\u0142a, wysuszona<br \/>\n<strong>S\u0142o\u0144ce:<\/strong> nie<br \/>\n<strong>Typ sk\u00f3ry:<\/strong> normalna, sucha<\/p>\n<p><strong>Uwagi:<\/strong><\/p>\n<p>W przypadku dostania si\u0119 do oczu, natychmiast przemyj je du\u017c\u0105 ilo\u015bci\u0105 czystej wody i je\u015bli wyst\u0105pi podra\u017cnienie, skonsultuj si\u0119 z lekarzem.<\/p>\n<p><strong>Sk\u0142adniki:<\/strong><\/p>\n<p>AQUA \/WATER \/ EAU, ISOPROPYL MYRISTATE, HYDROGENATED VEGETABLE OIL, GLYCERIN, CETEARYL ALCOHOL, CAPRYLIC\/CAPRIC TRIGLYCERIDE, GLYCERYL STEARATE, PEG-100 STEARATE, NIACINAMIDE, SODIUM ASCORBYL PHOSPHATE, ACETYL CYSTEINE, AESCULUS HIPPOCASTANUM (HORSE CHESTNUT \/ MARRON) SEED EXTRACT, ESCIN, DIAMOND POWDER, PISTACIA LENTISCUS (MASTIC) GUM, HELICHRYSUM STOECHAS (EVERLASTING FLOWER \/ FLEUR \u00c9TERNELLE) EXTRACT, GLYCYRRHIZA GLABRA (LIQUORICE \/ R\u00c9GLISSE) ROOT EXTRACT, SODIUM HYALURONATE, HABERLEA RHODOPENSIS (RESURRECTION PLANT \/ PLANTE DE R\u00c9SURRECTION) LEAF EXTRACT, CENTELLA ASIATICA (GOTU KOLA) EXTRACT, PRUNUS ARMENIACA (APRICOT \/ ABRICOT) KERNEL OIL, HEXAPEPTIDE-2, PENTYLENE GLYCOL, GLYCERYL STEARATE CITRATE, HYDROXYACETOPHENONE, BUTYLENE GLYCOL, 1,2-HEXANEDIOL, CAPRYLYL GLYCOL, KAOLIN, SIMMONDSIA CHINENSIS (JOJOBA) SEED OIL, CARBOMER, XANTHAN GUM, LECITHIN, CITRIC ACID, POLYGLYCERYL-6 LAURATE, POLYGLYCERYL-10 OLEATE, GLYCERYL CAPRYLATE\/CAPRATE, SORBITAN PALMITATE, SOY ISOFLAVONES, BETA-SITOSTEROL, GLYCOSPHINGOLIPIDS, SODIUM BENZOATE, LACTIC ACID, POTASSIUM SORBATE, PARFUM \/ FRAGRANCE.<\/p>\n","protected":false},"excerpt":{"rendered":"<p> <strong>Dzia\u0142anie:<\/strong> nawil\u017caj\u0105ce, redukuje zmarszczki, roz\u015bwietlaj\u0105ce, uelastycznia, wyg\u0142adza, zmi\u0119kcza<br \/>  <strong>Gramatura:<\/strong> ml<br \/>  <strong>Konsystencja:<\/strong> krem<br \/>  <strong>Linie elitarne:<\/strong> tak<br \/>  <strong>Piel\u0119gnacja specyficzna:<\/strong> nie<br \/>  <strong>Pojemno\u015b\u0107:<\/strong> 50<br \/>  <strong>Pora stosowania:<\/strong> dowolnie<br \/>  <strong>P\u0142e\u0107:<\/strong> damski<br \/>  <strong>Rodzaj sk\u00f3ry:<\/strong> dojrza\u0142a, wysuszona<br \/>  <strong>S\u0142o\u0144ce:<\/strong> nie<br \/>  <strong>Typ sk\u00f3ry:<\/strong> normalna, sucha <\/p>\n","protected":false},"featured_media":43637,"comment_status":"open","ping_status":"closed","template":"","meta":{"_acf_changed":false},"kategoria-hurtowni":[90,109,110],"product_brand":[519],"product_cat":[76],"product_tag":[],"class_list":{"0":"post-43636","1":"product","2":"type-product","3":"status-publish","4":"has-post-thumbnail","6":"kategoria-hurtowni-pielegnacja","7":"kategoria-hurtowni-pielegnacja-twarzy-pielegnacja","8":"kategoria-hurtowni-twarz-pielegnacja-twarzy-pielegnacja","9":"product_brand-111skin","10":"product_cat-primavera","12":"first","13":"outofstock","14":"taxable","15":"shipping-taxable","16":"product-type-simple"},"acf":[],"_links":{"self":[{"href":"https:\/\/premino.pl\/index.php?rest_route=\/wp\/v2\/product\/43636","targetHints":{"allow":["GET"]}}],"collection":[{"href":"https:\/\/premino.pl\/index.php?rest_route=\/wp\/v2\/product"}],"about":[{"href":"https:\/\/premino.pl\/index.php?rest_route=\/wp\/v2\/types\/product"}],"replies":[{"embeddable":true,"href":"https:\/\/premino.pl\/index.php?rest_route=%2Fwp%2Fv2%2Fcomments&post=43636"}],"wp:featuredmedia":[{"embeddable":true,"href":"https:\/\/premino.pl\/index.php?rest_route=\/wp\/v2\/media\/43637"}],"wp:attachment":[{"href":"https:\/\/premino.pl\/index.php?rest_route=%2Fwp%2Fv2%2Fmedia&parent=43636"}],"wp:term":[{"taxonomy":"kategoria-hurtowni","embeddable":true,"href":"https:\/\/premino.pl\/index.php?rest_route=%2Fwp%2Fv2%2Fkategoria-hurtowni&post=43636"},{"taxonomy":"product_brand","embeddable":true,"href":"https:\/\/premino.pl\/index.php?rest_route=%2Fwp%2Fv2%2Fproduct_brand&post=43636"},{"taxonomy":"product_cat","embeddable":true,"href":"https:\/\/premino.pl\/index.php?rest_route=%2Fwp%2Fv2%2Fproduct_cat&post=43636"},{"taxonomy":"product_tag","embeddable":true,"href":"https:\/\/premino.pl\/index.php?rest_route=%2Fwp%2Fv2%2Fproduct_tag&post=43636"}],"curies":[{"name":"wp","href":"https:\/\/api.w.org\/{rel}","templated":true}]}}