{"id":43970,"date":"2026-04-17T17:21:15","date_gmt":"2026-04-17T15:21:15","guid":{"rendered":"https:\/\/premino.pl\/produkt\/trichologis-stymulujacy-szampon-przeciw-wypadaniu-wlosow-300ml\/"},"modified":"2026-04-17T17:21:49","modified_gmt":"2026-04-17T15:21:49","slug":"trichologis-stymulujacy-szampon-przeciw-wypadaniu-wlosow-300ml","status":"publish","type":"product","link":"https:\/\/premino.pl\/?product=trichologis-stymulujacy-szampon-przeciw-wypadaniu-wlosow-300ml","title":{"rendered":"Trichologis stymuluj\u0105cy szampon przeciw wypadaniu w\u0142os\u00f3w 300ml"},"content":{"rendered":"<p>Stymuluj\u0105cy szampon przeciw wypadaniu w\u0142os\u00f3w\u00a0to zaawansowana formu\u0142a stworzona z my\u015bl\u0105 o w\u0142osach os\u0142abionych i sk\u0142onnych do wypadania. Zawarte sk\u0142adniki aktywne wspieraj\u0105 naturalny wzrost i stymuluj\u0105 cebulki w\u0142os\u00f3w. Dermokosmetyk dzia\u0142a oczyszczaj\u0105co, pomagaj\u0105c utrzyma\u0107 zdrow\u0105 sk\u00f3r\u0119 g\u0142owy, co zapewnia lepsze przenikanie sk\u0142adnik\u00f3w aktywnych. Regularne stosowanie wraz z pozosta\u0142ymi produktami z serii wzmacnia w\u0142osy i przywraca ich naturaln\u0105 g\u0119sto\u015b\u0107.<\/p>\n<p><b>DZIA\u0141ANIE:<\/b><br \/>\u2022\u00a03% niacynamidu\u00a0dzi\u0119ki dzia\u0142aniu antyoksydacyjnemu chroni kom\u00f3rki przed stresem oksydacyjnym, kt\u00f3ry mo\u017ce os\u0142abia\u0107 cebulki w\u0142osowe. \u0141agodzi podra\u017cnienia, wspiera barier\u0119 hydrolipidow\u0105 sk\u00f3ry, poprawia jej elastyczno\u015b\u0107 i poziom nawil\u017cenia, po\u015brednio wspieraj\u0105c wzrost w\u0142os\u00f3w.<br \/>\u2022\u00a0Witamina B6\u00a0dzia\u0142a \u0142agodz\u0105co, redukuje dyskomfort i wspiera r\u00f3wnowag\u0119 nask\u00f3rka. Chroni i wzmacnia barier\u0119 sk\u00f3ry, wspomaga metabolizm aminokwas\u00f3w niezb\u0119dnych do syntezy keratyny \u2013 podstawowego budulca w\u0142osa.<br \/>\u2022\u00a0Kwas szikimowy\u00a0\u0142\u0105czy delikatne w\u0142a\u015bciwo\u015bci keratolityczne z dzia\u0142aniem wspieraj\u0105cym wzrost w\u0142os\u00f3w. Dzia\u0142a seboreguluj\u0105co, usuwa martwe kom\u00f3rki nask\u00f3rka i nadmiar sebum, udra\u017cniaj\u0105c uj\u015bcia mieszk\u00f3w w\u0142osowych oraz wspieraj\u0105c r\u00f3wnowag\u0119 sk\u00f3ry g\u0142owy.<br \/>\u2022\u00a0Fermentowany ekstrakt z \u017ce\u0144-szenia\u00a0jako silny antyoksydant chroni sk\u00f3r\u0119 g\u0142owy i w\u0142osy przed wolnymi rodnikami. Wykazuje w\u0142a\u015bciwo\u015bci regeneruj\u0105ce i \u0142agodz\u0105ce, wspieraj\u0105c zdrowy i silny wzrost w\u0142os\u00f3w.<\/p>\n<p><b>SPOS\u00d3B U\u017bYCIA:<br \/><\/b>Odpowiedni\u0105 ilo\u015b\u0107 szamponu nanie\u015b na wilgotn\u0105 sk\u00f3r\u0119 g\u0142owy i opuszkami palc\u00f3w wykonaj delikatny, 2\u20133\u2011minutowy masa\u017c pod w\u0142os. Dok\u0142adnie sp\u0142ucz letni\u0105 wod\u0105. Powt\u00f3rz proces mycia.<\/p>\n<p><strong>Gramatura:<\/strong> ml<br \/>\n<strong>Henna:<\/strong> nie<br \/>\n<strong>Konsystencja:<\/strong> szampon<br \/>\n<strong>Linie elitarne:<\/strong> nie<br \/>\n<strong>Pojemno\u015b\u0107:<\/strong> 300<br \/>\n<strong>P\u0142e\u0107:<\/strong> unisex<br \/>\n<strong>S\u0142o\u0144ce:<\/strong> nie<\/p>\n<p><strong>Uwagi:<\/strong><\/p>\n<p>W przypadku kontaktu dermokosmetyku z oczami, obficie przemyj je wod\u0105.\u00a0Przechowywa\u0107 w suchym i zaciemnionym miejscu, w temperaturze pokojowej.<\/p>\n<p><strong>Sk\u0142adniki:<\/strong><\/p>\n<p>Aqua, Coco-Glucoside, Sodium Coco-Sulfate, Propanediol, Cocamidopropyl Hydroxysultaine, Niacinamide,Betaine, Shikimic Acid, Pyridoxine HCl, Panax Ginseng Root Extract, Saccharomyces Ferment Filtrate, Caffeine,Panthenol, Arginine, Glycerin, Guar Hydroxypropyltrimonium Chloride, Cyamopsis Tetragonoloba Gum, Xanthan Gum, Lecithin, Sclerotium Gum, Agar, Butylene Glycol, Sodium Levulinate, Levulinic Acid.<\/p>\n","protected":false},"excerpt":{"rendered":"<p> <strong>Gramatura:<\/strong> ml<br \/>  <strong>Henna:<\/strong> nie<br \/>  <strong>Konsystencja:<\/strong> szampon<br \/>  <strong>Linie elitarne:<\/strong> nie<br \/>  <strong>Pojemno\u015b\u0107:<\/strong> 300<br \/>  <strong>P\u0142e\u0107:<\/strong> unisex<br \/>  <strong>S\u0142o\u0144ce:<\/strong> nie <\/p>\n","protected":false},"featured_media":43971,"comment_status":"open","ping_status":"closed","template":"","meta":{"_acf_changed":false},"kategoria-hurtowni":[211,217],"product_brand":[441],"product_cat":[76],"product_tag":[],"class_list":{"0":"post-43970","1":"product","2":"type-product","3":"status-publish","4":"has-post-thumbnail","6":"kategoria-hurtowni-dermokosmetyki","7":"kategoria-hurtowni-pielegnacja-wlosy-dermokosmetyki","8":"product_brand-basiclab","9":"product_cat-primavera","11":"first","12":"outofstock","13":"taxable","14":"shipping-taxable","15":"product-type-simple"},"acf":[],"_links":{"self":[{"href":"https:\/\/premino.pl\/index.php?rest_route=\/wp\/v2\/product\/43970","targetHints":{"allow":["GET"]}}],"collection":[{"href":"https:\/\/premino.pl\/index.php?rest_route=\/wp\/v2\/product"}],"about":[{"href":"https:\/\/premino.pl\/index.php?rest_route=\/wp\/v2\/types\/product"}],"replies":[{"embeddable":true,"href":"https:\/\/premino.pl\/index.php?rest_route=%2Fwp%2Fv2%2Fcomments&post=43970"}],"wp:featuredmedia":[{"embeddable":true,"href":"https:\/\/premino.pl\/index.php?rest_route=\/wp\/v2\/media\/43971"}],"wp:attachment":[{"href":"https:\/\/premino.pl\/index.php?rest_route=%2Fwp%2Fv2%2Fmedia&parent=43970"}],"wp:term":[{"taxonomy":"kategoria-hurtowni","embeddable":true,"href":"https:\/\/premino.pl\/index.php?rest_route=%2Fwp%2Fv2%2Fkategoria-hurtowni&post=43970"},{"taxonomy":"product_brand","embeddable":true,"href":"https:\/\/premino.pl\/index.php?rest_route=%2Fwp%2Fv2%2Fproduct_brand&post=43970"},{"taxonomy":"product_cat","embeddable":true,"href":"https:\/\/premino.pl\/index.php?rest_route=%2Fwp%2Fv2%2Fproduct_cat&post=43970"},{"taxonomy":"product_tag","embeddable":true,"href":"https:\/\/premino.pl\/index.php?rest_route=%2Fwp%2Fv2%2Fproduct_tag&post=43970"}],"curies":[{"name":"wp","href":"https:\/\/api.w.org\/{rel}","templated":true}]}}