{"id":43972,"date":"2026-04-17T17:21:15","date_gmt":"2026-04-17T15:21:15","guid":{"rendered":"https:\/\/premino.pl\/produkt\/trichologis-seboregulujacy-peeling-do-tlustej-i-wrazliwej-skory-glowy-150ml\/"},"modified":"2026-04-17T17:21:50","modified_gmt":"2026-04-17T15:21:50","slug":"trichologis-seboregulujacy-peeling-do-tlustej-i-wrazliwej-skory-glowy-150ml","status":"publish","type":"product","link":"https:\/\/premino.pl\/?product=trichologis-seboregulujacy-peeling-do-tlustej-i-wrazliwej-skory-glowy-150ml","title":{"rendered":"Trichologis seboreguluj\u0105cy peeling do t\u0142ustej i wra\u017cliwej sk\u00f3ry g\u0142owy 150ml"},"content":{"rendered":"<p>Specjalistyczny peeling w \u017celu przeznaczony do sk\u00f3ry g\u0142owy z problemem  \u0142upie\u017cu i tendencj\u0105 do nadmiernego przet\u0142uszczania. Dermokosmetyk dog\u0142\u0119bnie  oczyszcza uj\u015bcia mieszk\u00f3w w\u0142osowych, jednocze\u015bnie \u0142agodz\u0105c stany mikrozapalne  i uczucie sw\u0119dzenia. Idealny dla sk\u00f3ry g\u0142owy t\u0142ustej, wra\u017cliwej i  \u0142ojotokowej.<\/p>\n<p>    Potwierdzona skuteczno\u015b\u0107 w badaniach aparaturowych i aplikacyjnych. <br \/>    Dermokosmetyk posiada pozytywn\u0105 opini\u0119 trychologa. Zosta\u0142 przebadany na  sk\u00f3rze wra\u017cliwej.<\/p>\n<p><b>    Dzia\u0142anie:<br \/><\/b>\u2022 skuteczne oczyszczenie sk\u00f3ry g\u0142owy z nadmiaru sebum i zanieczyszcze\u0144<br \/>\u2022 zmniejszenie widocznych objaw\u00f3w \u0142upie\u017cu i ograniczenie jego nawrot\u00f3w<br \/>\u2022 z\u0142uszczenie zrogowacia\u0142ego nask\u00f3rka i udro\u017cnienie uj\u015b\u0107 mieszk\u00f3w w\u0142osowych<br \/>\u2022 zmniejszenie uczucia sw\u0119dzenia<\/p>\n<p><b>G\u0142\u00f3wne sk\u0142adniki aktywne:<br \/><\/b>\u2022 5% ficyny \u2013 ro\u015blinny enzym proteolityczny, kt\u00f3ry delikatnie usuwa martwe  kom\u00f3rki nask\u00f3rka. <br \/>\u2022 3% BHA (kwas salicylowy) \u2013 reguluje prac\u0119 gruczo\u0142\u00f3w \u0142ojowych i efektywnie  oczyszcza uj\u015bcia mieszk\u00f3w w\u0142osowych. <br \/>\u2022 Tripeptyd z\u0142uszczaj\u0105cy \u2013 stymuluje proces prawid\u0142owego z\u0142uszczania  nask\u00f3rka, wyg\u0142adza i przyspiesza regeneracj\u0119 sk\u00f3ry. <br \/>\u2022 Glukozyd kwasu rozmarynowego \u2013 przynosi ukojenie, \u0142agodzi sw\u0119dzenie i  wspiera barier\u0119 hydrolipidow\u0105.<\/p>\n<p><b>Bezpiecze\u0144stwo i formu\u0142a:<\/b><br \/>\u2022 Testowany dermatologicznie: Odpowiedni dla sk\u00f3ry wra\u017cliwej.<br \/>\u2022 Bezpieczny w ci\u0105\u017cy: Mo\u017ce by\u0107 stosowany przez kobiety w ci\u0105\u017cy i karmi\u0105ce piersi\u0105.<br \/>\u2022 Formu\u0142a wega\u0144ska: 100% sk\u0142adnik\u00f3w pochodzenia ro\u015blinnego.<br \/>\u2022 Brak substancji zapachowych: Minimalizuje ryzyko podra\u017cnie\u0144.<\/p>\n<p><b>Jak stosowa\u0107? <\/b><br \/>Nanie\u015b odpowiedni\u0105 ilo\u015b\u0107 peelingu na such\u0105 sk\u00f3r\u0119 g\u0142owy, rozdzielaj\u0105c pasma  w\u0142os\u00f3w. Zwil\u017c d\u0142onie i wykonaj masa\u017c do momentu pojawienia si\u0119 delikatnej piany. Pozostaw na 15-20 minut. Dok\u0142adnie sp\u0142ucz i umyj sk\u00f3r\u0119 g\u0142owy szamponem. Cz\u0119stotliwo\u015b\u0107: Stosuj co 7-10 dni, w zale\u017cno\u015bci od potrzeb.<\/p>\n<p><strong>Gramatura:<\/strong> ml<br \/>\n<strong>Henna:<\/strong> nie<br \/>\n<strong>Konsystencja:<\/strong> peeling<br \/>\n<strong>Linie elitarne:<\/strong> nie<br \/>\n<strong>Pojemno\u015b\u0107:<\/strong> 150<br \/>\n<strong>P\u0142e\u0107:<\/strong> unisex<br \/>\n<strong>S\u0142o\u0144ce:<\/strong> nie<\/p>\n<p><strong>Uwagi:<\/strong><\/p>\n<p>Przechowywa\u0107 w suchym i zaciemnionym miejscu, w temperaturze pokojowej.<\/p>\n<p><strong>Sk\u0142adniki:<\/strong><\/p>\n<p>Sorbitol, Panthenol, Aqua, Polyglyceryl-4 Caprate, Ficin, Salicylic Acid, Acacia Senegal Gum, Saccharomyces Ferment Filtrate, Pentylene Glycol, Sodium Caproyl\/Lauroyl Lactylate, Sodium Cocoyl Glycinate, Saccharomyces\/Zinc Ferment, Albatrellus Confluens Extract, Rosmarinyl Glucoside, Hexanoyl Dipeptide-3 Norleucine Acetate, Magnesium Aspartate, Copper Gluconate, Zinc Gluconate, Arginine, Isomalt, Xanthan Gum, Triethyl Citrate, Butylene Glycol, 1,2-Hexanediol, Hydroxyacetophenone.<\/p>\n","protected":false},"excerpt":{"rendered":"<p> <strong>Gramatura:<\/strong> ml<br \/>  <strong>Henna:<\/strong> nie<br \/>  <strong>Konsystencja:<\/strong> peeling<br \/>  <strong>Linie elitarne:<\/strong> nie<br \/>  <strong>Pojemno\u015b\u0107:<\/strong> 150<br \/>  <strong>P\u0142e\u0107:<\/strong> unisex<br \/>  <strong>S\u0142o\u0144ce:<\/strong> nie <\/p>\n","protected":false},"featured_media":43973,"comment_status":"open","ping_status":"closed","template":"","meta":{"_acf_changed":false},"kategoria-hurtowni":[211,217],"product_brand":[441],"product_cat":[76],"product_tag":[],"class_list":{"0":"post-43972","1":"product","2":"type-product","3":"status-publish","4":"has-post-thumbnail","6":"kategoria-hurtowni-dermokosmetyki","7":"kategoria-hurtowni-pielegnacja-wlosy-dermokosmetyki","8":"product_brand-basiclab","9":"product_cat-primavera","11":"first","12":"outofstock","13":"taxable","14":"shipping-taxable","15":"product-type-simple"},"acf":[],"_links":{"self":[{"href":"https:\/\/premino.pl\/index.php?rest_route=\/wp\/v2\/product\/43972","targetHints":{"allow":["GET"]}}],"collection":[{"href":"https:\/\/premino.pl\/index.php?rest_route=\/wp\/v2\/product"}],"about":[{"href":"https:\/\/premino.pl\/index.php?rest_route=\/wp\/v2\/types\/product"}],"replies":[{"embeddable":true,"href":"https:\/\/premino.pl\/index.php?rest_route=%2Fwp%2Fv2%2Fcomments&post=43972"}],"wp:featuredmedia":[{"embeddable":true,"href":"https:\/\/premino.pl\/index.php?rest_route=\/wp\/v2\/media\/43973"}],"wp:attachment":[{"href":"https:\/\/premino.pl\/index.php?rest_route=%2Fwp%2Fv2%2Fmedia&parent=43972"}],"wp:term":[{"taxonomy":"kategoria-hurtowni","embeddable":true,"href":"https:\/\/premino.pl\/index.php?rest_route=%2Fwp%2Fv2%2Fkategoria-hurtowni&post=43972"},{"taxonomy":"product_brand","embeddable":true,"href":"https:\/\/premino.pl\/index.php?rest_route=%2Fwp%2Fv2%2Fproduct_brand&post=43972"},{"taxonomy":"product_cat","embeddable":true,"href":"https:\/\/premino.pl\/index.php?rest_route=%2Fwp%2Fv2%2Fproduct_cat&post=43972"},{"taxonomy":"product_tag","embeddable":true,"href":"https:\/\/premino.pl\/index.php?rest_route=%2Fwp%2Fv2%2Fproduct_tag&post=43972"}],"curies":[{"name":"wp","href":"https:\/\/api.w.org\/{rel}","templated":true}]}}