{"id":43978,"date":"2026-04-17T17:21:55","date_gmt":"2026-04-17T15:21:55","guid":{"rendered":"https:\/\/premino.pl\/produkt\/capillus-wygladzajace-serum-na-koncowki-15ml\/"},"modified":"2026-04-17T17:21:57","modified_gmt":"2026-04-17T15:21:57","slug":"capillus-wygladzajace-serum-na-koncowki-15ml","status":"publish","type":"product","link":"https:\/\/premino.pl\/?product=capillus-wygladzajace-serum-na-koncowki-15ml","title":{"rendered":"Capillus wyg\u0142adzaj\u0105ce serum na ko\u0144c\u00f3wki 15ml"},"content":{"rendered":"<p>Wyg\u0142adzaj\u0105ce serum  na ko\u0144c\u00f3wki w postaci lekkiego olejku od\u017cywia i wzmacnia w\u0142osy, zwi\u0119kszaj\u0105c  ich odporno\u015b\u0107 na \u0142amanie i rozdwajanie si\u0119 ko\u0144c\u00f3wek. Skutecznie wyg\u0142adza  \u0142odygi, dodaj\u0105c im zdrowego blasku i mi\u0119kko\u015bci bez efektu obci\u0105\u017cania. Serum  u\u0142atwia rozczesywanie i stylizacj\u0119, pomagaj\u0105c ujarzmi\u0107 niesforne i pusz\u0105ce  si\u0119 w\u0142osy.<\/p>\n<p><b>DZIA\u0141ANIE:<\/b><br \/>\u2022 2% oleju abisy\u0144skiego bogatego w nienasycone kwasy t\u0142uszczowe z \u0142atwo\u015bci\u0105  zregeneruje w\u0142osy, przywracaj\u0105c im po\u0142ysk i g\u0142adko\u015b\u0107. Pomaga wyg\u0142adzi\u0107  odstaj\u0105ce i pusz\u0105ce si\u0119 kosmyki bez obci\u0105\u017cania ich. U\u0142atwia rozczesywanie i  przeciwdzia\u0142a \u0142amliwo\u015bci.<br \/>    \u2022 Ceramidy, naturalne budulce w\u0142os\u00f3w, wspieraj\u0105 ich regeneracj\u0119 np. po  zabiegach chemicznych. Intensywnie od\u017cywiaj\u0105 i wzmacniaj\u0105 \u0142odygi w\u0142osa.<br \/>    \u2022 Fitosterole zabezpieczaj\u0105 przed utrat\u0105 wilgoci, sprawiaj\u0105 \u017ce w\u0142osy s\u0105  przyjemne w dotyku i wyg\u0142adzone.<br \/>    \u2022 Kompozycja naturalnych olej\u00f3w (arganowego, lnianego, macadamia, awokado,  kokosowego, s\u0142onecznikowego i oliwnego) to po\u0142\u0105czenie wielu kwas\u00f3w  t\u0142uszczowych o r\u00f3\u017cnej d\u0142ugo\u015bci \u0142a\u0144cucha, dzi\u0119ki czemu skutecznie wyg\u0142adza  w\u0142osy o r\u00f3\u017cnej porowato\u015bci, efektywnie zapobiegaj\u0105c przesuszaniu i \u0142amaniu  si\u0119 w\u0142os\u00f3w. Od\u017cywia i wzmacnia ko\u0144c\u00f3wki, zabezpieczaj\u0105c je przed  rozdwajaniem.<\/p>\n<p><b>    WSKAZANIA:<\/b><br \/>    \u2022 ka\u017cdy rodzaj porowato\u015bci<br \/>    \u2022 codzienna ochrona przed uszkodzeniami mechanicznymi powsta\u0142ymi np.  podczas czesania i stylizacji<br \/>    \u2022 zabezpieczenie ko\u0144c\u00f3wek przed rozdwajaniem<br \/>    \u2022 wyg\u0142adzenie i od\u017cywienie w\u0142os\u00f3w zniszczonych np. zabiegami chemicznymi<\/p>\n<p><b>SPOS\u00d3B U\u017bYCIA:<br \/><\/b>Na umyte, wilgotne ko\u0144c\u00f3wki w\u0142os\u00f3w, na\u0142\u00f3\u017c ilo\u015b\u0107 serum dostosowan\u0105 do ich d\u0142ugo\u015bci i g\u0119sto\u015bci. W razie potrzeby produkt mo\u017cesz tak\u017ce stosowa\u0107 na suche pasma, dok\u0142adaj\u0105c po kilka kropli kosmetyku, a\u017c do uzyskania zadowalaj\u0105cego efektu.<\/p>\n<p><strong>Gramatura:<\/strong> ml<br \/>\n<strong>Henna:<\/strong> nie<br \/>\n<strong>Konsystencja:<\/strong> emulsja<br \/>\n<strong>Linie elitarne:<\/strong> nie<br \/>\n<strong>Pojemno\u015b\u0107:<\/strong> 15<br \/>\n<strong>P\u0142e\u0107:<\/strong> damski<br \/>\n<strong>S\u0142o\u0144ce:<\/strong> nie<\/p>\n<p><strong>Uwagi:<\/strong><\/p>\n<p>W przypadku kontaktu z oczami, obficie przemyj je wod\u0105. Przechowywa\u0107 w suchym i zaciemnionym miejscu, w temperaturze pokojowej.<\/p>\n<p><strong>Sk\u0142adniki:<\/strong><\/p>\n<p>Dicaprylyl Ether, Ethylhexyl Pelargonate, Silybum Marianum Ethyl Ester, Crambe Abyssinica Seed Oil, Tripelargonin, Phytosteryl Macadamiate, Phytosterols, Ceramide AP, Ceramide NP, Linum Usitatissimum (Linseed) Seed Oil, Jojoba Oil\/Macadamia Seed Oil Esters, Squalane, Helianthus Annuus (Sunflower) Seed Oil, Macadamia Ternifolia Seed Oil, Persea Gratissima (Avocado) Oil, Argania Spinosa Kernel Oil, Olea Europaea (Olive) Fruit Oil, Cocos Nucifera (Coconut) Oil, Squalene, Meadown Estolide, Rosmarinus Officinalis (Rosemary) Leaf Extract, Tocopherol, Parfum.<\/p>\n","protected":false},"excerpt":{"rendered":"<p> <strong>Gramatura:<\/strong> ml<br \/>  <strong>Henna:<\/strong> nie<br \/>  <strong>Konsystencja:<\/strong> emulsja<br \/>  <strong>Linie elitarne:<\/strong> nie<br \/>  <strong>Pojemno\u015b\u0107:<\/strong> 15<br \/>  <strong>P\u0142e\u0107:<\/strong> damski<br \/>  <strong>S\u0142o\u0144ce:<\/strong> nie <\/p>\n","protected":false},"featured_media":43979,"comment_status":"open","ping_status":"closed","template":"","meta":{"_acf_changed":false},"kategoria-hurtowni":[211,217],"product_brand":[441],"product_cat":[76],"product_tag":[],"class_list":{"0":"post-43978","1":"product","2":"type-product","3":"status-publish","4":"has-post-thumbnail","6":"kategoria-hurtowni-dermokosmetyki","7":"kategoria-hurtowni-pielegnacja-wlosy-dermokosmetyki","8":"product_brand-basiclab","9":"product_cat-primavera","11":"first","12":"outofstock","13":"taxable","14":"shipping-taxable","15":"product-type-simple"},"acf":[],"_links":{"self":[{"href":"https:\/\/premino.pl\/index.php?rest_route=\/wp\/v2\/product\/43978","targetHints":{"allow":["GET"]}}],"collection":[{"href":"https:\/\/premino.pl\/index.php?rest_route=\/wp\/v2\/product"}],"about":[{"href":"https:\/\/premino.pl\/index.php?rest_route=\/wp\/v2\/types\/product"}],"replies":[{"embeddable":true,"href":"https:\/\/premino.pl\/index.php?rest_route=%2Fwp%2Fv2%2Fcomments&post=43978"}],"wp:featuredmedia":[{"embeddable":true,"href":"https:\/\/premino.pl\/index.php?rest_route=\/wp\/v2\/media\/43979"}],"wp:attachment":[{"href":"https:\/\/premino.pl\/index.php?rest_route=%2Fwp%2Fv2%2Fmedia&parent=43978"}],"wp:term":[{"taxonomy":"kategoria-hurtowni","embeddable":true,"href":"https:\/\/premino.pl\/index.php?rest_route=%2Fwp%2Fv2%2Fkategoria-hurtowni&post=43978"},{"taxonomy":"product_brand","embeddable":true,"href":"https:\/\/premino.pl\/index.php?rest_route=%2Fwp%2Fv2%2Fproduct_brand&post=43978"},{"taxonomy":"product_cat","embeddable":true,"href":"https:\/\/premino.pl\/index.php?rest_route=%2Fwp%2Fv2%2Fproduct_cat&post=43978"},{"taxonomy":"product_tag","embeddable":true,"href":"https:\/\/premino.pl\/index.php?rest_route=%2Fwp%2Fv2%2Fproduct_tag&post=43978"}],"curies":[{"name":"wp","href":"https:\/\/api.w.org\/{rel}","templated":true}]}}