{"id":43986,"date":"2026-04-17T17:21:55","date_gmt":"2026-04-17T15:21:55","guid":{"rendered":"https:\/\/premino.pl\/produkt\/capillus-odzywka-odbudowujaca-250ml\/"},"modified":"2026-04-17T17:22:02","modified_gmt":"2026-04-17T15:22:02","slug":"capillus-odzywka-odbudowujaca-250ml","status":"publish","type":"product","link":"https:\/\/premino.pl\/?product=capillus-odzywka-odbudowujaca-250ml","title":{"rendered":"Capillus od\u017cywka odbudowuj\u0105ca 250ml"},"content":{"rendered":"<p>Od\u017cywka  odbudowuj\u0105ca to bogata formu\u0142a, skoncentrowana na wzmocnieniu i regeneracji  \u0142odygi w\u0142osa. Dzi\u0119ki po\u0142\u0105czeniu sk\u0142adnik\u00f3w aktywnych zapewniaj\u0105cych g\u0142\u0119bokie  nawil\u017cenie i od\u017cywienie z regeneruj\u0105cymi i odbudowuj\u0105cymi proteinami,  skutecznie przywraca w\u0142osom r\u00f3wnowag\u0119 i zdrowy wygl\u0105d. Niweluje szorstko\u015b\u0107 i  matowo\u015b\u0107, efektywnie domykaj\u0105c \u0142uski. Wyg\u0142adza i uelastycznia, redukuje  puszenie. Zwi\u0119ksza odporno\u015b\u0107 \u0142amliwych w\u0142os\u00f3w na uszkodzenia mechaniczne,  pozostawiaj\u0105c je widocznie zrewitalizowane.\u00a0<\/p>\n<p><b>DZIA\u0141ANIE:<br \/><\/b>\u2022 2% kompleksu aminokwas\u00f3w pomaga utrzyma\u0107 prawid\u0142owy poziom nawil\u017cenia, a  dzi\u0119ki ma\u0142ej masie cz\u0105steczkowej efektywniej dociera w g\u0142\u0105b \u0142odygi w\u0142os\u00f3w.  Wzmacnia struktur\u0119 w\u0142osa i zwi\u0119ksza jego odporno\u015b\u0107 na uszkodzenia, u\u0142atwia  rozczesywanie, kondycjonuje.\u00a0 <br \/>    \u2022 Hydrolizowane proteiny ry\u017cu na\u015bladuj\u0105 dzia\u0142anie naturalnej keratyny.  Uzupe\u0142niaj\u0105 ubytki w strukturze w\u0142osa, domykaj\u0105 otwarte \u0142uski, przywracaj\u0105c  im zdrowy wygl\u0105d. Zwi\u0119kszaj\u0105 odporno\u015b\u0107 w\u0142os\u00f3w na \u0142amanie, u\u0142atwiaj\u0105  rozczesywanie oraz ich codzienn\u0105 stylizacj\u0119. Niweluj\u0105 szorstko\u015b\u0107 i matowo\u015b\u0107  \u0142odygi, pozostawiaj\u0105c j\u0105 mi\u0119kk\u0105 i l\u015bni\u0105c\u0105.\u00a0  <br \/>    \u2022 Analog z ceramid\u00f3w wykazuje zbli\u017con\u0105 do ceramid\u00f3w funkcjonalno\u015b\u0107. Zwi\u0119ksza  elastyczno\u015b\u0107 w\u0142os\u00f3w, dzi\u0119ki czemu s\u0105 bardziej odporne na uszkodzenia  mechaniczne. Od\u017cywia pasma i zapewnia im optymalny poziom nawil\u017cenia,  poprawiaj\u0105c kondycj\u0119 w\u0142os\u00f3w uszkodzonych, wyg\u0142adza \u0142uski, redukuje ich  puszenie si\u0119.\u00a0 <br \/>    \u2022 Sorbitol wykazuje silne w\u0142a\u015bciwo\u015bci wi\u0105\u017c\u0105ce wod\u0119, wyp\u0142ywaj\u0105c na poziom  nawodnienia w\u0142osa. Zwi\u0119ksza po\u0142ysk oraz nadaje mi\u0119kko\u015b\u0107.<\/p>\n<p><b>    WSKAZANIA:\u00a0 <\/b><br \/>    \u2022 w\u0142osy suche, matowe i szorstkie <br \/>\u2022 brak obj\u0119to\u015bci i blasku\u00a0 <br \/>    \u2022 ka\u017cdy rodzaj porowato\u015bci, w szczeg\u00f3lno\u015bci \u015brednioporowate\u00a0 <br \/>    \u2022 w\u0142osy wymagaj\u0105ce regeneracji<\/p>\n<p><b>SPOS\u00d3B U\u017bYCIA:<br \/><\/b>Od\u017cywk\u0119 na\u0142\u00f3\u017c na umyte, wilgotne w\u0142osy. Aplikuj r\u00f3wnomiernie na \u0142odydze w\u0142osa, zachowuj\u0105c odst\u0119p od sk\u00f3ry g\u0142owy. Dok\u0142adnie rozprowad\u017a lub wczesz, pozostaw na kilka minut. Sp\u0142ucz letni\u0105 wod\u0105.<\/p>\n<p><strong>Gramatura:<\/strong> ml<br \/>\n<strong>Henna:<\/strong> nie<br \/>\n<strong>Konsystencja:<\/strong> od\u017cywka<br \/>\n<strong>Linie elitarne:<\/strong> nie<br \/>\n<strong>Pojemno\u015b\u0107:<\/strong> 250<br \/>\n<strong>P\u0142e\u0107:<\/strong> damski<br \/>\n<strong>S\u0142o\u0144ce:<\/strong> nie<\/p>\n<p><strong>Uwagi:<\/strong><\/p>\n<p>W przypadku kontaktu z oczami, obficie przemyj je wod\u0105. Przechowywa\u0107 w suchym i zaciemnionym miejscu, w temperaturze pokojowej.<\/p>\n<p><strong>Sk\u0142adniki:<\/strong><\/p>\n<p>Aqua, Cetearyl Alcohol, Vitis Vinifera Seed Oil, Sorbitol, Dibutyl Adipate, Pentylene Glycol, Orbignya Speciosa Kernel Oil, Behenamidopropyl Dimethylamine, Brassicyl Valinate Esylate, Meadowfoam Estolide, Phytantriol, Lysine, Arginine, Histidine, Serine, Astrocaryum Murumuru Seed Butter, Hydrolyzed Pea Protein, Hydrolyzed Corn Protein, Hydrolyzed Soy Protein, Hydrolyzed Rice Protein, Proline, Leucine, Glycine, Calcium Gluconate, Glutamic Acid, Tocopherol, Threonine, Valine, Aspartic Acid, Alanine, Isoleucine, Tyrosine, Phenylalanine, Glycerin, Citric Acid, Sodium Benzoate, Butylene Glycol, Levulinic Acid, Sodium Levulinate, Parfum.<\/p>\n","protected":false},"excerpt":{"rendered":"<p> <strong>Gramatura:<\/strong> ml<br \/>  <strong>Henna:<\/strong> nie<br \/>  <strong>Konsystencja:<\/strong> od\u017cywka<br \/>  <strong>Linie elitarne:<\/strong> nie<br \/>  <strong>Pojemno\u015b\u0107:<\/strong> 250<br \/>  <strong>P\u0142e\u0107:<\/strong> damski<br \/>  <strong>S\u0142o\u0144ce:<\/strong> nie <\/p>\n","protected":false},"featured_media":43987,"comment_status":"open","ping_status":"closed","template":"","meta":{"_acf_changed":false},"kategoria-hurtowni":[211,217],"product_brand":[441],"product_cat":[76],"product_tag":[],"class_list":{"0":"post-43986","1":"product","2":"type-product","3":"status-publish","4":"has-post-thumbnail","6":"kategoria-hurtowni-dermokosmetyki","7":"kategoria-hurtowni-pielegnacja-wlosy-dermokosmetyki","8":"product_brand-basiclab","9":"product_cat-primavera","11":"first","12":"outofstock","13":"taxable","14":"shipping-taxable","15":"product-type-simple"},"acf":[],"_links":{"self":[{"href":"https:\/\/premino.pl\/index.php?rest_route=\/wp\/v2\/product\/43986","targetHints":{"allow":["GET"]}}],"collection":[{"href":"https:\/\/premino.pl\/index.php?rest_route=\/wp\/v2\/product"}],"about":[{"href":"https:\/\/premino.pl\/index.php?rest_route=\/wp\/v2\/types\/product"}],"replies":[{"embeddable":true,"href":"https:\/\/premino.pl\/index.php?rest_route=%2Fwp%2Fv2%2Fcomments&post=43986"}],"wp:featuredmedia":[{"embeddable":true,"href":"https:\/\/premino.pl\/index.php?rest_route=\/wp\/v2\/media\/43987"}],"wp:attachment":[{"href":"https:\/\/premino.pl\/index.php?rest_route=%2Fwp%2Fv2%2Fmedia&parent=43986"}],"wp:term":[{"taxonomy":"kategoria-hurtowni","embeddable":true,"href":"https:\/\/premino.pl\/index.php?rest_route=%2Fwp%2Fv2%2Fkategoria-hurtowni&post=43986"},{"taxonomy":"product_brand","embeddable":true,"href":"https:\/\/premino.pl\/index.php?rest_route=%2Fwp%2Fv2%2Fproduct_brand&post=43986"},{"taxonomy":"product_cat","embeddable":true,"href":"https:\/\/premino.pl\/index.php?rest_route=%2Fwp%2Fv2%2Fproduct_cat&post=43986"},{"taxonomy":"product_tag","embeddable":true,"href":"https:\/\/premino.pl\/index.php?rest_route=%2Fwp%2Fv2%2Fproduct_tag&post=43986"}],"curies":[{"name":"wp","href":"https:\/\/api.w.org\/{rel}","templated":true}]}}