{"id":44004,"date":"2026-04-17T17:21:55","date_gmt":"2026-04-17T15:21:55","guid":{"rendered":"https:\/\/premino.pl\/produkt\/esteticus-wzmacniajace-serum-tonujace-do-skory-naczynkowej-i-wrazliwej-30ml\/"},"modified":"2026-04-17T17:22:18","modified_gmt":"2026-04-17T15:22:18","slug":"esteticus-wzmacniajace-serum-tonujace-do-skory-naczynkowej-i-wrazliwej-30ml","status":"publish","type":"product","link":"https:\/\/premino.pl\/?product=esteticus-wzmacniajace-serum-tonujace-do-skory-naczynkowej-i-wrazliwej-30ml","title":{"rendered":"Esteticus wzmacniaj\u0105ce serum tonuj\u0105ce do sk\u00f3ry naczynkowej i wra\u017cliwej 30ml"},"content":{"rendered":"<p>Wzmacniaj\u0105ce serum  tonuj\u0105ce do sk\u00f3ry naczynkowej i wra\u017cliwej dzia\u0142a wielokierunkowo zmniejszaj\u0105c  widoczno\u015b\u0107 naczy\u0144 krwiono\u015bnych poprzez wzmocnienie nask\u00f3rka. Wykazuje  dzia\u0142anie \u0142agodz\u0105ce i koj\u0105ce, przyczyniaj\u0105c si\u0119 do redukcji nadreaktywno\u015bci sk\u00f3ry  oraz stan\u00f3w mikrozapalnych. Zawarty w serum zielony pigment zamkni\u0119ty w  kapsu\u0142kach, wyr\u00f3wnuje koloryt i neutralizuje zaczerwienienia. Dermokosmetyk poprawia elastyczno\u015b\u0107,  zapewnia od\u017cywienie oraz wzmacnia barier\u0119 ochronn\u0105 sk\u00f3ry. Szybko wch\u0142aniaj\u0105ca si\u0119 formu\u0142a z efektem  ch\u0142odzenia, przynosi ulg\u0119 sk\u00f3rze, przywracaj\u0105c jej komfort i r\u00f3wnowag\u0119.<\/p>\n<p><b>DZIA\u0141ANIE:<br \/><\/b>\u2022 15% kompleksu czynnika wzrostu EGF zmniejsza negatywne skutki stresu  oksydacyjnego, kt\u00f3ry jest odpowiedzialny za degradacj\u0119 w\u0142\u00f3kien kolagenowych, elastynowych, a tak\u017ce kwasu  hialuronowego. \u0141agodzi podra\u017cnienia i stany mikrozapalne, wspieraj\u0105c regeneracj\u0119 sk\u00f3ry.<br \/>    \u2022 1% pochodnych witaminy K wspomagaj\u0105 procesy naprawcze oraz popraw\u0119  elastyczno\u015bci sk\u00f3ry. Zmniejszaj\u0105 widoczno\u015b\u0107 naczynek oraz przyczyniaj\u0105 si\u0119 do poprawy ich kondycji.  Wspieraj\u0105 regeneracj\u0119 i redukuj\u0105 nadreaktywno\u015b\u0107 sk\u00f3ry, wp\u0142ywaj\u0105c na jej  szybsze wyciszenie, po nara\u017ceniu na czynniki powoduj\u0105ce zaczerwienienie.<br \/>\u2022 CICA (w\u0105krotka azjatycka: madekasozyd, azjatykozyd oraz ekstrakt)  skutecznie koi sk\u00f3r\u0119 i poprawia nawil\u017cenie, zmniejszaj\u0105c podra\u017cnienia i stany mikrozapalne.<br \/>    Wzmacnia barier\u0119 ochronn\u0105 sk\u00f3ry, zwi\u0119kszaj\u0105c odporno\u015b\u0107 na czynniki  zewn\u0119trzne.<br \/>\u2022 Peptyd wyciszaj\u0105cy to innowacyjny tetrapeptyd, zmniejszaj\u0105cy widoczno\u015b\u0107  zaczerwienienia twarzy i teleangiektazji, spowodowanych nadmiern\u0105  reaktywno\u015bci\u0105 sk\u00f3ry.<br \/>    Dzia\u0142a hamuj\u0105co na melanogenez\u0119, przyczyniaj\u0105c si\u0119 do wyr\u00f3wnania kolorytu.  Poprawia struktur\u0119 i j\u0119drno\u015b\u0107 sk\u00f3ry.<\/p>\n<p><b>SPOS\u00d3B U\u017bYCIA:<br \/><\/b>Odpowiedni\u0105 ilo\u015b\u0107 serum (oko\u0142o 2 pompki) na\u0142\u00f3\u017c na twarz i szyj\u0119, omijaj\u0105c okolic\u0119 oczu. Stosuj rano, na oczyszczon\u0105 i such\u0105 sk\u00f3r\u0119, w zale\u017cno\u015bci od potrzeb, jako ostatnie serum w piel\u0119gnacji.<\/p>\n<p><strong>Dzia\u0142anie:<\/strong> chroni, regeneruje, \u0142agodzi podra\u017cnienia<br \/>\n<strong>Gramatura:<\/strong> ml<br \/>\n<strong>Konsystencja:<\/strong> emulsja<br \/>\n<strong>Linie elitarne:<\/strong> nie<br \/>\n<strong>Piel\u0119gnacja specyficzna:<\/strong> serum<br \/>\n<strong>Pojemno\u015b\u0107:<\/strong> 30<br \/>\n<strong>Pora stosowania:<\/strong> dzie\u0144<br \/>\n<strong>P\u0142e\u0107:<\/strong> damski<br \/>\n<strong>Rodzaj sk\u00f3ry:<\/strong> wra\u017cliwa<br \/>\n<strong>S\u0142o\u0144ce:<\/strong> nie<br \/>\n<strong>Typ sk\u00f3ry:<\/strong> mieszana\/t\u0142usta, normalna, sucha<\/p>\n<p><strong>Uwagi:<\/strong><\/p>\n<p>Unika\u0107 kontaktu z oczami.<\/p>\n<p><strong>Sk\u0142adniki:<\/strong><\/p>\n<p>Aqua, C13-15 Alkane, C9-12 Alkane, Butylene Glycol,Caprylic\/Capric Triglyceride, Pentylene Glycol, Polyglyceryl-3 Polyricinoleate, ZincOxide, Disteardimonium Hectorite, Dipentaerythrityl Hexaisononanoate, SilybumMarianum Ethyl Ester, Glycerin, CI 77891, 4-t-Butylcyclohexanol, Menthyl Lactate,C15-19 Alkane, Phytonadione Epoxide, Oligopeptide-1, Acetyl Tetrapeptide-40, Me-naquinone-7, Madecassoside, Asiaticoside, Centella Asiatica Leaf Extract, Lacto-bacillus Ferment, Coco Caprylate\/Caprate, Dicaprylyl Carbonate, Triethyl Citrate,Magnesium Sulfate, Magnesium Stearate, Dextrin Palmitate, PolyhydroxystearicAcid, Diisostearyl Malate, Cellulose Acetate, Propylene Glycol Stearate, CaprylylGlycol, Hydrogenated Lecithin, Tocopherol, Hydroxyacetophenone, CI 77288.<\/p>\n","protected":false},"excerpt":{"rendered":"<p> <strong>Dzia\u0142anie:<\/strong> chroni, regeneruje, \u0142agodzi podra\u017cnienia<br \/>  <strong>Gramatura:<\/strong> ml<br \/>  <strong>Konsystencja:<\/strong> emulsja<br \/>  <strong>Linie elitarne:<\/strong> nie<br \/>  <strong>Piel\u0119gnacja specyficzna:<\/strong> serum<br \/>  <strong>Pojemno\u015b\u0107:<\/strong> 30<br \/>  <strong>Pora stosowania:<\/strong> dzie\u0144<br \/>  <strong>P\u0142e\u0107:<\/strong> damski<br \/>  <strong>Rodzaj sk\u00f3ry:<\/strong> wra\u017cliwa<br \/>  <strong>S\u0142o\u0144ce:<\/strong> nie<br \/>  <strong>Typ sk\u00f3ry:<\/strong> mieszana\/t\u0142usta, normalna, sucha <\/p>\n","protected":false},"featured_media":44005,"comment_status":"open","ping_status":"closed","template":"","meta":{"_acf_changed":false},"kategoria-hurtowni":[211,214,215],"product_brand":[441],"product_cat":[76],"product_tag":[],"class_list":{"0":"post-44004","1":"product","2":"type-product","3":"status-publish","4":"has-post-thumbnail","6":"kategoria-hurtowni-dermokosmetyki","7":"kategoria-hurtowni-pielegnacja-twarzy-dermokosmetyki","8":"kategoria-hurtowni-twarz-pielegnacja-twarzy-dermokosmetyki","9":"product_brand-basiclab","10":"product_cat-primavera","12":"first","13":"outofstock","14":"taxable","15":"shipping-taxable","16":"product-type-simple"},"acf":[],"_links":{"self":[{"href":"https:\/\/premino.pl\/index.php?rest_route=\/wp\/v2\/product\/44004","targetHints":{"allow":["GET"]}}],"collection":[{"href":"https:\/\/premino.pl\/index.php?rest_route=\/wp\/v2\/product"}],"about":[{"href":"https:\/\/premino.pl\/index.php?rest_route=\/wp\/v2\/types\/product"}],"replies":[{"embeddable":true,"href":"https:\/\/premino.pl\/index.php?rest_route=%2Fwp%2Fv2%2Fcomments&post=44004"}],"wp:featuredmedia":[{"embeddable":true,"href":"https:\/\/premino.pl\/index.php?rest_route=\/wp\/v2\/media\/44005"}],"wp:attachment":[{"href":"https:\/\/premino.pl\/index.php?rest_route=%2Fwp%2Fv2%2Fmedia&parent=44004"}],"wp:term":[{"taxonomy":"kategoria-hurtowni","embeddable":true,"href":"https:\/\/premino.pl\/index.php?rest_route=%2Fwp%2Fv2%2Fkategoria-hurtowni&post=44004"},{"taxonomy":"product_brand","embeddable":true,"href":"https:\/\/premino.pl\/index.php?rest_route=%2Fwp%2Fv2%2Fproduct_brand&post=44004"},{"taxonomy":"product_cat","embeddable":true,"href":"https:\/\/premino.pl\/index.php?rest_route=%2Fwp%2Fv2%2Fproduct_cat&post=44004"},{"taxonomy":"product_tag","embeddable":true,"href":"https:\/\/premino.pl\/index.php?rest_route=%2Fwp%2Fv2%2Fproduct_tag&post=44004"}],"curies":[{"name":"wp","href":"https:\/\/api.w.org\/{rel}","templated":true}]}}