{"id":44071,"date":"2026-05-13T13:12:23","date_gmt":"2026-05-13T11:12:23","guid":{"rendered":"https:\/\/premino.pl\/?product=winter-moment-zel-pod-prysznic-250ml"},"modified":"2026-05-13T13:12:32","modified_gmt":"2026-05-13T11:12:32","slug":"winter-moment-zel-pod-prysznic-250ml","status":"publish","type":"product","link":"https:\/\/premino.pl\/?product=winter-moment-zel-pod-prysznic-250ml","title":{"rendered":"Winter Moment \u017cel pod prysznic 250ml"},"content":{"rendered":"<p>\u017bel pod prysznic\u00a0NIVEA\u00a0Winter Moment pozostawia sk\u00f3r\u0119 przyjemnie g\u0142adk\u0105 i mi\u0119kk\u0105 w dotyku. Zawiera witaminy C i E oraz cenne olejki, dzi\u0119ki czemu chroni sk\u00f3r\u0119 przed wysuszeniem. Codzienny \u017cel do mycia cia\u0142a\u00a0NIVEA\u00a0z olejkami ro\u015blinnymi pozostawia sk\u00f3r\u0119 zdrow\u0105 i ma delikatny zapach mas\u0142a shea, kt\u00f3ry zachwyca zmys\u0142y. Wystarczy nanie\u015b\u0107 go na mokr\u0105 sk\u00f3r\u0119 i wmasowa\u0107 w cia\u0142o przed sp\u0142ukaniem. Wolny od mikroplastiku \u017cel pod prysznic ma pH neutralne dla sk\u00f3ry, w 99% biodegradowaln\u0105 formu\u0142\u0119, jest produktem w 100% neutralnym dla klimatu i jest dost\u0119pny w butelce wykonanej w 97% z plastiku pochodz\u0105cego z recyklingu*. <\/p>\n<p>Dzi\u0119ki ponad 130-letniemu do\u015bwiadczeniu\u00a0NIVEA\u00a0jest liderem na \u015bwiatowym rynku produkt\u00f3w do piel\u0119gnacji sk\u00f3ry.<\/p>\n<p>*z wyj\u0105tkiem nakr\u0119tki i etykiety<\/p>\n<p>\u2022 Delikatny dla sk\u00f3ry, wzbogacony witaminami C i E oraz cennymi olejkami<br \/>\u2022 Pi\u0119knie zmieszany z olejem botanicznym i mas\u0142em shea<br \/>\u2022 pH neutralne dla sk\u00f3ry, bez mikroplastiku<br \/>\u2022 Formu\u0142a wolna od mikroplastiku i w 99% biodegradowalna<br \/>\u2022 Produkt w 100% zneutralizowany klimatycznie<br \/>\u2022 Tworzywo sztuczne pochodz\u0105ce w 97% z recyklingu<\/p>\n<p><b>Spos\u00f3b u\u017cycia:<br \/><\/b>We\u017a prysznic i dok\u0142adnie zwil\u017c sk\u00f3r\u0119. Na\u0142\u00f3\u017c \u017cel na ca\u0142e cia\u0142o. Wmasuj w sk\u00f3r\u0119, a nast\u0119pnie dok\u0142adnie sp\u0142ucz.<\/p>\n<p><strong>Dzia\u0142anie:<\/strong> chroni, oczyszczaj\u0105ce, od\u015bwie\u017ca, wyg\u0142adza, zmi\u0119kcza<br \/>\n<strong>Gramatura:<\/strong> ml<br \/>\n<strong>Konsystencja:<\/strong> \u017cel<br \/>\n<strong>Linie elitarne:<\/strong> nie<br \/>\n<strong>Lokalizacja:<\/strong> ca\u0142e cia\u0142o<br \/>\n<strong>Piel\u0119gnacja cia\u0142a:<\/strong> tak<br \/>\n<strong>Pojemno\u015b\u0107:<\/strong> 250<br \/>\n<strong>P\u0142e\u0107:<\/strong> damski<br \/>\n<strong>S\u0142o\u0144ce:<\/strong> nie<\/p>\n<p><strong>Uwagi:<\/strong><\/p>\n<p>Unikaj bezpo\u015bredniego kontaktu z oczami.<\/p>\n<p><strong>Sk\u0142adniki:<\/strong><\/p>\n<p>Aqua, Sodium Laureth Sulfate, Cocamidopropyl Betaine, Coco-Glucoside, Butyrospermum Parkii\u00a0Butter, Prunus Amygdalus Dulcis Oil, Vitis Vinifera Seed Oil, Sodium Ascorbyl Phosphate, Tocopherol, Glycerin, Glycol Distearate, Citric Acid, Sodium Chloride,\u00a0Hydrogenated Castor Oil, Sodium Benzoate, Benzoic Acid, Parfum<\/p>\n","protected":false},"excerpt":{"rendered":"<p> <strong>Dzia\u0142anie:<\/strong> chroni, oczyszczaj\u0105ce, od\u015bwie\u017ca, wyg\u0142adza, zmi\u0119kcza<br \/>  <strong>Gramatura:<\/strong> ml<br \/>  <strong>Konsystencja:<\/strong> \u017cel<br \/>  <strong>Linie elitarne:<\/strong> nie<br \/>  <strong>Lokalizacja:<\/strong> ca\u0142e cia\u0142o<br \/>  <strong>Piel\u0119gnacja cia\u0142a:<\/strong> tak<br \/>  <strong>Pojemno\u015b\u0107:<\/strong> 250<br \/>  <strong>P\u0142e\u0107:<\/strong> damski<br \/>  <strong>S\u0142o\u0144ce:<\/strong> nie <\/p>\n","protected":false},"featured_media":44072,"comment_status":"open","ping_status":"closed","template":"","meta":{"_acf_changed":false},"kategoria-hurtowni":[90,91],"product_brand":[92],"product_cat":[76],"product_tag":[],"class_list":{"0":"post-44071","1":"product","2":"type-product","3":"status-publish","4":"has-post-thumbnail","6":"kategoria-hurtowni-pielegnacja","7":"kategoria-hurtowni-pielegnacja-ciala","8":"product_brand-nivea","9":"product_cat-primavera","11":"first","12":"outofstock","13":"taxable","14":"shipping-taxable","15":"product-type-simple"},"acf":[],"_links":{"self":[{"href":"https:\/\/premino.pl\/index.php?rest_route=\/wp\/v2\/product\/44071","targetHints":{"allow":["GET"]}}],"collection":[{"href":"https:\/\/premino.pl\/index.php?rest_route=\/wp\/v2\/product"}],"about":[{"href":"https:\/\/premino.pl\/index.php?rest_route=\/wp\/v2\/types\/product"}],"replies":[{"embeddable":true,"href":"https:\/\/premino.pl\/index.php?rest_route=%2Fwp%2Fv2%2Fcomments&post=44071"}],"wp:featuredmedia":[{"embeddable":true,"href":"https:\/\/premino.pl\/index.php?rest_route=\/wp\/v2\/media\/44072"}],"wp:attachment":[{"href":"https:\/\/premino.pl\/index.php?rest_route=%2Fwp%2Fv2%2Fmedia&parent=44071"}],"wp:term":[{"taxonomy":"kategoria-hurtowni","embeddable":true,"href":"https:\/\/premino.pl\/index.php?rest_route=%2Fwp%2Fv2%2Fkategoria-hurtowni&post=44071"},{"taxonomy":"product_brand","embeddable":true,"href":"https:\/\/premino.pl\/index.php?rest_route=%2Fwp%2Fv2%2Fproduct_brand&post=44071"},{"taxonomy":"product_cat","embeddable":true,"href":"https:\/\/premino.pl\/index.php?rest_route=%2Fwp%2Fv2%2Fproduct_cat&post=44071"},{"taxonomy":"product_tag","embeddable":true,"href":"https:\/\/premino.pl\/index.php?rest_route=%2Fwp%2Fv2%2Fproduct_tag&post=44071"}],"curies":[{"name":"wp","href":"https:\/\/api.w.org\/{rel}","templated":true}]}}