{"id":44195,"date":"2026-05-13T13:13:08","date_gmt":"2026-05-13T11:13:08","guid":{"rendered":"https:\/\/premino.pl\/?product=le-gemme-onekh-woda-perfumowana-spray-125ml"},"modified":"2026-05-13T13:13:16","modified_gmt":"2026-05-13T11:13:16","slug":"le-gemme-onekh-woda-perfumowana-spray-125ml","status":"publish","type":"product","link":"https:\/\/premino.pl\/?product=le-gemme-onekh-woda-perfumowana-spray-125ml","title":{"rendered":"Le Gemme Onekh woda perfumowana spray 125ml"},"content":{"rendered":"<p>Onech \u2013 staro\u017cytne lewanty\u0144skie s\u0142owo oznaczaj\u0105ce onyks, kt\u00f3rego tajemnica si\u0119ga czas\u00f3w Narama, pierwszego kr\u00f3la Mezopotamii i boga ksi\u0119\u017cyca. Le Gemme Onekh to perfumy tak hipnotyzuj\u0105ce i mistyczne jak onyks, najczarniejszy z kamieni szlachetnych.<\/p>\n<p><b>Nuty zapachowe:<br \/><\/b><br \/><b>Nuta g\u0142owy: <\/b>labdanum<br \/><b>Nuta serca: <\/b>przyprawy<br \/><b>Nuta bazy: <\/b>sk\u00f3ra, \ufeffagar (oud)<\/p>\n<p><strong>Gramatura:<\/strong> ml<br \/>\n<strong>Linia k\u0105pielowa:<\/strong> nie<br \/>\n<strong>Miniatura:<\/strong> nie<br \/>\n<strong>Nuta bazy:<\/strong> sk\u00f3ra, \ufeffagar (oud)<br \/>\n<strong>Nuta g\u0142owy:<\/strong> labdanum<br \/>\n<strong>Nuta g\u0142\u00f3wna:<\/strong> sk\u00f3rzane, \u015bwie\u017ca<br \/>\n<strong>Nuta serca:<\/strong> przyprawy<br \/>\n<strong>Pojemno\u015b\u0107:<\/strong> 125<br \/>\n<strong>Produkt rzadki:<\/strong> nie<br \/>\n<strong>Pr\u00f3bka:<\/strong> nie<br \/>\n<strong>P\u0142e\u0107:<\/strong> m\u0119ski<br \/>\n<strong>Rodzaj:<\/strong> woda perfumowana<br \/>\n<strong>Tester:<\/strong> nie<br \/>\n<strong>Zapach alternatywny:<\/strong> nie<br \/>\n<strong>Zestaw:<\/strong> nie<\/p>\n<p><strong>Uwagi:<\/strong><\/p>\n<p>PRODUKT \u0141ATWOPALNY. TYLKO DO U\u017bYTKU ZEWN\u0118TRZNEGO. UNIKA\u0106 KONTAKTU Z OCZAMI. PRZECHOWYWA\u0106 Z DALA OD \u0179R\u00d3DE\u0141 CIEP\u0141A I OGNIA.<\/p>\n<p><strong>Sk\u0142adniki:<\/strong><\/p>\n<p>Alcohol Denat. (Sd Alcohol 39-C); Aqua (Water); Parfum (Fragrance); Limonene; Hydroxycitronellal; Linalool; Citronellol; Coumarin; Geraniol; Bht; Citral; Eugenol; Farnesol<\/p>\n","protected":false},"excerpt":{"rendered":"<p> <strong>Gramatura:<\/strong> ml<br \/>  <strong>Linia k\u0105pielowa:<\/strong> nie<br \/>  <strong>Miniatura:<\/strong> nie<br \/>  <strong>Nuta bazy:<\/strong> sk\u00f3ra, \ufeffagar (oud)<br \/>  <strong>Nuta g\u0142owy:<\/strong> labdanum<br \/>  <strong>Nuta g\u0142\u00f3wna:<\/strong> sk\u00f3rzane, \u015bwie\u017ca<br \/>  <strong>Nuta serca:<\/strong> przyprawy<br \/>  <strong>Pojemno\u015b\u0107:<\/strong> 125<br \/>  <strong>Produkt rzadki:<\/strong> nie<br \/>  <strong>Pr\u00f3bka:<\/strong> nie<br \/>  <strong>P\u0142e\u0107:<\/strong> m\u0119ski<br \/>  <strong>Rodzaj:<\/strong> woda perfumowana<br \/>  <strong>Tester:<\/strong> nie<br \/>  <strong>Zapach alternatywny:<\/strong> nie<br \/>  <strong>Zestaw:<\/strong> nie <\/p>\n","protected":false},"featured_media":44196,"comment_status":"open","ping_status":"closed","template":"","meta":{"_acf_changed":false},"kategoria-hurtowni":[87,88],"product_brand":[96],"product_cat":[76],"product_tag":[],"class_list":{"0":"post-44195","1":"product","2":"type-product","3":"status-publish","4":"has-post-thumbnail","6":"kategoria-hurtowni-perfumy","7":"kategoria-hurtowni-zapachy","8":"product_brand-bvlgari","9":"product_cat-primavera","11":"first","12":"outofstock","13":"taxable","14":"shipping-taxable","15":"product-type-simple"},"acf":[],"_links":{"self":[{"href":"https:\/\/premino.pl\/index.php?rest_route=\/wp\/v2\/product\/44195","targetHints":{"allow":["GET"]}}],"collection":[{"href":"https:\/\/premino.pl\/index.php?rest_route=\/wp\/v2\/product"}],"about":[{"href":"https:\/\/premino.pl\/index.php?rest_route=\/wp\/v2\/types\/product"}],"replies":[{"embeddable":true,"href":"https:\/\/premino.pl\/index.php?rest_route=%2Fwp%2Fv2%2Fcomments&post=44195"}],"wp:featuredmedia":[{"embeddable":true,"href":"https:\/\/premino.pl\/index.php?rest_route=\/wp\/v2\/media\/44196"}],"wp:attachment":[{"href":"https:\/\/premino.pl\/index.php?rest_route=%2Fwp%2Fv2%2Fmedia&parent=44195"}],"wp:term":[{"taxonomy":"kategoria-hurtowni","embeddable":true,"href":"https:\/\/premino.pl\/index.php?rest_route=%2Fwp%2Fv2%2Fkategoria-hurtowni&post=44195"},{"taxonomy":"product_brand","embeddable":true,"href":"https:\/\/premino.pl\/index.php?rest_route=%2Fwp%2Fv2%2Fproduct_brand&post=44195"},{"taxonomy":"product_cat","embeddable":true,"href":"https:\/\/premino.pl\/index.php?rest_route=%2Fwp%2Fv2%2Fproduct_cat&post=44195"},{"taxonomy":"product_tag","embeddable":true,"href":"https:\/\/premino.pl\/index.php?rest_route=%2Fwp%2Fv2%2Fproduct_tag&post=44195"}],"curies":[{"name":"wp","href":"https:\/\/api.w.org\/{rel}","templated":true}]}}