{"id":44439,"date":"2026-05-13T13:14:22","date_gmt":"2026-05-13T11:14:22","guid":{"rendered":"https:\/\/premino.pl\/?product=amber-musk-woda-perfumowana-spray-7ml"},"modified":"2026-05-13T13:14:32","modified_gmt":"2026-05-13T11:14:32","slug":"amber-musk-woda-perfumowana-spray-7ml","status":"publish","type":"product","link":"https:\/\/premino.pl\/?product=amber-musk-woda-perfumowana-spray-7ml","title":{"rendered":"Amber Musk woda perfumowana spray 7ml"},"content":{"rendered":"<p>Orze\u017awiaj\u0105ca i kusz\u0105ca woda perfumowana Aerin Amber Musk \u0142\u0105czy zmys\u0142owe nuty kwiatowe z ciep\u0142ym ambroksanem i kremowym pi\u017cmem. W harmonii z soczyst\u0105 wod\u0105 kokosow\u0105 i kobiecym absolutem r\u00f3\u017cy stulistnej, ten promienny, z\u0142ocisty zapach emanuje g\u0142\u0119bi\u0105 i zmys\u0142ow\u0105 intensywno\u015bci\u0105.<\/p>\n<p><b>Nuty zapachowe:<br \/><\/b><br \/><b>Nuta g\u0142owy: <\/b>ambroksan<br \/><b>Nuta serca: <\/b>woda kokosowa, r\u00f3\u017ca, konwalia<br \/><b>Nuta bazy: <\/b>benzoes, pi\u017cmo, drzewo sanda\u0142owe<\/p>\n<p><strong>Gramatura:<\/strong> ml<br \/>\n<strong>Linia k\u0105pielowa:<\/strong> nie<br \/>\n<strong>Miniatura:<\/strong> tak<br \/>\n<strong>Nuta bazy:<\/strong> benzoes, drzewo sanda\u0142owe, pi\u017cmo<br \/>\n<strong>Nuta g\u0142owy:<\/strong> ambroksan<br \/>\n<strong>Nuta g\u0142\u00f3wna:<\/strong> kwiatowe, orientalne<br \/>\n<strong>Nuta serca:<\/strong> konwalia, r\u00f3\u017ca, woda kokosowa<br \/>\n<strong>Pojemno\u015b\u0107:<\/strong> 7<br \/>\n<strong>Produkt rzadki:<\/strong> nie<br \/>\n<strong>Pr\u00f3bka:<\/strong> nie<br \/>\n<strong>P\u0142e\u0107:<\/strong> damski<br \/>\n<strong>Rodzaj:<\/strong> woda perfumowana<br \/>\n<strong>Tester:<\/strong> nie<br \/>\n<strong>Zapach alternatywny:<\/strong> nie<br \/>\n<strong>Zestaw:<\/strong> nie<\/p>\n<p><strong>Uwagi:<\/strong><\/p>\n<p>Ostrze\u017cenie: Produkt \u0142atwopalny a\u017c do wyschni\u0119cia. Przechowuj z dala od \u017ar\u00f3de\u0142 ciep\u0142a i zap\u0142onu. Unika\u0107 rozpylania w kierunku oczu.<\/p>\n<p><strong>Sk\u0142adniki:<\/strong><\/p>\n<p>Alcohol Denat., Amber Musk Fragrance, Water, Butyl Methoxydibenzoylmethane, Hydroxycitronellal, Benzyl Salicylate, Geraniol, Coumarin, Citral, Benzyl Benzoate<\/p>\n","protected":false},"excerpt":{"rendered":"<p> <strong>Gramatura:<\/strong> ml<br \/>  <strong>Linia k\u0105pielowa:<\/strong> nie<br \/>  <strong>Miniatura:<\/strong> tak<br \/>  <strong>Nuta bazy:<\/strong> benzoes, drzewo sanda\u0142owe, pi\u017cmo<br \/>  <strong>Nuta g\u0142owy:<\/strong> ambroksan<br \/>  <strong>Nuta g\u0142\u00f3wna:<\/strong> kwiatowe, orientalne<br \/>  <strong>Nuta serca:<\/strong> konwalia, r\u00f3\u017ca, woda kokosowa<br \/>  <strong>Pojemno\u015b\u0107:<\/strong> 7<br \/>  <strong>Produkt rzadki:<\/strong> nie<br \/>  <strong>Pr\u00f3bka:<\/strong> nie<br \/>  <strong>P\u0142e\u0107:<\/strong> damski<br \/>  <strong>Rodzaj:<\/strong> woda perfumowana<br \/>  <strong>Tester:<\/strong> nie<br \/>  <strong>Zapach alternatywny:<\/strong> nie<br \/>  <strong>Zestaw:<\/strong> nie <\/p>\n","protected":false},"featured_media":44440,"comment_status":"open","ping_status":"closed","template":"","meta":{"_acf_changed":false},"kategoria-hurtowni":[87,88],"product_brand":[547],"product_cat":[76],"product_tag":[],"class_list":{"0":"post-44439","1":"product","2":"type-product","3":"status-publish","4":"has-post-thumbnail","6":"kategoria-hurtowni-perfumy","7":"kategoria-hurtowni-zapachy","8":"product_brand-aerin","9":"product_cat-primavera","11":"first","12":"outofstock","13":"taxable","14":"shipping-taxable","15":"product-type-simple"},"acf":[],"_links":{"self":[{"href":"https:\/\/premino.pl\/index.php?rest_route=\/wp\/v2\/product\/44439","targetHints":{"allow":["GET"]}}],"collection":[{"href":"https:\/\/premino.pl\/index.php?rest_route=\/wp\/v2\/product"}],"about":[{"href":"https:\/\/premino.pl\/index.php?rest_route=\/wp\/v2\/types\/product"}],"replies":[{"embeddable":true,"href":"https:\/\/premino.pl\/index.php?rest_route=%2Fwp%2Fv2%2Fcomments&post=44439"}],"wp:featuredmedia":[{"embeddable":true,"href":"https:\/\/premino.pl\/index.php?rest_route=\/wp\/v2\/media\/44440"}],"wp:attachment":[{"href":"https:\/\/premino.pl\/index.php?rest_route=%2Fwp%2Fv2%2Fmedia&parent=44439"}],"wp:term":[{"taxonomy":"kategoria-hurtowni","embeddable":true,"href":"https:\/\/premino.pl\/index.php?rest_route=%2Fwp%2Fv2%2Fkategoria-hurtowni&post=44439"},{"taxonomy":"product_brand","embeddable":true,"href":"https:\/\/premino.pl\/index.php?rest_route=%2Fwp%2Fv2%2Fproduct_brand&post=44439"},{"taxonomy":"product_cat","embeddable":true,"href":"https:\/\/premino.pl\/index.php?rest_route=%2Fwp%2Fv2%2Fproduct_cat&post=44439"},{"taxonomy":"product_tag","embeddable":true,"href":"https:\/\/premino.pl\/index.php?rest_route=%2Fwp%2Fv2%2Fproduct_tag&post=44439"}],"curies":[{"name":"wp","href":"https:\/\/api.w.org\/{rel}","templated":true}]}}