{"id":44499,"date":"2026-05-13T13:14:49","date_gmt":"2026-05-13T11:14:49","guid":{"rendered":"https:\/\/premino.pl\/?product=trojcioszek-trojkatna-gabeczka-do-makijazu-4szt"},"modified":"2026-05-13T13:14:52","modified_gmt":"2026-05-13T11:14:52","slug":"trojcioszek-trojkatna-gabeczka-do-makijazu-4szt","status":"publish","type":"product","link":"https:\/\/premino.pl\/?product=trojcioszek-trojkatna-gabeczka-do-makijazu-4szt","title":{"rendered":"Tr\u00f3jcioszek tr\u00f3jk\u0105tna g\u0105beczka do makija\u017cu 4szt."},"content":{"rendered":"<p>Tr\u00f3jcioszek \u2013 mi\u0119kka jak chmurka, r\u00f3\u017cowa g\u0105bka o tr\u00f3jk\u0105tnym  kszta\u0142cie, kt\u00f3ra sprawi, \u017ce Tw\u00f3j makija\u017c zawsze b\u0119dzie wygl\u0105da\u0142  perfekcyjnie!Na mokro lub na sucho, z ka\u017cdym ruchem zapewnia naturalne,  r\u00f3wnomierne wyko\u0144czenie i efekt nieskazitelnej cery.<\/p>\n<p><b>JAK  U\u017bYWA\u0106 TR\u00d3JCIOSZKA? <\/b><br \/>    1. Namocz go w ciep\u0142ej wodzie tak, aby zwi\u0119kszy\u0142 swoj\u0105 obj\u0119to\u015b\u0107.<br \/>    2. Porz\u0105dnie wyci\u015bnij g\u0105beczk\u0119 i odci\u015bnij nadmiar wody w r\u0119cznik, tak, aby  by\u0142a wilgotna, ale nie mokra!<br \/>    3. Aplikuj kosmetyki stempluj\u0105cymi ruchami.<br \/>    4. Po u\u017cyciu starannie umyj g\u0105beczk\u0119 w ciep\u0142ej wodzie z dodatkiem  delikatnego myd\u0142a lub olejku i pozostaw do ca\u0142kowitego wyschni\u0119cia.<\/p>\n<p><strong>Gramatura:<\/strong> sztuka<br \/>\n<strong>Pojemno\u015b\u0107:<\/strong> 4<br \/>\n<strong>P\u0142e\u0107:<\/strong> damski<br \/>\n<strong>S\u0142o\u0144ce:<\/strong> nie<\/p>\n<p><strong>Uwagi:<\/strong><\/p>\n<p>Przed pierwszym u\u017cyciem dok\u0142adnie wyp\u0142uka\u0107 w ciep\u0142ej wodzie. Przechowywa\u0107 w suchym, czystym miejscu. Po ka\u017cdym u\u017cyciu umy\u0107 i pozostawi\u0107 do wyschni\u0119cia. Produkt nie jest zabawk\u0105, nieodpowiedni dla dzieci poni\u017cej 3. roku \u017cycia. Przechowywa\u0107 poza zasi\u0119giem dzieci. Ryzyko zad\u0142awienia.<\/p>\n<p><strong>Sk\u0142adniki:<\/strong><\/p>\n<p>mi\u0119kki materia\u0142<\/p>\n","protected":false},"excerpt":{"rendered":"<p> <strong>Gramatura:<\/strong> sztuka<br \/>  <strong>Pojemno\u015b\u0107:<\/strong> 4<br \/>  <strong>P\u0142e\u0107:<\/strong> damski<br \/>  <strong>S\u0142o\u0144ce:<\/strong> nie <\/p>\n","protected":false},"featured_media":44500,"comment_status":"open","ping_status":"closed","template":"","meta":{"_acf_changed":false},"kategoria-hurtowni":[185,83,84],"product_brand":[552],"product_cat":[76],"product_tag":[],"class_list":{"0":"post-44499","1":"product","2":"type-product","3":"status-publish","4":"has-post-thumbnail","6":"kategoria-hurtowni-gabki","7":"kategoria-hurtowni-makijaz","8":"kategoria-hurtowni-makijaz-akcesoria","9":"product_brand-sugarpowder","10":"product_cat-primavera","12":"first","13":"outofstock","14":"taxable","15":"shipping-taxable","16":"product-type-simple"},"acf":[],"_links":{"self":[{"href":"https:\/\/premino.pl\/index.php?rest_route=\/wp\/v2\/product\/44499","targetHints":{"allow":["GET"]}}],"collection":[{"href":"https:\/\/premino.pl\/index.php?rest_route=\/wp\/v2\/product"}],"about":[{"href":"https:\/\/premino.pl\/index.php?rest_route=\/wp\/v2\/types\/product"}],"replies":[{"embeddable":true,"href":"https:\/\/premino.pl\/index.php?rest_route=%2Fwp%2Fv2%2Fcomments&post=44499"}],"wp:featuredmedia":[{"embeddable":true,"href":"https:\/\/premino.pl\/index.php?rest_route=\/wp\/v2\/media\/44500"}],"wp:attachment":[{"href":"https:\/\/premino.pl\/index.php?rest_route=%2Fwp%2Fv2%2Fmedia&parent=44499"}],"wp:term":[{"taxonomy":"kategoria-hurtowni","embeddable":true,"href":"https:\/\/premino.pl\/index.php?rest_route=%2Fwp%2Fv2%2Fkategoria-hurtowni&post=44499"},{"taxonomy":"product_brand","embeddable":true,"href":"https:\/\/premino.pl\/index.php?rest_route=%2Fwp%2Fv2%2Fproduct_brand&post=44499"},{"taxonomy":"product_cat","embeddable":true,"href":"https:\/\/premino.pl\/index.php?rest_route=%2Fwp%2Fv2%2Fproduct_cat&post=44499"},{"taxonomy":"product_tag","embeddable":true,"href":"https:\/\/premino.pl\/index.php?rest_route=%2Fwp%2Fv2%2Fproduct_tag&post=44499"}],"curies":[{"name":"wp","href":"https:\/\/api.w.org\/{rel}","templated":true}]}}