{"id":44523,"date":"2026-05-13T13:14:49","date_gmt":"2026-05-13T11:14:49","guid":{"rendered":"https:\/\/premino.pl\/?product=ikat-jasmine-krem-do-ciala-150ml"},"modified":"2026-05-13T13:14:59","modified_gmt":"2026-05-13T11:14:59","slug":"ikat-jasmine-krem-do-ciala-150ml","status":"publish","type":"product","link":"https:\/\/premino.pl\/?product=ikat-jasmine-krem-do-ciala-150ml","title":{"rendered":"Ikat Jasmine krem do cia\u0142a 150ml"},"content":{"rendered":"<p>Luksusowy krem do cia\u0142a Ikat Jasmine intensywnie nawil\u017ca i od\u017cywia sk\u00f3r\u0119, pozostawiaj\u0105c j\u0105 jedwabi\u015bcie g\u0142adk\u0105 i pe\u0142n\u0105 blasku. Delikatny, kwiatowy zapach subtelnie otula cia\u0142o, zapewniaj\u0105c poczucie \u015bwie\u017co\u015bci i relaksu.<\/p>\n<p><b>Nuty zapachowe:<br \/><\/b><br \/><b>Nuta g\u0142owy: <\/b>wiciokrzew<br \/><b>Nuta serca: <\/b>ja\u015bmin, egipski ja\u015bmin, tuberoza<br \/><b>Nuta bazy: <\/b>drzewo sanda\u0142owe, ambroksan<\/p>\n<p><strong>Gramatura:<\/strong> ml<br \/>\n<strong>Linia k\u0105pielowa:<\/strong> krem do cia\u0142a<br \/>\n<strong>Nuta bazy:<\/strong> ambroksan, drzewo sanda\u0142owe<br \/>\n<strong>Nuta g\u0142owy:<\/strong> wiciokrzew<br \/>\n<strong>Nuta g\u0142\u00f3wna:<\/strong> drzewne, kwiatowe<br \/>\n<strong>Nuta serca:<\/strong> egipski ja\u015bmin, ja\u015bmin, tuberoza<br \/>\n<strong>Pojemno\u015b\u0107:<\/strong> 150<br \/>\n<strong>P\u0142e\u0107:<\/strong> damski<\/p>\n<p><strong>Uwagi:<\/strong><\/p>\n<p>Unika\u0107 kontaktu z oczami.<\/p>\n<p><strong>Sk\u0142adniki:<\/strong><\/p>\n<p>Water Aqua Eau, Butylene Glycol, Jojoba Esters, Butyrospermum Parkii (shea) Butter, C12-20 Acid Peg-8 Ester, Glycerin, Pentaerythrityl Tetraethylhexanoate, Fragrance (parfum), Caprylic\/capric Triglyceride, Simmondsia Chinensis (jojoba) Seed Oil, Petrolatum, Behenyl Alcohol, Yeast Extract Faex Extrait De Levure, Cetyl Alcohol, Sucrose, Polyglyceryl-2 Triisostearate, Calluna Vulgaris (heather) Extract, Sigesbeckia Orientalis (st. Paul&#8217;s Wort) Extract, Coleus Forskohlii Root Extract, Mangifera Indica (mango) Seed Oil, Olea Europaea (olive) Fruit Extract, Astrocaryum Murumuru Seed Butter, Hydrogenated Vegetable Oil, Sodium Hyaluronate, Isomerized Linoleic Acid, Dimethicone, Caffeine, Cholesterol, Peg-100 Stearate, Caprylyl Glycol, Acetyl Hexapeptide-8, Linoleic Acid, Polyquaternium-51, Glyceryl Stearate, Potassium Cetyl Phosphate, Acetyl Glucosamine, Saccharide Isomerate, Sodium Pca, Trehalose, Urea, Aspergillus Ferment, Acrylates\/c10-30 Alkyl Acrylate Crosspolymer, Simethicone, Carbomer, Xanthan Gum, Sodium Hydroxide, Triticum Vulgare (wheat) Bran Extract, Potassium Sulfate, Potassium Sorbate, Disodium Edta, Bht, Triacetin, Chlorphenesin, Benzyl Alcohol, Citronellol, Linalool, Benzyl Benzoate, Limonene, Geraniol, Farnesol, Citral, Tocopherol, Citric Acid, Sodium Citrate, Sorbic Acid, Phenoxyethanol<\/p>\n","protected":false},"excerpt":{"rendered":"<p> <strong>Gramatura:<\/strong> ml<br \/>  <strong>Linia k\u0105pielowa:<\/strong> krem do cia\u0142a<br \/>  <strong>Nuta bazy:<\/strong> ambroksan, drzewo sanda\u0142owe<br \/>  <strong>Nuta g\u0142owy:<\/strong> wiciokrzew<br \/>  <strong>Nuta g\u0142\u00f3wna:<\/strong> drzewne, kwiatowe<br \/>  <strong>Nuta serca:<\/strong> egipski ja\u015bmin, ja\u015bmin, tuberoza<br \/>  <strong>Pojemno\u015b\u0107:<\/strong> 150<br \/>  <strong>P\u0142e\u0107:<\/strong> damski <\/p>\n","protected":false},"featured_media":44524,"comment_status":"open","ping_status":"closed","template":"","meta":{"_acf_changed":false},"kategoria-hurtowni":[120,87],"product_brand":[547],"product_cat":[76],"product_tag":[],"class_list":{"0":"post-44523","1":"product","2":"type-product","3":"status-publish","4":"has-post-thumbnail","6":"kategoria-hurtowni-linia-kapielowa","7":"kategoria-hurtowni-perfumy","8":"product_brand-aerin","9":"product_cat-primavera","11":"first","12":"outofstock","13":"taxable","14":"shipping-taxable","15":"product-type-simple"},"acf":[],"_links":{"self":[{"href":"https:\/\/premino.pl\/index.php?rest_route=\/wp\/v2\/product\/44523","targetHints":{"allow":["GET"]}}],"collection":[{"href":"https:\/\/premino.pl\/index.php?rest_route=\/wp\/v2\/product"}],"about":[{"href":"https:\/\/premino.pl\/index.php?rest_route=\/wp\/v2\/types\/product"}],"replies":[{"embeddable":true,"href":"https:\/\/premino.pl\/index.php?rest_route=%2Fwp%2Fv2%2Fcomments&post=44523"}],"wp:featuredmedia":[{"embeddable":true,"href":"https:\/\/premino.pl\/index.php?rest_route=\/wp\/v2\/media\/44524"}],"wp:attachment":[{"href":"https:\/\/premino.pl\/index.php?rest_route=%2Fwp%2Fv2%2Fmedia&parent=44523"}],"wp:term":[{"taxonomy":"kategoria-hurtowni","embeddable":true,"href":"https:\/\/premino.pl\/index.php?rest_route=%2Fwp%2Fv2%2Fkategoria-hurtowni&post=44523"},{"taxonomy":"product_brand","embeddable":true,"href":"https:\/\/premino.pl\/index.php?rest_route=%2Fwp%2Fv2%2Fproduct_brand&post=44523"},{"taxonomy":"product_cat","embeddable":true,"href":"https:\/\/premino.pl\/index.php?rest_route=%2Fwp%2Fv2%2Fproduct_cat&post=44523"},{"taxonomy":"product_tag","embeddable":true,"href":"https:\/\/premino.pl\/index.php?rest_route=%2Fwp%2Fv2%2Fproduct_tag&post=44523"}],"curies":[{"name":"wp","href":"https:\/\/api.w.org\/{rel}","templated":true}]}}