{"id":44849,"date":"2026-05-13T13:16:44","date_gmt":"2026-05-13T11:16:44","guid":{"rendered":"https:\/\/premino.pl\/?product=green-nail-polish-lakier-do-paznokci-brique-15ml"},"modified":"2026-05-13T13:16:45","modified_gmt":"2026-05-13T11:16:45","slug":"green-nail-polish-lakier-do-paznokci-brique-15ml","status":"publish","type":"product","link":"https:\/\/premino.pl\/?product=green-nail-polish-lakier-do-paznokci-brique-15ml","title":{"rendered":"Green Nail Polish lakier do paznokci Brique 15ml"},"content":{"rendered":"<p><b>Delikatny dla Twoich paznokci i przyjazny dla planety<br \/><\/b>Wega\u0144ski i nietestowany na zwierz\u0119tach lakier do paznokci, opracowany we Francji z wykorzystaniem sk\u0142adnik\u00f3w pochodzenia naturalnego. Formu\u0142a oparta na naturalnych surowcach, takich jak ziemniaki, kukurydza, maniok czy bawe\u0142na, zapewnia pi\u0119kny efekt bez kompromis\u00f3w dla zdrowia Twoich paznokci.<\/p>\n<p><b>Dlaczego go pokochasz?<br \/><\/b>\u2022 Ekstremalny po\u0142ysk<br \/>\u2022 Intensywna pigmentacja<br \/>\u2022 Profesjonalna jako\u015b\u0107<br \/>\u2022 Nietoksyczna formu\u0142a<br \/>\u2022 Wega\u0144ski sk\u0142ad oparty na surowcach pochodzenia naturalnego<br \/>\u2022 Ekologiczne opakowanie<\/p>\n<p><b>Starannie dobrane sk\u0142adniki naturalne:<br \/><\/b>\u2022 Ziemniaki, pszenica, maniok, kukurydza i bawe\u0142na<br \/>\u2022 Naturalny olej kokosowy \u2013 nawil\u017ca i zmi\u0119kcza<br \/>\u2022 Ekstrakt z bambusa \u2013 bogaty w krzem, wzmacnia i rewitalizuje paznokcie<\/p>\n<p><b>Jak stosowa\u0107 lakier do paznokci:<br \/><\/b>Krok 1 \u2013 Baza: Na\u0142\u00f3\u017c baz\u0119, dok\u0142adnie zabezpieczaj\u0105c wolny brzeg paznokcia. Pozostaw do wyschni\u0119cia.<br \/>Krok 2 \u2013 Kolor: Na\u0142\u00f3\u017c wybrany kolor, zabezpiecz kraw\u0119d\u017a i pozostaw do wyschni\u0119cia. Powt\u00f3rz, aby uzyska\u0107 dwie cienkie warstwy koloru.<br \/>Krok 3 \u2013 Top Coat Sunshine: Na\u0142\u00f3\u017c Sunshine Top Coat i pozostaw do wyschni\u0119cia.<\/p>\n<p><strong>Gramatura:<\/strong> ml<br \/>\n<strong>Kolor:<\/strong> Brique<br \/>\n<strong>Pojemno\u015b\u0107:<\/strong> 15<br \/>\n<strong>P\u0142e\u0107:<\/strong> damski<br \/>\n<strong>S\u0142o\u0144ce:<\/strong> nie<\/p>\n<p><strong>Uwagi:<\/strong><\/p>\n<p>Nie stosowa\u0107 w pobli\u017cu ognia. Przechowywa\u0107 poza zasi\u0119giem dzieci. Nie pali\u0107. Nie wdycha\u0107 opar\u00f3w. Nie po\u0142yka\u0107.<\/p>\n<p><strong>Sk\u0142adniki:<\/strong><\/p>\n<p>butyl acetate, ethyl acetate, nitrocellulose, isosorbide dicaprylate\/caprate, adipic acid\/neopentyl glycol\/trimellitic anhydride copolymer, alcohol, CI 77499, isopropyl alcohol, acetyl tributyl citrate, stearalkonium bentonite, diacetone alcohol, ethocrylene, cocos nucifera (coconut) oil, trimethylpentanediyl dibenozate, silica, helianthus annuus (sunflower) seed oil, phosphoric acid, alumina, bambusa vulgaris sap extract, tocopherol<\/p>\n","protected":false},"excerpt":{"rendered":"<p> <strong>Gramatura:<\/strong> ml<br \/>  <strong>Kolor:<\/strong> Brique<br \/>  <strong>Pojemno\u015b\u0107:<\/strong> 15<br \/>  <strong>P\u0142e\u0107:<\/strong> damski<br \/>  <strong>S\u0142o\u0144ce:<\/strong> nie <\/p>\n","protected":false},"featured_media":44850,"comment_status":"open","ping_status":"closed","template":"","meta":{"_acf_changed":false},"kategoria-hurtowni":[278,83,174],"product_brand":[319],"product_cat":[76],"product_tag":[],"class_list":{"0":"post-44849","1":"product","2":"type-product","3":"status-publish","4":"has-post-thumbnail","6":"kategoria-hurtowni-lakiery","7":"kategoria-hurtowni-makijaz","8":"kategoria-hurtowni-makijaz-paznokcie","9":"product_brand-manucurist","10":"product_cat-primavera","12":"first","13":"outofstock","14":"taxable","15":"shipping-taxable","16":"product-type-simple"},"acf":[],"_links":{"self":[{"href":"https:\/\/premino.pl\/index.php?rest_route=\/wp\/v2\/product\/44849","targetHints":{"allow":["GET"]}}],"collection":[{"href":"https:\/\/premino.pl\/index.php?rest_route=\/wp\/v2\/product"}],"about":[{"href":"https:\/\/premino.pl\/index.php?rest_route=\/wp\/v2\/types\/product"}],"replies":[{"embeddable":true,"href":"https:\/\/premino.pl\/index.php?rest_route=%2Fwp%2Fv2%2Fcomments&post=44849"}],"wp:featuredmedia":[{"embeddable":true,"href":"https:\/\/premino.pl\/index.php?rest_route=\/wp\/v2\/media\/44850"}],"wp:attachment":[{"href":"https:\/\/premino.pl\/index.php?rest_route=%2Fwp%2Fv2%2Fmedia&parent=44849"}],"wp:term":[{"taxonomy":"kategoria-hurtowni","embeddable":true,"href":"https:\/\/premino.pl\/index.php?rest_route=%2Fwp%2Fv2%2Fkategoria-hurtowni&post=44849"},{"taxonomy":"product_brand","embeddable":true,"href":"https:\/\/premino.pl\/index.php?rest_route=%2Fwp%2Fv2%2Fproduct_brand&post=44849"},{"taxonomy":"product_cat","embeddable":true,"href":"https:\/\/premino.pl\/index.php?rest_route=%2Fwp%2Fv2%2Fproduct_cat&post=44849"},{"taxonomy":"product_tag","embeddable":true,"href":"https:\/\/premino.pl\/index.php?rest_route=%2Fwp%2Fv2%2Fproduct_tag&post=44849"}],"curies":[{"name":"wp","href":"https:\/\/api.w.org\/{rel}","templated":true}]}}