{"id":45667,"date":"2026-05-13T13:20:46","date_gmt":"2026-05-13T11:20:46","guid":{"rendered":"https:\/\/premino.pl\/?product=torino21-woda-perfumowana-spray-probka-2ml"},"modified":"2026-05-13T13:20:53","modified_gmt":"2026-05-13T11:20:53","slug":"torino21-woda-perfumowana-spray-probka-2ml","status":"publish","type":"product","link":"https:\/\/premino.pl\/?product=torino21-woda-perfumowana-spray-probka-2ml","title":{"rendered":"Torino21 woda perfumowana spray pr\u00f3bka 2ml"},"content":{"rendered":"<p>Torino21 to mistrzowska mieszanka, kt\u00f3ra od\u015bwie\u017cy Twoj\u0105 sk\u00f3r\u0119 i nada jej niezwykle przyjemny zapach. Kompozycja powsta\u0142a, aby\u00a0celebrowa\u0107 presti\u017cow\u0105 wsp\u00f3\u0142prac\u0119 &#8211; mi\u0119dzynarodowego fina\u0142u tenisowego z w\u0142oskim miastem Turyn.\u00a0<\/p>\n<p><b>Nuty zapachowe:<br \/><\/b><br \/><b>Nuta g\u0142owy: <\/b>bazylia\u00a0, tymianek, mi\u0119ta, cytryna<br \/><b>Nuta serca: <\/b>rozmaryn, lawenda, ja\u015bmin, czarna porzeczka<br \/><b>Nuta bazy: <\/b>werbena cytrynowa, pi\u017cmo<\/p>\n<p><strong>Gramatura:<\/strong> ml<br \/>\n<strong>Linia k\u0105pielowa:<\/strong> nie<br \/>\n<strong>Miniatura:<\/strong> tak<br \/>\n<strong>Nuta bazy:<\/strong> pi\u017cmo, werbena cytrynowa<br \/>\n<strong>Nuta g\u0142owy:<\/strong> bazylia\u00a0, cytryna, mi\u0119ta, tymianek<br \/>\n<strong>Nuta g\u0142\u00f3wna:<\/strong> aromatyczne, zielona<br \/>\n<strong>Nuta serca:<\/strong> czarna porzeczka, ja\u015bmin, lawenda, rozmaryn<br \/>\n<strong>Pojemno\u015b\u0107:<\/strong> 2<br \/>\n<strong>Produkt rzadki:<\/strong> tak<br \/>\n<strong>Pr\u00f3bka:<\/strong> tak<br \/>\n<strong>P\u0142e\u0107:<\/strong> unisex<br \/>\n<strong>Rodzaj:<\/strong> woda perfumowana<br \/>\n<strong>Tester:<\/strong> nie<br \/>\n<strong>Zapach alternatywny:<\/strong> nie<br \/>\n<strong>Zestaw:<\/strong> nie<\/p>\n<p><strong>Uwagi:<\/strong><\/p>\n<p>Produkt przechowywa\u0107 z dala od ognia i \u017ar\u00f3de\u0142 ciep\u0142a. Trzyma\u0107 w miejscu niedost\u0119pnym dla dzieci. Nie stosowa\u0107 na podra\u017cnion\u0105 lub uszkodzon\u0105 sk\u00f3r\u0119. Unika\u0107 kontaktu z oczami.<\/p>\n<p><strong>Sk\u0142adniki:<\/strong><\/p>\n<p>ALCOHOL DENAT., PARFUM (FRAGRANCE), AQUA (WATER), BHT, BENZYL ALCOHOL, BENZYL BENZOATE, BENZYL SALICYLATE, CITRAL, CITRONELLOL, GERANIOL, ISOEUGENOL, LIMONENE, LINALOOL<\/p>\n","protected":false},"excerpt":{"rendered":"<p> <strong>Gramatura:<\/strong> ml<br \/>  <strong>Linia k\u0105pielowa:<\/strong> nie<br \/>  <strong>Miniatura:<\/strong> tak<br \/>  <strong>Nuta bazy:<\/strong> pi\u017cmo, werbena cytrynowa<br \/>  <strong>Nuta g\u0142owy:<\/strong> bazylia\u00a0, cytryna, mi\u0119ta, tymianek<br \/>  <strong>Nuta g\u0142\u00f3wna:<\/strong> aromatyczne, zielona<br \/>  <strong>Nuta serca:<\/strong> czarna porzeczka, ja\u015bmin, lawenda, rozmaryn<br \/>  <strong>Pojemno\u015b\u0107:<\/strong> 2<br \/>  <strong>Produkt rzadki:<\/strong> tak<br \/>  <strong>Pr\u00f3bka:<\/strong> tak<br \/>  <strong>P\u0142e\u0107:<\/strong> unisex<br \/>  <strong>Rodzaj:<\/strong> woda perfumowana<br \/>  <strong>Tester:<\/strong> nie<br \/>  <strong>Zapach alternatywny:<\/strong> nie<br \/>  <strong>Zestaw:<\/strong> nie <\/p>\n","protected":false},"featured_media":45668,"comment_status":"open","ping_status":"closed","template":"","meta":{"_acf_changed":false},"kategoria-hurtowni":[87,88],"product_brand":[377],"product_cat":[76],"product_tag":[],"class_list":{"0":"post-45667","1":"product","2":"type-product","3":"status-publish","4":"has-post-thumbnail","6":"kategoria-hurtowni-perfumy","7":"kategoria-hurtowni-zapachy","8":"product_brand-xerjoff","9":"product_cat-primavera","11":"first","12":"outofstock","13":"taxable","14":"shipping-taxable","15":"product-type-simple"},"acf":[],"_links":{"self":[{"href":"https:\/\/premino.pl\/index.php?rest_route=\/wp\/v2\/product\/45667","targetHints":{"allow":["GET"]}}],"collection":[{"href":"https:\/\/premino.pl\/index.php?rest_route=\/wp\/v2\/product"}],"about":[{"href":"https:\/\/premino.pl\/index.php?rest_route=\/wp\/v2\/types\/product"}],"replies":[{"embeddable":true,"href":"https:\/\/premino.pl\/index.php?rest_route=%2Fwp%2Fv2%2Fcomments&post=45667"}],"wp:featuredmedia":[{"embeddable":true,"href":"https:\/\/premino.pl\/index.php?rest_route=\/wp\/v2\/media\/45668"}],"wp:attachment":[{"href":"https:\/\/premino.pl\/index.php?rest_route=%2Fwp%2Fv2%2Fmedia&parent=45667"}],"wp:term":[{"taxonomy":"kategoria-hurtowni","embeddable":true,"href":"https:\/\/premino.pl\/index.php?rest_route=%2Fwp%2Fv2%2Fkategoria-hurtowni&post=45667"},{"taxonomy":"product_brand","embeddable":true,"href":"https:\/\/premino.pl\/index.php?rest_route=%2Fwp%2Fv2%2Fproduct_brand&post=45667"},{"taxonomy":"product_cat","embeddable":true,"href":"https:\/\/premino.pl\/index.php?rest_route=%2Fwp%2Fv2%2Fproduct_cat&post=45667"},{"taxonomy":"product_tag","embeddable":true,"href":"https:\/\/premino.pl\/index.php?rest_route=%2Fwp%2Fv2%2Fproduct_tag&post=45667"}],"curies":[{"name":"wp","href":"https:\/\/api.w.org\/{rel}","templated":true}]}}