{"id":45707,"date":"2026-05-13T13:20:59","date_gmt":"2026-05-13T11:20:59","guid":{"rendered":"https:\/\/premino.pl\/?product=ralphs-club-perfumy-spray-100ml"},"modified":"2026-05-13T13:21:05","modified_gmt":"2026-05-13T11:21:05","slug":"ralphs-club-perfumy-spray-100ml","status":"publish","type":"product","link":"https:\/\/premino.pl\/?product=ralphs-club-perfumy-spray-100ml","title":{"rendered":"Ralph&#8217;s Club perfumy spray 100ml"},"content":{"rendered":"<p>Ralph&#8217;s Club to intensywne po\u0142\u0105czenie aromat\u00f3w dla indywidualist\u00f3w, kt\u00f3rzy nie boj\u0105 si\u0119 \u0142ama\u0107 schemat\u00f3w i inspiruj\u0105 otoczenie swoj\u0105 energi\u0105.<\/p>\n<p><b>Nuty zapachowe:<br \/><\/b><br \/><b>Nuta g\u0142owy: <\/b>grejpfrut, jab\u0142ko, lawenda<br \/><b>Nuta serca: <\/b>kwiat pomara\u0144czy, geranium, sza\u0142wia muszkato\u0142owa<br \/><b>Nuta bazy: <\/b>drewno kaszmirowe, paczula, cedr virginia, wetyweria<\/p>\n<p><strong>Gramatura:<\/strong> ml<br \/>\n<strong>Linia k\u0105pielowa:<\/strong> nie<br \/>\n<strong>Miniatura:<\/strong> nie<br \/>\n<strong>Nuta bazy:<\/strong> cedr virginia, drewno kaszmirowe, paczula, wetyweria<br \/>\n<strong>Nuta g\u0142owy:<\/strong> grejpfrut, jab\u0142ko, lawenda<br \/>\n<strong>Nuta g\u0142\u00f3wna:<\/strong> drzewne, przyprawowe<br \/>\n<strong>Nuta serca:<\/strong> geranium, kwiat pomara\u0144czy, sza\u0142wia muszkato\u0142owa<br \/>\n<strong>Pojemno\u015b\u0107:<\/strong> 100<br \/>\n<strong>Produkt rzadki:<\/strong> nie<br \/>\n<strong>Pr\u00f3bka:<\/strong> nie<br \/>\n<strong>P\u0142e\u0107:<\/strong> m\u0119ski<br \/>\n<strong>Rodzaj:<\/strong> perfumy<br \/>\n<strong>Tester:<\/strong> nie<br \/>\n<strong>Zapach alternatywny:<\/strong> nie<br \/>\n<strong>Zestaw:<\/strong> nie<\/p>\n<p><strong>Uwagi:<\/strong><\/p>\n<p>Produkt przechowywa\u0107 z dala od ognia i \u017ar\u00f3de\u0142 ciep\u0142a. Trzyma\u0107 w miejscu niedost\u0119pnym dla dzieci. Nie stosowa\u0107 na podra\u017cnion\u0105 lub uszkodzon\u0105 sk\u00f3r\u0119. Unika\u0107 kontaktu z oczami.<\/p>\n<p><strong>Sk\u0142adniki:<\/strong><\/p>\n<p>Alcohol,Parfum \/ Fragrance,Aqua \/ Water,Limonene,Benzyl Salicylate,Linalool,Benzyl Alcohol,Coumarin,Citronellol,Geraniol,Citral,Methyl Anthranilate,CI 60730 \/ Ext. Violet 2,CI 14700 \/ Red 4,CI 19140 \/ Yellow 5<\/p>\n","protected":false},"excerpt":{"rendered":"<p> <strong>Gramatura:<\/strong> ml<br \/>  <strong>Linia k\u0105pielowa:<\/strong> nie<br \/>  <strong>Miniatura:<\/strong> nie<br \/>  <strong>Nuta bazy:<\/strong> cedr virginia, drewno kaszmirowe, paczula, wetyweria<br \/>  <strong>Nuta g\u0142owy:<\/strong> grejpfrut, jab\u0142ko, lawenda<br \/>  <strong>Nuta g\u0142\u00f3wna:<\/strong> drzewne, przyprawowe<br \/>  <strong>Nuta serca:<\/strong> geranium, kwiat pomara\u0144czy, sza\u0142wia muszkato\u0142owa<br \/>  <strong>Pojemno\u015b\u0107:<\/strong> 100<br \/>  <strong>Produkt rzadki:<\/strong> nie<br \/>  <strong>Pr\u00f3bka:<\/strong> nie<br \/>  <strong>P\u0142e\u0107:<\/strong> m\u0119ski<br \/>  <strong>Rodzaj:<\/strong> perfumy<br \/>  <strong>Tester:<\/strong> nie<br \/>  <strong>Zapach alternatywny:<\/strong> nie<br \/>  <strong>Zestaw:<\/strong> nie <\/p>\n","protected":false},"featured_media":45708,"comment_status":"open","ping_status":"closed","template":"","meta":{"_acf_changed":false},"kategoria-hurtowni":[87,88],"product_brand":[94],"product_cat":[76],"product_tag":[],"class_list":{"0":"post-45707","1":"product","2":"type-product","3":"status-publish","4":"has-post-thumbnail","6":"kategoria-hurtowni-perfumy","7":"kategoria-hurtowni-zapachy","8":"product_brand-ralph-lauren","9":"product_cat-primavera","11":"first","12":"outofstock","13":"taxable","14":"shipping-taxable","15":"product-type-simple"},"acf":[],"_links":{"self":[{"href":"https:\/\/premino.pl\/index.php?rest_route=\/wp\/v2\/product\/45707","targetHints":{"allow":["GET"]}}],"collection":[{"href":"https:\/\/premino.pl\/index.php?rest_route=\/wp\/v2\/product"}],"about":[{"href":"https:\/\/premino.pl\/index.php?rest_route=\/wp\/v2\/types\/product"}],"replies":[{"embeddable":true,"href":"https:\/\/premino.pl\/index.php?rest_route=%2Fwp%2Fv2%2Fcomments&post=45707"}],"wp:featuredmedia":[{"embeddable":true,"href":"https:\/\/premino.pl\/index.php?rest_route=\/wp\/v2\/media\/45708"}],"wp:attachment":[{"href":"https:\/\/premino.pl\/index.php?rest_route=%2Fwp%2Fv2%2Fmedia&parent=45707"}],"wp:term":[{"taxonomy":"kategoria-hurtowni","embeddable":true,"href":"https:\/\/premino.pl\/index.php?rest_route=%2Fwp%2Fv2%2Fkategoria-hurtowni&post=45707"},{"taxonomy":"product_brand","embeddable":true,"href":"https:\/\/premino.pl\/index.php?rest_route=%2Fwp%2Fv2%2Fproduct_brand&post=45707"},{"taxonomy":"product_cat","embeddable":true,"href":"https:\/\/premino.pl\/index.php?rest_route=%2Fwp%2Fv2%2Fproduct_cat&post=45707"},{"taxonomy":"product_tag","embeddable":true,"href":"https:\/\/premino.pl\/index.php?rest_route=%2Fwp%2Fv2%2Fproduct_tag&post=45707"}],"curies":[{"name":"wp","href":"https:\/\/api.w.org\/{rel}","templated":true}]}}