{"id":45903,"date":"2026-05-13T13:22:00","date_gmt":"2026-05-13T11:22:00","guid":{"rendered":"https:\/\/premino.pl\/?product=collagen-beauty-sport-suplement-diety-225g"},"modified":"2026-05-13T13:22:05","modified_gmt":"2026-05-13T11:22:05","slug":"collagen-beauty-sport-suplement-diety-225g","status":"publish","type":"product","link":"https:\/\/premino.pl\/?product=collagen-beauty-sport-suplement-diety-225g","title":{"rendered":"Collagen Beauty &amp; Sport suplement diety 225g"},"content":{"rendered":"<p>Suplement diety w formie proszku zawieraj\u0105cy przebadane klinicznie, bioaktywne peptydy kolagenowe\u00a0VERISOL\u00ae\u00a0&#8211; poprawiaj\u0105ce wygl\u0105d w\u0142os\u00f3w, sk\u00f3ry i paznokci oraz\u00a0TENDOFORTE\u00ae\u00a0dla wsparcia aktywnego trybu \u017cycia.<\/p>\n<\/p>\n<p><b>Zawiera testowany klinicznie TENDOFORTE\u00ae<\/b>\u00a0szczeg\u00f3lnie polecany dla os\u00f3b uprawiaj\u0105cych sport.<br \/>Testowany klinicznie VERISOL\u00ae\u00a0zwi\u0119ksza grubo\u015b\u0107 w\u0142os\u00f3w, redukuje zmarszczki, pomaga poprawi\u0107 elastyczno\u015b\u0107 sk\u00f3ry oraz poprawia wygl\u0105d i struktur\u0119 paznokci.<\/p>\n<p><b>Stosowanie:<\/b> 1 miarka (7,5 g) dziennie.\u00a0Rozpu\u015b\u0107 1 miark\u0119 proszku w 200 ml wody, napoju lub dodaj bezpo\u015brednio do jedzenia. Najlepiej przyjmowa\u0107 produkt rano.<\/p>\n<p><strong>Forma podania:<\/strong> proszek<br \/>\n<strong>Gramatura:<\/strong> g<br \/>\n<strong>Pojemno\u015b\u0107:<\/strong> 225<br \/>\n<strong>P\u0142e\u0107:<\/strong> unisex<br \/>\n<strong>Rodzaj:<\/strong> pozosta\u0142e<\/p>\n<p><strong>Uwagi:<\/strong><\/p>\n<p>Nie nale\u017cy przekracza\u0107 zalecanej dziennej porcji. Suplement diety nie mo\u017ce by\u0107 stosowany jako substytut (zamiennik) zr\u00f3\u017cnicowanej diety. Dla utrzymania prawid\u0142owego stanu zdrowia nale\u017cy stosowa\u0107 zr\u00f3\u017cnicowan\u0105 diet\u0119 i prowadzi\u0107 zdrowy tryb \u017cycia. Przechowywa\u0107 w ciemnym i suchym miejscu w temperaturze pokojowej, w spos\u00f3b niedost\u0119pny dla ma\u0142ych dzieci.<\/p>\n<p><strong>Sk\u0142adniki:<\/strong><\/p>\n<p>Wo\u0142owe peptydy kolagenowe (VERISOL\u00ae i TENDOFORTE\u00ae).<\/p>\n","protected":false},"excerpt":{"rendered":"<p> <strong>Forma podania:<\/strong> proszek<br \/>  <strong>Gramatura:<\/strong> g<br \/>  <strong>Pojemno\u015b\u0107:<\/strong> 225<br \/>  <strong>P\u0142e\u0107:<\/strong> unisex<br \/>  <strong>Rodzaj:<\/strong> pozosta\u0142e <\/p>\n","protected":false},"featured_media":45904,"comment_status":"open","ping_status":"closed","template":"","meta":{"_acf_changed":false},"kategoria-hurtowni":[206,205],"product_brand":[587],"product_cat":[76],"product_tag":[],"class_list":{"0":"post-45903","1":"product","2":"type-product","3":"status-publish","4":"has-post-thumbnail","6":"kategoria-hurtowni-suplementy-diety","7":"kategoria-hurtowni-zdrowie","8":"product_brand-osavi","9":"product_cat-primavera","11":"first","12":"outofstock","13":"taxable","14":"shipping-taxable","15":"product-type-simple"},"acf":[],"_links":{"self":[{"href":"https:\/\/premino.pl\/index.php?rest_route=\/wp\/v2\/product\/45903","targetHints":{"allow":["GET"]}}],"collection":[{"href":"https:\/\/premino.pl\/index.php?rest_route=\/wp\/v2\/product"}],"about":[{"href":"https:\/\/premino.pl\/index.php?rest_route=\/wp\/v2\/types\/product"}],"replies":[{"embeddable":true,"href":"https:\/\/premino.pl\/index.php?rest_route=%2Fwp%2Fv2%2Fcomments&post=45903"}],"wp:featuredmedia":[{"embeddable":true,"href":"https:\/\/premino.pl\/index.php?rest_route=\/wp\/v2\/media\/45904"}],"wp:attachment":[{"href":"https:\/\/premino.pl\/index.php?rest_route=%2Fwp%2Fv2%2Fmedia&parent=45903"}],"wp:term":[{"taxonomy":"kategoria-hurtowni","embeddable":true,"href":"https:\/\/premino.pl\/index.php?rest_route=%2Fwp%2Fv2%2Fkategoria-hurtowni&post=45903"},{"taxonomy":"product_brand","embeddable":true,"href":"https:\/\/premino.pl\/index.php?rest_route=%2Fwp%2Fv2%2Fproduct_brand&post=45903"},{"taxonomy":"product_cat","embeddable":true,"href":"https:\/\/premino.pl\/index.php?rest_route=%2Fwp%2Fv2%2Fproduct_cat&post=45903"},{"taxonomy":"product_tag","embeddable":true,"href":"https:\/\/premino.pl\/index.php?rest_route=%2Fwp%2Fv2%2Fproduct_tag&post=45903"}],"curies":[{"name":"wp","href":"https:\/\/api.w.org\/{rel}","templated":true}]}}