{"id":45909,"date":"2026-05-13T13:22:00","date_gmt":"2026-05-13T11:22:00","guid":{"rendered":"https:\/\/premino.pl\/?product=kolagen-rybi-suplement-diety-grejpfrut-360g"},"modified":"2026-05-13T13:22:07","modified_gmt":"2026-05-13T11:22:07","slug":"kolagen-rybi-suplement-diety-grejpfrut-360g","status":"publish","type":"product","link":"https:\/\/premino.pl\/?product=kolagen-rybi-suplement-diety-grejpfrut-360g","title":{"rendered":"Kolagen Rybi suplement diety Grejpfrut 360g"},"content":{"rendered":"<p>Suplement diety w formie proszku, zawieraj\u0105cy bioaktywne peptydy kolagenowe Naticol\u00ae &#8211; starannie opracowany i przebadany klinicznie kolagen typu I, pozyskiwany z dzikiego dorsza atlantyckiego. Produkt wzbogacony o naturalne dodatki &#8211; aromat cytrynowy oraz substancj\u0119 s\u0142odz\u0105c\u0105 pozyskiwan\u0105 ze stewii.<\/p>\n<\/p>\n<p>\u2022\u00a0Naticol\u00ae\u00a0pomaga poprawi\u0107 elastyczno\u015b\u0107 sk\u00f3ry i redukuje zmarszczki.<br \/>\u2022\u00a0Witamina C\u00a0pomaga w prawid\u0142owej produkcji kolagenu w celu zapewnienia prawid\u0142owego funkcjonowania ko\u015bci i chrz\u0105stki, sk\u00f3ry, z\u0119b\u00f3w i dzi\u0105se\u0142.\u00a0<\/p>\n<p><b>Co wyr\u00f3\u017cnia Kolagen Rybi?<\/b><br \/>\u2022 Zawiera przebadane klinicznie bioaktywne peptydy kolagenowe Naticol\u00ae<br \/>\u2022 Z naturalnym aromatem cytrynowym<br \/>\u2022 Czysta etykieta (ang. clean label) &#8211; produkt nie zawiera \u017cadnych zb\u0119dnych dodatk\u00f3w.<br \/>\u2022 Doskona\u0142a rozpuszczalno\u015b\u0107.<br \/>\u2022 Bez glutenu, bez laktozy, bez soi, bez GMO.<\/p>\n<p><b>Stosowanie:\u00a0<\/b>1 miarka (12 g) dziennie. Rozpu\u015b\u0107 1 miark\u0119 proszku w 200 ml wody. Najlepiej przyjmowa\u0107 produkt rano.<\/p>\n<p><strong>Forma podania:<\/strong> proszek<br \/>\n<strong>Gramatura:<\/strong> g<br \/>\n<strong>Pojemno\u015b\u0107:<\/strong> 360<br \/>\n<strong>P\u0142e\u0107:<\/strong> unisex<br \/>\n<strong>Rodzaj:<\/strong> pozosta\u0142e<\/p>\n<p><strong>Uwagi:<\/strong><\/p>\n<p>Produkt zawiera substancj\u0119 s\u0142odz\u0105c\u0105 (glikozydy stewiolowe). Nie nale\u017cy przekracza\u0107 zalecanej dziennej porcji. Suplement diety nie mo\u017ce by\u0107 stosowany jako substytut (zamiennik) zr\u00f3\u017cnicowanej diety. Dla utrzymania prawid\u0142owego stanu zdrowia nale\u017cy stosowa\u0107 zr\u00f3\u017cnicowan\u0105 diet\u0119 i prowadzi\u0107 zdrowy tryb \u017cycia. Zapis nad dat\u0105 wa\u017cno\u015bci: Przechowywa\u0107 w ciemnym i suchym miejscu w temperaturze pokojowej, w spos\u00f3b niedost\u0119pny dla ma\u0142ych dzieci.<\/p>\n<p><strong>Sk\u0142adniki:<\/strong><\/p>\n<p>Rybie\u00a0peptydy kolagenowe, naturalny aromat grejpfrutowy, regulator kwasowo\u015bci: kwas cytrynowy, maltodekstryna, kwas L-askorbinowy, substancja s\u0142odz\u0105ca: glikozydy stewiolowe ze stewii<\/p>\n","protected":false},"excerpt":{"rendered":"<p> <strong>Forma podania:<\/strong> proszek<br \/>  <strong>Gramatura:<\/strong> g<br \/>  <strong>Pojemno\u015b\u0107:<\/strong> 360<br \/>  <strong>P\u0142e\u0107:<\/strong> unisex<br \/>  <strong>Rodzaj:<\/strong> pozosta\u0142e <\/p>\n","protected":false},"featured_media":45910,"comment_status":"open","ping_status":"closed","template":"","meta":{"_acf_changed":false},"kategoria-hurtowni":[206,205],"product_brand":[587],"product_cat":[76],"product_tag":[],"class_list":{"0":"post-45909","1":"product","2":"type-product","3":"status-publish","4":"has-post-thumbnail","6":"kategoria-hurtowni-suplementy-diety","7":"kategoria-hurtowni-zdrowie","8":"product_brand-osavi","9":"product_cat-primavera","11":"first","12":"outofstock","13":"taxable","14":"shipping-taxable","15":"product-type-simple"},"acf":[],"_links":{"self":[{"href":"https:\/\/premino.pl\/index.php?rest_route=\/wp\/v2\/product\/45909","targetHints":{"allow":["GET"]}}],"collection":[{"href":"https:\/\/premino.pl\/index.php?rest_route=\/wp\/v2\/product"}],"about":[{"href":"https:\/\/premino.pl\/index.php?rest_route=\/wp\/v2\/types\/product"}],"replies":[{"embeddable":true,"href":"https:\/\/premino.pl\/index.php?rest_route=%2Fwp%2Fv2%2Fcomments&post=45909"}],"wp:featuredmedia":[{"embeddable":true,"href":"https:\/\/premino.pl\/index.php?rest_route=\/wp\/v2\/media\/45910"}],"wp:attachment":[{"href":"https:\/\/premino.pl\/index.php?rest_route=%2Fwp%2Fv2%2Fmedia&parent=45909"}],"wp:term":[{"taxonomy":"kategoria-hurtowni","embeddable":true,"href":"https:\/\/premino.pl\/index.php?rest_route=%2Fwp%2Fv2%2Fkategoria-hurtowni&post=45909"},{"taxonomy":"product_brand","embeddable":true,"href":"https:\/\/premino.pl\/index.php?rest_route=%2Fwp%2Fv2%2Fproduct_brand&post=45909"},{"taxonomy":"product_cat","embeddable":true,"href":"https:\/\/premino.pl\/index.php?rest_route=%2Fwp%2Fv2%2Fproduct_cat&post=45909"},{"taxonomy":"product_tag","embeddable":true,"href":"https:\/\/premino.pl\/index.php?rest_route=%2Fwp%2Fv2%2Fproduct_tag&post=45909"}],"curies":[{"name":"wp","href":"https:\/\/api.w.org\/{rel}","templated":true}]}}