{"id":45925,"date":"2026-05-13T13:22:00","date_gmt":"2026-05-13T11:22:00","guid":{"rendered":"https:\/\/premino.pl\/?product=kolagen-hydrolizowany-typu-i-iii-suplement-diety-600g"},"modified":"2026-05-13T13:22:11","modified_gmt":"2026-05-13T11:22:11","slug":"kolagen-hydrolizowany-typu-i-iii-suplement-diety-600g","status":"publish","type":"product","link":"https:\/\/premino.pl\/?product=kolagen-hydrolizowany-typu-i-iii-suplement-diety-600g","title":{"rendered":"Kolagen hydrolizowany typu I &amp; III suplement diety 600g"},"content":{"rendered":"<p>Czy starasz si\u0119\u00a0dba\u0107 o sw\u00f3j organizm w kompleksowy spos\u00f3b?\u00a0Zadbany wygl\u0105d\u00a0oraz\u00a0bycie w formie\u00a0s\u0105 dla Ciebie priorytetem? Je\u015bli tak, rozwa\u017c\u00a0suplementacj\u0119 kolagenem, kt\u00f3ry mo\u017ce wesprze\u0107 Ci\u0119 w tych aspektach.<\/p>\n<p>W zale\u017cno\u015bci od typu, kolagen pe\u0142ni r\u00f3\u017cne\u00a0funkcje, odznacza si\u0119 inn\u0105\u00a0budow\u0105\u00a0oraz\u00a0miejscem wyst\u0119powania. Najbardziej rozpowszechniony to\u00a0kolagen typu I\u00a0(obecny w \u015bci\u0119gnach, ko\u015bciach, sk\u00f3rze i tkance podsk\u00f3rnej) oraz\u00a0kolagen typu III\u00a0(obecny w sk\u00f3rze, mi\u0119\u015bniach i naczyniach). G\u0142\u00f3wnym zadaniem kolagenu jest zapewnienie\u00a0wytrzyma\u0142o\u015bci mechanicznej\u00a0tkankom, w kt\u00f3rych si\u0119 znajduje.<\/p>\n<p>Osavi Hydrolizowany Kolagen typu I &#038; III\u00a0w formie proszku to\u00a0\u0142atwo przyswajalne,\u00a0wysokooczyszczone wo\u0142owe peptydy kolagenowe\u00a0o\u00a0neutralnym smaku i zapachu. Otrzymywane s\u0105 z kolagenu typu I i III, dzi\u0119ki czemu zawieraj\u0105 a\u017c\u00a018 aminokwas\u00f3w, w tym wysokie st\u0119\u017cenia podstawowych aminokwas\u00f3w budulcowych kolagenu:\u00a0glicyny, proliny i hydroksyproliny. Zawarte w nim peptydy pomagaj\u0105 w\u00a0utrzymaniu masy mi\u0119\u015bniowej, wspieraj\u0105 jej\u00a0wzrost\u00a0oraz pomagaj\u0105 w\u00a0utrzymaniu zdrowych ko\u015bci.<\/p>\n<p>Dzienna porcja dostarcza\u00a020g peptyd\u00f3w kolagenowych, kt\u00f3r\u0105 w prosty spos\u00f3b odmierzysz za pomoc\u0105 do\u0142\u0105czonej miarki. Kolagen mo\u017cna rozpu\u015bci\u0107 w\u00a0wodzie, sokach, koktajlach\u00a0czy dodawa\u0107 do posi\u0142k\u00f3w. To\u00a0\u0142atwy i przyjemny spos\u00f3b\u00a0na uzupe\u0142nienie diety w\u00a0niezb\u0119dne aminokwasy, kt\u00f3re s\u0105 materia\u0142em budulcowym bia\u0142ek kolagenowych.<\/p>\n<p><b>Co wyr\u00f3\u017cnia Hydrolizowany kolagen typu I &#038; III?<br \/><\/b>\u2022 Czysta etykieta (ang. clean label) &#8211; produkt nie zawiera \u017cadnych dodatk\u00f3w.<br \/>\u2022 Miarka w \u015brodku.<br \/>\u2022 Doskona\u0142a rozpuszczalno\u015b\u0107.<br \/>\u2022 Neutralny smak i zapach (bez smaku i zapachu).<br \/>\u2022 Wysoka zawarto\u015b\u0107 bia\u0142ka.<br \/>\u2022 Zawiera 18 aminokwas\u00f3w, w tym wysok\u0105 zawarto\u015b\u0107 glicyny, proliny i hydroksyproliny &#8211; podstawowych element\u00f3w budulcowych kolagenu<\/p>\n<p><b>Stosowanie:\u00a0<\/b>Rozpu\u015b\u0107 1 miark\u0119 proszku w 200 ml wody, ulubionego napoju lub dodaj bezpo\u015brednio do jedzenia. Dodaj produkt do przystawki, sa\u0142atki, \u015bniadania, koktajlu lub deseru.<\/p>\n<p><strong>Forma podania:<\/strong> proszek<br \/>\n<strong>Gramatura:<\/strong> g<br \/>\n<strong>Pojemno\u015b\u0107:<\/strong> 600<br \/>\n<strong>P\u0142e\u0107:<\/strong> unisex<br \/>\n<strong>Rodzaj:<\/strong> witaminy i minera\u0142y<\/p>\n<p><strong>Uwagi:<\/strong><\/p>\n<p>Nie nale\u017cy przekracza\u0107 zalecanej dziennej porcji. Suplement diety nie mo\u017ce by\u0107 stosowany jako substytut (zamiennik) zr\u00f3\u017cnicowanej diety. Dla utrzymania prawid\u0142owego stanu zdrowia nale\u017cy stosowa\u0107 zr\u00f3\u017cnicowan\u0105 diet\u0119 i prowadzi\u0107 zdrowy tryb \u017cycia. Przechowywa\u0107 w ciemnym i suchym miejscu w temperaturze pokojowej, w spos\u00f3b niedost\u0119pny dla ma\u0142ych dzieci.<\/p>\n<p><strong>Sk\u0142adniki:<\/strong><\/p>\n<p>Wo\u0142owe peptydy kolagenowe.<\/p>\n","protected":false},"excerpt":{"rendered":"<p> <strong>Forma podania:<\/strong> proszek<br \/>  <strong>Gramatura:<\/strong> g<br \/>  <strong>Pojemno\u015b\u0107:<\/strong> 600<br \/>  <strong>P\u0142e\u0107:<\/strong> unisex<br \/>  <strong>Rodzaj:<\/strong> witaminy i minera\u0142y <\/p>\n","protected":false},"featured_media":45926,"comment_status":"open","ping_status":"closed","template":"","meta":{"_acf_changed":false},"kategoria-hurtowni":[206,205],"product_brand":[587],"product_cat":[76],"product_tag":[],"class_list":{"0":"post-45925","1":"product","2":"type-product","3":"status-publish","4":"has-post-thumbnail","6":"kategoria-hurtowni-suplementy-diety","7":"kategoria-hurtowni-zdrowie","8":"product_brand-osavi","9":"product_cat-primavera","11":"first","12":"outofstock","13":"taxable","14":"shipping-taxable","15":"product-type-simple"},"acf":[],"_links":{"self":[{"href":"https:\/\/premino.pl\/index.php?rest_route=\/wp\/v2\/product\/45925","targetHints":{"allow":["GET"]}}],"collection":[{"href":"https:\/\/premino.pl\/index.php?rest_route=\/wp\/v2\/product"}],"about":[{"href":"https:\/\/premino.pl\/index.php?rest_route=\/wp\/v2\/types\/product"}],"replies":[{"embeddable":true,"href":"https:\/\/premino.pl\/index.php?rest_route=%2Fwp%2Fv2%2Fcomments&post=45925"}],"wp:featuredmedia":[{"embeddable":true,"href":"https:\/\/premino.pl\/index.php?rest_route=\/wp\/v2\/media\/45926"}],"wp:attachment":[{"href":"https:\/\/premino.pl\/index.php?rest_route=%2Fwp%2Fv2%2Fmedia&parent=45925"}],"wp:term":[{"taxonomy":"kategoria-hurtowni","embeddable":true,"href":"https:\/\/premino.pl\/index.php?rest_route=%2Fwp%2Fv2%2Fkategoria-hurtowni&post=45925"},{"taxonomy":"product_brand","embeddable":true,"href":"https:\/\/premino.pl\/index.php?rest_route=%2Fwp%2Fv2%2Fproduct_brand&post=45925"},{"taxonomy":"product_cat","embeddable":true,"href":"https:\/\/premino.pl\/index.php?rest_route=%2Fwp%2Fv2%2Fproduct_cat&post=45925"},{"taxonomy":"product_tag","embeddable":true,"href":"https:\/\/premino.pl\/index.php?rest_route=%2Fwp%2Fv2%2Fproduct_tag&post=45925"}],"curies":[{"name":"wp","href":"https:\/\/api.w.org\/{rel}","templated":true}]}}