{"id":45951,"date":"2026-05-13T13:57:58","date_gmt":"2026-05-13T11:57:58","guid":{"rendered":"https:\/\/premino.pl\/?product=kompleks-b-z-cholina-i-inozytolem-suplement-diety-60-kapsulek"},"modified":"2026-05-13T13:58:05","modified_gmt":"2026-05-13T11:58:05","slug":"kompleks-b-z-cholina-i-inozytolem-suplement-diety-60-kapsulek","status":"publish","type":"product","link":"https:\/\/premino.pl\/?product=kompleks-b-z-cholina-i-inozytolem-suplement-diety-60-kapsulek","title":{"rendered":"Kompleks-B z cholin\u0105 i inozytolem suplement diety 60 kapsu\u0142ek"},"content":{"rendered":"<p>Suplement diety w postaci kapsu\u0142ki twardej zawieraj\u0105cej kompleks 8 witamin z grupy B, wzbogacony w cholin\u0119 (VitaCholine\u00ae) i inozytol, nazywany witamin\u0105 B8.<\/p>\n<\/p>\n<p>\u2022\u00a0Witaminy B1,\u00a0B3,\u00a0B6,\u00a0B7\u00a0i\u00a0B12\u00a0wspieraj\u0105 utrzymanie prawid\u0142owych funkcji psychologicznych, funkcjonowanie uk\u0142adu nerwowego i metabolizm energetyczny.<br \/>\u2022\u00a0Witaminy B6,\u00a0B12\u00a0i\u00a0kwas foliowy\u00a0pomagaj\u0105 w prawid\u0142owym funkcjonowaniu uk\u0142adu odporno\u015bciowego.<br \/>\u2022\u00a0Witaminy B2,\u00a0B6,\u00a0B12,\u00a0kwas foliowy,\u00a0niacyna\u00a0i\u00a0kwas pantotenowy\u00a0przyczyniaj\u0105 si\u0119 do zmniejszenia uczucia zm\u0119czenia i znu\u017cenia.<br \/>\u2022\u00a0Kwas\u00a0foliowy,\u00a0witaminy B6\u00a0i\u00a0B12\u00a0oraz\u00a0cholina\u00a0pomagaj\u0105 w utrzymaniu prawid\u0142owego metabolizmu homocysteiny.<\/p>\n<p><b>Stosowanie: <\/b>1 kapsu\u0142ka. Po\u0142knij kapsu\u0142k\u0119 popijaj\u0105c wod\u0105. Najlepiej przyjmowa\u0107 rano.<\/p>\n<p><strong>Forma podania:<\/strong> kapsu\u0142ki<br \/>\n<strong>Gramatura:<\/strong> sztuka<br \/>\n<strong>Pojemno\u015b\u0107:<\/strong> 60<br \/>\n<strong>P\u0142e\u0107:<\/strong> unisex<br \/>\n<strong>Rodzaj:<\/strong> witaminy i minera\u0142y<\/p>\n<p><strong>Uwagi:<\/strong><\/p>\n<p>Nie nale\u017cy przekracza\u0107 zalecanej dziennej porcji. Suplement diety nie mo\u017ce by\u0107 stosowany jako substytut (zamiennik) zr\u00f3\u017cnicowanej diety. Dla utrzymania prawid\u0142owego stanu zdrowia nale\u017cy stosowa\u0107 zr\u00f3\u017cnicowan\u0105 diet\u0119 i prowadzi\u0107 zdrowy tryb \u017cycia. Przechowywa\u0107 w ciemnym i suchym miejscu w temperaturze pokojowej, w spos\u00f3b niedost\u0119pny dla ma\u0142ych dzieci.<\/p>\n<p><strong>Sk\u0142adniki:<\/strong><\/p>\n<p>Inulina, otoczka (hydroksypropylometyloceluloza), dwuwinian choliny, D-pantotenian wapnia, inozytol, chlorowodorek tiaminy, ryboflawina, amid kwasu nikotynowego,, chlorowodorek pirydoksyny, L-metylofolian wapnia, metylokobalamina, D-biotyna.<\/p>\n","protected":false},"excerpt":{"rendered":"<p> <strong>Forma podania:<\/strong> kapsu\u0142ki<br \/>  <strong>Gramatura:<\/strong> sztuka<br \/>  <strong>Pojemno\u015b\u0107:<\/strong> 60<br \/>  <strong>P\u0142e\u0107:<\/strong> unisex<br \/>  <strong>Rodzaj:<\/strong> witaminy i minera\u0142y <\/p>\n","protected":false},"featured_media":45952,"comment_status":"open","ping_status":"closed","template":"","meta":{"_acf_changed":false},"kategoria-hurtowni":[206,205],"product_brand":[587],"product_cat":[76],"product_tag":[],"class_list":{"0":"post-45951","1":"product","2":"type-product","3":"status-publish","4":"has-post-thumbnail","6":"kategoria-hurtowni-suplementy-diety","7":"kategoria-hurtowni-zdrowie","8":"product_brand-osavi","9":"product_cat-primavera","11":"first","12":"outofstock","13":"taxable","14":"shipping-taxable","15":"product-type-simple"},"acf":[],"_links":{"self":[{"href":"https:\/\/premino.pl\/index.php?rest_route=\/wp\/v2\/product\/45951","targetHints":{"allow":["GET"]}}],"collection":[{"href":"https:\/\/premino.pl\/index.php?rest_route=\/wp\/v2\/product"}],"about":[{"href":"https:\/\/premino.pl\/index.php?rest_route=\/wp\/v2\/types\/product"}],"replies":[{"embeddable":true,"href":"https:\/\/premino.pl\/index.php?rest_route=%2Fwp%2Fv2%2Fcomments&post=45951"}],"wp:featuredmedia":[{"embeddable":true,"href":"https:\/\/premino.pl\/index.php?rest_route=\/wp\/v2\/media\/45952"}],"wp:attachment":[{"href":"https:\/\/premino.pl\/index.php?rest_route=%2Fwp%2Fv2%2Fmedia&parent=45951"}],"wp:term":[{"taxonomy":"kategoria-hurtowni","embeddable":true,"href":"https:\/\/premino.pl\/index.php?rest_route=%2Fwp%2Fv2%2Fkategoria-hurtowni&post=45951"},{"taxonomy":"product_brand","embeddable":true,"href":"https:\/\/premino.pl\/index.php?rest_route=%2Fwp%2Fv2%2Fproduct_brand&post=45951"},{"taxonomy":"product_cat","embeddable":true,"href":"https:\/\/premino.pl\/index.php?rest_route=%2Fwp%2Fv2%2Fproduct_cat&post=45951"},{"taxonomy":"product_tag","embeddable":true,"href":"https:\/\/premino.pl\/index.php?rest_route=%2Fwp%2Fv2%2Fproduct_tag&post=45951"}],"curies":[{"name":"wp","href":"https:\/\/api.w.org\/{rel}","templated":true}]}}