{"id":45981,"date":"2026-05-13T13:58:09","date_gmt":"2026-05-13T11:58:09","guid":{"rendered":"https:\/\/premino.pl\/?product=digest-ultimate-suplement-diety-60-kapsulek"},"modified":"2026-05-13T13:58:13","modified_gmt":"2026-05-13T11:58:13","slug":"digest-ultimate-suplement-diety-60-kapsulek","status":"publish","type":"product","link":"https:\/\/premino.pl\/?product=digest-ultimate-suplement-diety-60-kapsulek","title":{"rendered":"Digest Ultimate suplement diety 60 kapsu\u0142ek"},"content":{"rendered":"<p>Digest Ultimate to silna, opatentowana kombinacja enzym\u00f3w trawiennych, wytwarzanych w procesie kontrolowanej fermentacji wyselekcjonowanych szczep\u00f3w mikroorganizm\u00f3w. Formu\u0142a jest stabilna w ca\u0142ym zakresie pH przewodu pokarmowego.<\/p>\n<p>Ta kompleksowa formu\u0142a wspieraj\u0105ca trawienie pomaga optymalizowa\u0107 wch\u0142anianie sk\u0142adnik\u00f3w od\u017cywczych, wspomagaj\u0105c rozk\u0142ad bia\u0142ek, w\u0119glowodan\u00f3w i t\u0142uszcz\u00f3w, a tak\u017ce nabia\u0142u, zb\u00f3\u017c oraz trudno strawnych w\u0142\u00f3kien obecnych m.in. w warzywach i ro\u015blinach str\u0105czkowych.<\/p>\n<p>Dodatkowo Digest Ultimate jest odpowiedni dla wegetarian.<\/p>\n<p><b>SPOS\u00d3B U\u017bYCIA:<\/b>\u00a0Przyjmuj 1 kapsu\u0142k\u0119 z posi\u0142kiem.<\/p>\n<p><b>ZALECANA PORCJA DZIENNA:<\/b>\u00a01 kapsu\u0142ka. Nie nale\u017cy przekracza\u0107 zalecanej dziennej porcji do spo\u017cycia.<\/p>\n<p><b>SPOS\u00d3B PRZECHOWYWANIA:<\/b>\u00a0Przechowywa\u0107 w suchym i ch\u0142odnym miejscu. Suplementy diety powinny by\u0107 przechowywane w spos\u00f3b niedost\u0119pny dla ma\u0142ych dzieci.<\/p>\n<p><strong>Forma podania:<\/strong> kapsu\u0142ki<br \/>\n<strong>Gramatura:<\/strong> sztuka<br \/>\n<strong>Pojemno\u015b\u0107:<\/strong> 60<br \/>\n<strong>P\u0142e\u0107:<\/strong> unisex<br \/>\n<strong>Rodzaj:<\/strong> pozosta\u0142e<\/p>\n<p><strong>Uwagi:<\/strong><\/p>\n<p><b>UWAGA!:<\/b>\u00a0Tylko dla doros\u0142ych. Produkt nie mo\u017ce by\u0107 stosowany jako substytut (zamiennik) zr\u00f3\u017cnicowanej diety.\u00a0<\/p>\n<p><strong>Sk\u0142adniki:<\/strong><\/p>\n<p>Digest Ultimate (Proteaza 4.5 (z Aspergillus oryzae) 82, Bromelaina (z ananasa), Ksylanaza (z Trichoderma longibrachiatum), Proteaza 6.0 (z Aspergillus oryzae), Pektynaza (z Aspergillus niger), Laktaza (z Aspergillus Oryzae), Neutralna proteaza bakteryjna (z Bacillus subtilis), Stabilna kwasowo proteaza 3.0 (z Aspergillus niger), Peptydaza (z Aspergillus oryzae), Lipaza (z Candida Rugosa), Glukoamylaza (z Aspergillus niger), Celulaza (z Trichoderma longibrachiatum), Beta-glukanaza (z Trichoderma longibrachiatum), Hemicelulaza (z Aspergillus niger) 1, Inwertaza (z Saccharomyces cerevisiae), Alfa-galaktoza (z Aspergillus niger), Fitaza (z Aspergillus niger), Amylaza (z Aspergillus oryzae), Maltaza (z Rhizopus oryzae)), Otoczka kapsu\u0142ki: celuloza i MCT (tr\u00f3jglicerydy o \u015bredniej d\u0142ugo\u015bci \u0142a\u0144cucha). Nie zawiera alergen\u00f3w:\u00a0<b>pszenicy<\/b>,\u00a0<b>glutenu<\/b>,\u00a0<b>soi<\/b>,\u00a0<b>mleka<\/b>,\u00a0<b>jaj<\/b>,\u00a0<b>ryb<\/b>\u00a0lub\u00a0<b>skorupiak\u00f3w<\/b>. Wyprodukowano w obiekcie GMP, kt\u00f3ry przetwarza inne sk\u0142adniki zawieraj\u0105ce te alergeny.<\/p>\n","protected":false},"excerpt":{"rendered":"<p> <strong>Forma podania:<\/strong> kapsu\u0142ki<br \/>  <strong>Gramatura:<\/strong> sztuka<br \/>  <strong>Pojemno\u015b\u0107:<\/strong> 60<br \/>  <strong>P\u0142e\u0107:<\/strong> unisex<br \/>  <strong>Rodzaj:<\/strong> pozosta\u0142e <\/p>\n","protected":false},"featured_media":45982,"comment_status":"open","ping_status":"closed","template":"","meta":{"_acf_changed":false},"kategoria-hurtowni":[206,205],"product_brand":[591],"product_cat":[76],"product_tag":[],"class_list":{"0":"post-45981","1":"product","2":"type-product","3":"status-publish","4":"has-post-thumbnail","6":"kategoria-hurtowni-suplementy-diety","7":"kategoria-hurtowni-zdrowie","8":"product_brand-now-foods","9":"product_cat-primavera","11":"first","12":"outofstock","13":"taxable","14":"shipping-taxable","15":"product-type-simple"},"acf":[],"_links":{"self":[{"href":"https:\/\/premino.pl\/index.php?rest_route=\/wp\/v2\/product\/45981","targetHints":{"allow":["GET"]}}],"collection":[{"href":"https:\/\/premino.pl\/index.php?rest_route=\/wp\/v2\/product"}],"about":[{"href":"https:\/\/premino.pl\/index.php?rest_route=\/wp\/v2\/types\/product"}],"replies":[{"embeddable":true,"href":"https:\/\/premino.pl\/index.php?rest_route=%2Fwp%2Fv2%2Fcomments&post=45981"}],"wp:featuredmedia":[{"embeddable":true,"href":"https:\/\/premino.pl\/index.php?rest_route=\/wp\/v2\/media\/45982"}],"wp:attachment":[{"href":"https:\/\/premino.pl\/index.php?rest_route=%2Fwp%2Fv2%2Fmedia&parent=45981"}],"wp:term":[{"taxonomy":"kategoria-hurtowni","embeddable":true,"href":"https:\/\/premino.pl\/index.php?rest_route=%2Fwp%2Fv2%2Fkategoria-hurtowni&post=45981"},{"taxonomy":"product_brand","embeddable":true,"href":"https:\/\/premino.pl\/index.php?rest_route=%2Fwp%2Fv2%2Fproduct_brand&post=45981"},{"taxonomy":"product_cat","embeddable":true,"href":"https:\/\/premino.pl\/index.php?rest_route=%2Fwp%2Fv2%2Fproduct_cat&post=45981"},{"taxonomy":"product_tag","embeddable":true,"href":"https:\/\/premino.pl\/index.php?rest_route=%2Fwp%2Fv2%2Fproduct_tag&post=45981"}],"curies":[{"name":"wp","href":"https:\/\/api.w.org\/{rel}","templated":true}]}}