{"id":46244,"date":"2026-05-13T14:07:38","date_gmt":"2026-05-13T12:07:38","guid":{"rendered":"https:\/\/premino.pl\/?product=oud-mystery-intense-mgielka-do-ciala-250ml"},"modified":"2026-05-13T14:07:43","modified_gmt":"2026-05-13T12:07:43","slug":"oud-mystery-intense-mgielka-do-ciala-250ml","status":"publish","type":"product","link":"https:\/\/premino.pl\/?product=oud-mystery-intense-mgielka-do-ciala-250ml","title":{"rendered":"Oud Mystery Intense mgie\u0142ka do cia\u0142a 250ml"},"content":{"rendered":"<p>Oud Mystery Intense to zapach, kt\u00f3ry hipnotyzuje swoj\u0105 g\u0142\u0119bi\u0105 i zmys\u0142owo\u015bci\u0105. Bogactwo oudu \u2013 jednego z najcenniejszych sk\u0142adnik\u00f3w orientalnej perfumerii \u2013 tworzy kompozycj\u0119 pe\u0142n\u0105 intensywnych, tajemniczych akord\u00f3w, kt\u00f3ra pozostawia niezapomniane wra\u017cenie.<\/p>\n<p><b>Nuty zapachowe:<br \/><\/b><br \/><b>Nuta g\u0142owy: <\/b>lawenda, szafran, ga\u0142ka muszkato\u0142owa<br \/><b>Nuta serca: <\/b>oud<br \/><b>Nuta bazy: <\/b>pi\u017cmo, paczula<\/p>\n<p><strong>Gramatura:<\/strong> ml<br \/>\n<strong>Linia k\u0105pielowa:<\/strong> mgie\u0142ka do cia\u0142a<br \/>\n<strong>Nuta bazy:<\/strong> paczula, pi\u017cmo<br \/>\n<strong>Nuta g\u0142owy:<\/strong> ga\u0142ka muszkato\u0142owa, lawenda, szafran<br \/>\n<strong>Nuta g\u0142\u00f3wna:<\/strong> drzewne, przyprawowe<br \/>\n<strong>Nuta serca:<\/strong> oud<br \/>\n<strong>Pojemno\u015b\u0107:<\/strong> 250<br \/>\n<strong>P\u0142e\u0107:<\/strong> unisex<\/p>\n<p><strong>Uwagi:<\/strong><\/p>\n<p>Produkt przechowywa\u0107 z dala od ognia i \u017ar\u00f3de\u0142 ciep\u0142a. Trzyma\u0107 w miejscu niedost\u0119pnym dla dzieci. Nie stosowa\u0107 na podra\u017cnion\u0105 lub uszkodzon\u0105 sk\u00f3r\u0119. Unika\u0107 kontaktu z oczami.<\/p>\n<p><strong>Sk\u0142adniki:<\/strong><\/p>\n<p>Alcohol Denat., Aqua, Parfum, Glycerin, Ethylhexyl Salicylate, Ethylhexyl Methoxycinnamate, Butyl Methoxydibenzoylmethane, Buthylated Hydroxytoluene, Linalool, Hexyl Cinnamal, Limonene, Benzyl Alcohol, Amyl Cinnamal, Cinnamyl Alcohol, Citral, Citronellol, Farnesol, Geraniol, CI 17200, CI 19140.<\/p>\n","protected":false},"excerpt":{"rendered":"<p> <strong>Gramatura:<\/strong> ml<br \/>  <strong>Linia k\u0105pielowa:<\/strong> mgie\u0142ka do cia\u0142a<br \/>  <strong>Nuta bazy:<\/strong> paczula, pi\u017cmo<br \/>  <strong>Nuta g\u0142owy:<\/strong> ga\u0142ka muszkato\u0142owa, lawenda, szafran<br \/>  <strong>Nuta g\u0142\u00f3wna:<\/strong> drzewne, przyprawowe<br \/>  <strong>Nuta serca:<\/strong> oud<br \/>  <strong>Pojemno\u015b\u0107:<\/strong> 250<br \/>  <strong>P\u0142e\u0107:<\/strong> unisex <\/p>\n","protected":false},"featured_media":46245,"comment_status":"open","ping_status":"closed","template":"","meta":{"_acf_changed":false},"kategoria-hurtowni":[120,87],"product_brand":[600],"product_cat":[76],"product_tag":[],"class_list":{"0":"post-46244","1":"product","2":"type-product","3":"status-publish","4":"has-post-thumbnail","6":"kategoria-hurtowni-linia-kapielowa","7":"kategoria-hurtowni-perfumy","8":"product_brand-al-wataniah","9":"product_cat-primavera","11":"first","12":"outofstock","13":"taxable","14":"shipping-taxable","15":"product-type-simple"},"acf":[],"_links":{"self":[{"href":"https:\/\/premino.pl\/index.php?rest_route=\/wp\/v2\/product\/46244","targetHints":{"allow":["GET"]}}],"collection":[{"href":"https:\/\/premino.pl\/index.php?rest_route=\/wp\/v2\/product"}],"about":[{"href":"https:\/\/premino.pl\/index.php?rest_route=\/wp\/v2\/types\/product"}],"replies":[{"embeddable":true,"href":"https:\/\/premino.pl\/index.php?rest_route=%2Fwp%2Fv2%2Fcomments&post=46244"}],"wp:featuredmedia":[{"embeddable":true,"href":"https:\/\/premino.pl\/index.php?rest_route=\/wp\/v2\/media\/46245"}],"wp:attachment":[{"href":"https:\/\/premino.pl\/index.php?rest_route=%2Fwp%2Fv2%2Fmedia&parent=46244"}],"wp:term":[{"taxonomy":"kategoria-hurtowni","embeddable":true,"href":"https:\/\/premino.pl\/index.php?rest_route=%2Fwp%2Fv2%2Fkategoria-hurtowni&post=46244"},{"taxonomy":"product_brand","embeddable":true,"href":"https:\/\/premino.pl\/index.php?rest_route=%2Fwp%2Fv2%2Fproduct_brand&post=46244"},{"taxonomy":"product_cat","embeddable":true,"href":"https:\/\/premino.pl\/index.php?rest_route=%2Fwp%2Fv2%2Fproduct_cat&post=46244"},{"taxonomy":"product_tag","embeddable":true,"href":"https:\/\/premino.pl\/index.php?rest_route=%2Fwp%2Fv2%2Fproduct_tag&post=46244"}],"curies":[{"name":"wp","href":"https:\/\/api.w.org\/{rel}","templated":true}]}}