{"id":46254,"date":"2026-05-13T14:07:44","date_gmt":"2026-05-13T12:07:44","guid":{"rendered":"https:\/\/premino.pl\/?product=tibyan-mgielka-do-ciala-250ml"},"modified":"2026-05-13T14:07:46","modified_gmt":"2026-05-13T12:07:46","slug":"tibyan-mgielka-do-ciala-250ml","status":"publish","type":"product","link":"https:\/\/premino.pl\/?product=tibyan-mgielka-do-ciala-250ml","title":{"rendered":"Tibyan mgie\u0142ka do cia\u0142a 250ml"},"content":{"rendered":"<p>Odkryj urzekaj\u0105cy \u015bwiat Tibyan \u2013 zapachu, kt\u00f3ry splata zmys\u0142ow\u0105 opowie\u015b\u0107 pe\u0142n\u0105 elegancji. Ju\u017c pierwsze nuty orchidei, heliotropu i mandarynki otulaj\u0105 zmys\u0142y kwiatowo-cytrusow\u0105 symfoni\u0105. W sercu kompozycji rozkwita harmonijne po\u0142\u0105czenie akordu gourmand i tropikalnych owoc\u00f3w, tworz\u0105c nieodparty urok. Ca\u0142o\u015b\u0107 dope\u0142nia g\u0142\u0119bokie ciep\u0142o wanilii, pi\u017cma i drzewa sanda\u0142owego, pozostawiaj\u0105c hipnotyzuj\u0105cy, trwa\u0142y \u015blad.<\/p>\n<p><b>Nuty zapachowe:<br \/><\/b><br \/><b>Nuta g\u0142owy: <\/b>orchidea, heliotrop, mandarynka<br \/><b>Nuta serca: <\/b>akord gourmand, owoce tropikalne<br \/><b>Nuta bazy: <\/b>wanilia, pi\u017cmo, drzewo sanda\u0142owe<\/p>\n<p><strong>Dla dzieci:<\/strong> Nie<br \/>\n<strong>Gramatura:<\/strong> ml<br \/>\n<strong>Linia k\u0105pielowa:<\/strong> mgie\u0142ka do cia\u0142a<br \/>\n<strong>Nuta bazy:<\/strong> drzewo sanda\u0142owe, pi\u017cmo, wanilia<br \/>\n<strong>Nuta g\u0142owy:<\/strong> heliotrop, mandarynka, orchidea<br \/>\n<strong>Nuta g\u0142\u00f3wna:<\/strong> kwiatowe, owocowe<br \/>\n<strong>Nuta serca:<\/strong> akord gourmand, owoce tropikalne<br \/>\n<strong>Pojemno\u015b\u0107:<\/strong> 250<br \/>\n<strong>P\u0142e\u0107:<\/strong> damski<\/p>\n<p><strong>Uwagi:<\/strong><\/p>\n<p>Produkt \u0142atwopalny. Przechowywa\u0107 z dala od ognia i \u017ar\u00f3de\u0142 ciep\u0142a. Trzyma\u0107 w miejscu niedost\u0119pnym dla dzieci. Nie stosowa\u0107 na podra\u017cnion\u0105 lub uszkodzon\u0105 sk\u00f3r\u0119. Unika\u0107 kontaktu z oczami.<\/p>\n<p><strong>Sk\u0142adniki:<\/strong><\/p>\n<p>ALCOHOL DENAT, PARFUM, AQUA, BUTYLATED HYDROXYTOLUENE, LIMONENE, LINALOOL, ALPHA ISOMETHYLIONONE, FARNESOL, ISOEUGENAL, BENZYL SALICYLATE, CITRAL, CITRONELLOL, EUGENOL, METHYL &NBSP; 2-OCTYNOATE, ANISE ALCOHOL, HEXYL CINNAMAL, HYDROXYCITRONELLAL, BENZYL ALCOHOL, BENZYL &NBSP; BENZOATE<\/p>\n","protected":false},"excerpt":{"rendered":"<p> <strong>Dla dzieci:<\/strong> Nie<br \/>  <strong>Gramatura:<\/strong> ml<br \/>  <strong>Linia k\u0105pielowa:<\/strong> mgie\u0142ka do cia\u0142a<br \/>  <strong>Nuta bazy:<\/strong> drzewo sanda\u0142owe, pi\u017cmo, wanilia<br \/>  <strong>Nuta g\u0142owy:<\/strong> heliotrop, mandarynka, orchidea<br \/>  <strong>Nuta g\u0142\u00f3wna:<\/strong> kwiatowe, owocowe<br \/>  <strong>Nuta serca:<\/strong> akord gourmand, owoce tropikalne<br \/>  <strong>Pojemno\u015b\u0107:<\/strong> 250<br \/>  <strong>P\u0142e\u0107:<\/strong> damski <\/p>\n","protected":false},"featured_media":46255,"comment_status":"open","ping_status":"closed","template":"","meta":{"_acf_changed":false},"kategoria-hurtowni":[120,87],"product_brand":[600],"product_cat":[76],"product_tag":[],"class_list":{"0":"post-46254","1":"product","2":"type-product","3":"status-publish","4":"has-post-thumbnail","6":"kategoria-hurtowni-linia-kapielowa","7":"kategoria-hurtowni-perfumy","8":"product_brand-al-wataniah","9":"product_cat-primavera","11":"first","12":"outofstock","13":"taxable","14":"shipping-taxable","15":"product-type-simple"},"acf":[],"_links":{"self":[{"href":"https:\/\/premino.pl\/index.php?rest_route=\/wp\/v2\/product\/46254","targetHints":{"allow":["GET"]}}],"collection":[{"href":"https:\/\/premino.pl\/index.php?rest_route=\/wp\/v2\/product"}],"about":[{"href":"https:\/\/premino.pl\/index.php?rest_route=\/wp\/v2\/types\/product"}],"replies":[{"embeddable":true,"href":"https:\/\/premino.pl\/index.php?rest_route=%2Fwp%2Fv2%2Fcomments&post=46254"}],"wp:featuredmedia":[{"embeddable":true,"href":"https:\/\/premino.pl\/index.php?rest_route=\/wp\/v2\/media\/46255"}],"wp:attachment":[{"href":"https:\/\/premino.pl\/index.php?rest_route=%2Fwp%2Fv2%2Fmedia&parent=46254"}],"wp:term":[{"taxonomy":"kategoria-hurtowni","embeddable":true,"href":"https:\/\/premino.pl\/index.php?rest_route=%2Fwp%2Fv2%2Fkategoria-hurtowni&post=46254"},{"taxonomy":"product_brand","embeddable":true,"href":"https:\/\/premino.pl\/index.php?rest_route=%2Fwp%2Fv2%2Fproduct_brand&post=46254"},{"taxonomy":"product_cat","embeddable":true,"href":"https:\/\/premino.pl\/index.php?rest_route=%2Fwp%2Fv2%2Fproduct_cat&post=46254"},{"taxonomy":"product_tag","embeddable":true,"href":"https:\/\/premino.pl\/index.php?rest_route=%2Fwp%2Fv2%2Fproduct_tag&post=46254"}],"curies":[{"name":"wp","href":"https:\/\/api.w.org\/{rel}","templated":true}]}}