{"id":46324,"date":"2026-05-13T14:08:02","date_gmt":"2026-05-13T12:08:02","guid":{"rendered":"https:\/\/premino.pl\/?product=jasmine-renewing-body-cleanser-zel-pod-prysznic-250ml"},"modified":"2026-05-13T14:08:07","modified_gmt":"2026-05-13T12:08:07","slug":"jasmine-renewing-body-cleanser-zel-pod-prysznic-250ml","status":"publish","type":"product","link":"https:\/\/premino.pl\/?product=jasmine-renewing-body-cleanser-zel-pod-prysznic-250ml","title":{"rendered":"Jasmine Renewing Body Cleanser \u017cel pod prysznic 250ml"},"content":{"rendered":"<p>\u017bel pod prysznic KORRES Jasmine delikatnie oczyszcza sk\u00f3r\u0119, jednocze\u015bnie pomagaj\u0105c zachowa\u0107 jej naturalny poziom nawil\u017cenia. Formu\u0142a typu gel-to-foam zapewnia przyjemne, codzienne mycie oraz uczucie komfortu i \u015bwie\u017co\u015bci.<\/p>\n<p>Zawiera ekstrakt z aloesu, proteiny pszenicy oraz ekstrakt z prawo\u015blazu, kt\u00f3re wspieraj\u0105 nawil\u017cenie i mi\u0119kko\u015b\u0107 sk\u00f3ry. Subtelny zapach \u015bwie\u017co rozkwit\u0142ego ja\u015bminu otula cia\u0142o i nadaje k\u0105pieli relaksuj\u0105cy charakter.<\/p>\n<p>Typ sk\u00f3ry: odpowiedni do wszystkich typ\u00f3w sk\u00f3ry<br \/>Sk\u0142adniki pochodzenia naturalnego: 91,9%<\/p>\n<p><b>Spos\u00f3b u\u017cycia:<\/b> Delikatnie wmasuj w wilgotn\u0105 sk\u00f3r\u0119, a nast\u0119pnie dok\u0142adnie sp\u0142ucz du\u017c\u0105 ilo\u015bci\u0105 wody. Unikaj kontaktu z oczami. Idealny do codziennego stosowania.<\/p>\n<p><strong>Dzia\u0142anie:<\/strong> nawil\u017caj\u0105ce, oczyszczaj\u0105ce, od\u015bwie\u017ca, wyg\u0142adza, zmi\u0119kcza<br \/>\n<strong>Gramatura:<\/strong> ml<br \/>\n<strong>Konsystencja:<\/strong> \u017cel<br \/>\n<strong>Linie elitarne:<\/strong> tak<br \/>\n<strong>Lokalizacja:<\/strong> ca\u0142e cia\u0142o<br \/>\n<strong>Piel\u0119gnacja cia\u0142a:<\/strong> tak<br \/>\n<strong>Pojemno\u015b\u0107:<\/strong> 250<br \/>\n<strong>P\u0142e\u0107:<\/strong> damski<br \/>\n<strong>S\u0142o\u0144ce:<\/strong> nie<\/p>\n<p><strong>Uwagi:<\/strong><\/p>\n<p>W przypadku dostania si\u0119 do oczu, natychmiast przemyj je du\u017c\u0105 ilo\u015bci\u0105 czystej wody i je\u015bli wyst\u0105pi podra\u017cnienie, skonsultuj si\u0119 z lekarzem.<\/p>\n<p><strong>Sk\u0142adniki:<\/strong><\/p>\n<p>AQUA\/WATER\/EAU, SODIUM LAURETH SULFATE, COCAMIDOPROPYL BETAINE, SODIUM COCOYL ISETHIONATE, COCO-GLUCOSIDE, GLYCERYL OLEATE, ALOE BARBADENSIS LEAF JUICE POWDER, ALTHAEA OFFICINALIS ROOT EXTRACT, ARGININE, CASTORYL MALEATE, CITRIC ACID, GUAR HYDROXYPROPYLTRIMONIUM CHLORIDE, HYDROLYZED WHEAT GLUTEN, LACTIC ACID, POLYQUATERNIUM-7,SODIUM GLUCONATE, TOCOPHEROL, BENZYL ALCOHOL, IMIDAZOLIDINYL UREA, PHENOXYETHANOL, POTASSIUM SORBATE, SODIUM BENZOATE, SODIUM DE HYDROACETATE, PARFUM\/FRAGRANCE.<\/p>\n","protected":false},"excerpt":{"rendered":"<p> <strong>Dzia\u0142anie:<\/strong> nawil\u017caj\u0105ce, oczyszczaj\u0105ce, od\u015bwie\u017ca, wyg\u0142adza, zmi\u0119kcza<br \/>  <strong>Gramatura:<\/strong> ml<br \/>  <strong>Konsystencja:<\/strong> \u017cel<br \/>  <strong>Linie elitarne:<\/strong> tak<br \/>  <strong>Lokalizacja:<\/strong> ca\u0142e cia\u0142o<br \/>  <strong>Piel\u0119gnacja cia\u0142a:<\/strong> tak<br \/>  <strong>Pojemno\u015b\u0107:<\/strong> 250<br \/>  <strong>P\u0142e\u0107:<\/strong> damski<br \/>  <strong>S\u0142o\u0144ce:<\/strong> nie <\/p>\n","protected":false},"featured_media":46325,"comment_status":"open","ping_status":"closed","template":"","meta":{"_acf_changed":false},"kategoria-hurtowni":[90,91],"product_brand":[603],"product_cat":[76],"product_tag":[],"class_list":{"0":"post-46324","1":"product","2":"type-product","3":"status-publish","4":"has-post-thumbnail","6":"kategoria-hurtowni-pielegnacja","7":"kategoria-hurtowni-pielegnacja-ciala","8":"product_brand-korres","9":"product_cat-primavera","11":"first","12":"outofstock","13":"taxable","14":"shipping-taxable","15":"product-type-simple"},"acf":[],"_links":{"self":[{"href":"https:\/\/premino.pl\/index.php?rest_route=\/wp\/v2\/product\/46324","targetHints":{"allow":["GET"]}}],"collection":[{"href":"https:\/\/premino.pl\/index.php?rest_route=\/wp\/v2\/product"}],"about":[{"href":"https:\/\/premino.pl\/index.php?rest_route=\/wp\/v2\/types\/product"}],"replies":[{"embeddable":true,"href":"https:\/\/premino.pl\/index.php?rest_route=%2Fwp%2Fv2%2Fcomments&post=46324"}],"wp:featuredmedia":[{"embeddable":true,"href":"https:\/\/premino.pl\/index.php?rest_route=\/wp\/v2\/media\/46325"}],"wp:attachment":[{"href":"https:\/\/premino.pl\/index.php?rest_route=%2Fwp%2Fv2%2Fmedia&parent=46324"}],"wp:term":[{"taxonomy":"kategoria-hurtowni","embeddable":true,"href":"https:\/\/premino.pl\/index.php?rest_route=%2Fwp%2Fv2%2Fkategoria-hurtowni&post=46324"},{"taxonomy":"product_brand","embeddable":true,"href":"https:\/\/premino.pl\/index.php?rest_route=%2Fwp%2Fv2%2Fproduct_brand&post=46324"},{"taxonomy":"product_cat","embeddable":true,"href":"https:\/\/premino.pl\/index.php?rest_route=%2Fwp%2Fv2%2Fproduct_cat&post=46324"},{"taxonomy":"product_tag","embeddable":true,"href":"https:\/\/premino.pl\/index.php?rest_route=%2Fwp%2Fv2%2Fproduct_tag&post=46324"}],"curies":[{"name":"wp","href":"https:\/\/api.w.org\/{rel}","templated":true}]}}