{"id":46410,"date":"2026-05-13T14:08:36","date_gmt":"2026-05-13T12:08:36","guid":{"rendered":"https:\/\/premino.pl\/?product=les-jeux-sont-faits-woda-perfumowana-spray-100ml"},"modified":"2026-05-13T14:08:37","modified_gmt":"2026-05-13T12:08:37","slug":"les-jeux-sont-faits-woda-perfumowana-spray-100ml","status":"publish","type":"product","link":"https:\/\/premino.pl\/?product=les-jeux-sont-faits-woda-perfumowana-spray-100ml","title":{"rendered":"Les Jeux sont Faits woda perfumowana spray 100ml"},"content":{"rendered":"<p>Bez kompromis\u00f3w. Ta intensywna esencja podkre\u015bla odwag\u0119, zdecydowanie i m\u0119ski charakter tych, kt\u00f3rzy nie boj\u0105 si\u0119 ryzyka. Dla ludzi, kt\u00f3rzy stawiaj\u0105 wszystko na jedn\u0105 kart\u0119, wybieraj\u0105 czerwone, nieparzyste i wysokie liczby, a przy tym z jednakow\u0105 swobod\u0105 odnajduj\u0105 si\u0119 w pulsuj\u0105cym rytmie walki bokserskiej, jak i w eleganckim, pe\u0142nym napi\u0119cia klimacie kasyna.<\/p>\n<p><b>Nuty zapachowe:<br \/><\/b><br \/><b>Nuta g\u0142owy: <\/b>dzi\u0119giel, suszone owoce, petitgrain<br \/><b>Nuta serca: <\/b>li\u015b\u0107 tytoniu, rum, kmin, gin<br \/><b>Nuta bazy: <\/b>labdanum, paczula, drzewo sanda\u0142owe, wanilia<\/p>\n<p><strong>Gramatura:<\/strong> ml<br \/>\n<strong>Linia k\u0105pielowa:<\/strong> nie<br \/>\n<strong>Miniatura:<\/strong> nie<br \/>\n<strong>Nuta bazy:<\/strong> drzewo sanda\u0142owe, labdanum, paczula, wanilia<br \/>\n<strong>Nuta g\u0142owy:<\/strong> dzi\u0119giel, petitgrain, suszone owoce<br \/>\n<strong>Nuta g\u0142\u00f3wna:<\/strong> aromatyczne, drzewne<br \/>\n<strong>Nuta serca:<\/strong> gin, kmin, li\u015b\u0107 tytoniu, rum<br \/>\n<strong>Pojemno\u015b\u0107:<\/strong> 100<br \/>\n<strong>Produkt rzadki:<\/strong> tak<br \/>\n<strong>Pr\u00f3bka:<\/strong> nie<br \/>\n<strong>P\u0142e\u0107:<\/strong> m\u0119ski<br \/>\n<strong>Rodzaj:<\/strong> woda perfumowana<br \/>\n<strong>Tester:<\/strong> nie<br \/>\n<strong>Zapach alternatywny:<\/strong> nie<br \/>\n<strong>Zestaw:<\/strong> nie<\/p>\n<p><strong>Uwagi:<\/strong><\/p>\n<p>Produkt \u0142atwopalny. Przechowywa\u0107 z dala od ognia i \u017ar\u00f3de\u0142 ciep\u0142a. Trzyma\u0107 w miejscu niedost\u0119pnym dla dzieci. Nie stosowa\u0107 na podra\u017cnion\u0105 lub uszkodzon\u0105 sk\u00f3r\u0119. Unika\u0107 kontaktu z oczami.<\/p>\n<p><strong>Sk\u0142adniki:<\/strong><\/p>\n<p>Alcohol Denat. (SD alcohol 39-C) &#8211; Parfum (Fragrance) &#8211; Aqua (Water) &#8211; Benzyl benzoate &#8211; Cinnamyl alcohol &#8211; Cinnamal &#8211; Citral &#8211; Citronellol &#8211; Coumarin &#8211; Eugenol &#8211; Farnesol &#8211; Geraniol &#8211; Limonene &#8211; Linalool<\/p>\n","protected":false},"excerpt":{"rendered":"<p> <strong>Gramatura:<\/strong> ml<br \/>  <strong>Linia k\u0105pielowa:<\/strong> nie<br \/>  <strong>Miniatura:<\/strong> nie<br \/>  <strong>Nuta bazy:<\/strong> drzewo sanda\u0142owe, labdanum, paczula, wanilia<br \/>  <strong>Nuta g\u0142owy:<\/strong> dzi\u0119giel, petitgrain, suszone owoce<br \/>  <strong>Nuta g\u0142\u00f3wna:<\/strong> aromatyczne, drzewne<br \/>  <strong>Nuta serca:<\/strong> gin, kmin, li\u015b\u0107 tytoniu, rum<br \/>  <strong>Pojemno\u015b\u0107:<\/strong> 100<br \/>  <strong>Produkt rzadki:<\/strong> tak<br \/>  <strong>Pr\u00f3bka:<\/strong> nie<br \/>  <strong>P\u0142e\u0107:<\/strong> m\u0119ski<br \/>  <strong>Rodzaj:<\/strong> woda perfumowana<br \/>  <strong>Tester:<\/strong> nie<br \/>  <strong>Zapach alternatywny:<\/strong> nie<br \/>  <strong>Zestaw:<\/strong> nie <\/p>\n","protected":false},"featured_media":46411,"comment_status":"open","ping_status":"closed","template":"","meta":{"_acf_changed":false},"kategoria-hurtowni":[87,88],"product_brand":[606],"product_cat":[76],"product_tag":[],"class_list":{"0":"post-46410","1":"product","2":"type-product","3":"status-publish","4":"has-post-thumbnail","6":"kategoria-hurtowni-perfumy","7":"kategoria-hurtowni-zapachy","8":"product_brand-jovoy","9":"product_cat-primavera","11":"first","12":"outofstock","13":"taxable","14":"shipping-taxable","15":"product-type-simple"},"acf":[],"_links":{"self":[{"href":"https:\/\/premino.pl\/index.php?rest_route=\/wp\/v2\/product\/46410","targetHints":{"allow":["GET"]}}],"collection":[{"href":"https:\/\/premino.pl\/index.php?rest_route=\/wp\/v2\/product"}],"about":[{"href":"https:\/\/premino.pl\/index.php?rest_route=\/wp\/v2\/types\/product"}],"replies":[{"embeddable":true,"href":"https:\/\/premino.pl\/index.php?rest_route=%2Fwp%2Fv2%2Fcomments&post=46410"}],"wp:featuredmedia":[{"embeddable":true,"href":"https:\/\/premino.pl\/index.php?rest_route=\/wp\/v2\/media\/46411"}],"wp:attachment":[{"href":"https:\/\/premino.pl\/index.php?rest_route=%2Fwp%2Fv2%2Fmedia&parent=46410"}],"wp:term":[{"taxonomy":"kategoria-hurtowni","embeddable":true,"href":"https:\/\/premino.pl\/index.php?rest_route=%2Fwp%2Fv2%2Fkategoria-hurtowni&post=46410"},{"taxonomy":"product_brand","embeddable":true,"href":"https:\/\/premino.pl\/index.php?rest_route=%2Fwp%2Fv2%2Fproduct_brand&post=46410"},{"taxonomy":"product_cat","embeddable":true,"href":"https:\/\/premino.pl\/index.php?rest_route=%2Fwp%2Fv2%2Fproduct_cat&post=46410"},{"taxonomy":"product_tag","embeddable":true,"href":"https:\/\/premino.pl\/index.php?rest_route=%2Fwp%2Fv2%2Fproduct_tag&post=46410"}],"curies":[{"name":"wp","href":"https:\/\/api.w.org\/{rel}","templated":true}]}}