{"id":46438,"date":"2026-05-13T14:08:42","date_gmt":"2026-05-13T12:08:42","guid":{"rendered":"https:\/\/premino.pl\/?product=classic-toothpaste-jasmin-mint-pasta-do-zebow-25ml"},"modified":"2026-05-13T14:08:46","modified_gmt":"2026-05-13T12:08:46","slug":"classic-toothpaste-jasmin-mint-pasta-do-zebow-25ml","status":"publish","type":"product","link":"https:\/\/premino.pl\/?product=classic-toothpaste-jasmin-mint-pasta-do-zebow-25ml","title":{"rendered":"Classic Toothpaste Jasmin Mint pasta do z\u0119b\u00f3w 25ml"},"content":{"rendered":"<p>Marvis Jasmin Mint to luksusowa pasta do z\u0119b\u00f3w, kt\u00f3ra \u0142\u0105czy skuteczn\u0105 piel\u0119gnacj\u0119 jamy ustnej z niepowtarzalnym doznaniem smakowym. Wyr\u00f3\u017cnia si\u0119 eleganckim, retro opakowaniem charakterystycznym dla marki Marvis oraz wyrafinowan\u0105 kompozycj\u0105 aromat\u00f3w.<\/p>\n<p>G\u0119sta, kremowa konsystencja, zapewnia komfort podczas codziennego szczotkowania. Skutecznie pomaga usuwa\u0107 p\u0142ytk\u0119 naz\u0119bn\u0105, wspieraj\u0105c utrzymanie pi\u0119knego, bia\u0142ego u\u015bmiechu.<\/p>\n<p>Produkt zapobiega powstawaniu pr\u00f3chnicy oraz skutecznie ogranicza osadzanie si\u0119 kamienia naz\u0119bnego, jednocze\u015bnie pozostawiaj\u0105c uczucie d\u0142ugotrwa\u0142ej \u015bwie\u017co\u015bci.<\/p>\n<p><b>Marvis Jasmin Mint to idealny wyb\u00f3r dla os\u00f3b, kt\u00f3re ceni\u0105:<br \/><\/b>\u2022 nietuzinkowe smaki,<br \/>\u2022 estetyk\u0119 i jako\u015b\u0107 premium,<br \/>\u2022 \u015bwie\u017co\u015b\u0107 w eleganckim, subtelnym wydaniu.<\/p>\n<p>Produkt wega\u0144ski, nietestowany na zwierz\u0119tach.\u00a0<\/p>\n<p><strong>Gramatura:<\/strong> ml<br \/>\n<strong>Konsystencja:<\/strong> emulsja<br \/>\n<strong>Pojemno\u015b\u0107:<\/strong> 25<br \/>\n<strong>P\u0142e\u0107:<\/strong> unisex<br \/>\n<strong>S\u0142o\u0144ce:<\/strong> nie<\/p>\n<p><strong>Uwagi:<\/strong><\/p>\n<p>Nie s\u0105 wymagane \u017cadne specjalne \u015brodki ostro\u017cno\u015bci przy u\u017cywaniu tego produktu w normalnych lub racjonalnie przewidywalnych warunkach u\u017cytkowania.<\/p>\n<p><strong>Sk\u0142adniki:<\/strong><\/p>\n<p>Glycerin, Aluminum Hydroxide, Aqua, Silica, Aroma (Flavor), Cellulose Gum, Xylitol, Titanium Dioxide, Sodium Lauryl Sulfate, Sodium Saccharin, Sodium Fluoride, Citric Acid, Sodium Citrate, Lilalool<\/p>\n","protected":false},"excerpt":{"rendered":"<p> <strong>Gramatura:<\/strong> ml<br \/>  <strong>Konsystencja:<\/strong> emulsja<br \/>  <strong>Pojemno\u015b\u0107:<\/strong> 25<br \/>  <strong>P\u0142e\u0107:<\/strong> unisex<br \/>  <strong>S\u0142o\u0144ce:<\/strong> nie <\/p>\n","protected":false},"featured_media":46439,"comment_status":"open","ping_status":"closed","template":"","meta":{"_acf_changed":false},"kategoria-hurtowni":[222,225,90],"product_brand":[435],"product_cat":[76],"product_tag":[],"class_list":{"0":"post-46438","1":"product","2":"type-product","3":"status-publish","4":"has-post-thumbnail","6":"kategoria-hurtowni-higiena-jamy-ustnej","7":"kategoria-hurtowni-pasty-do-zebow","8":"kategoria-hurtowni-pielegnacja","9":"product_brand-marvis","10":"product_cat-primavera","12":"first","13":"outofstock","14":"taxable","15":"shipping-taxable","16":"product-type-simple"},"acf":[],"_links":{"self":[{"href":"https:\/\/premino.pl\/index.php?rest_route=\/wp\/v2\/product\/46438","targetHints":{"allow":["GET"]}}],"collection":[{"href":"https:\/\/premino.pl\/index.php?rest_route=\/wp\/v2\/product"}],"about":[{"href":"https:\/\/premino.pl\/index.php?rest_route=\/wp\/v2\/types\/product"}],"replies":[{"embeddable":true,"href":"https:\/\/premino.pl\/index.php?rest_route=%2Fwp%2Fv2%2Fcomments&post=46438"}],"wp:featuredmedia":[{"embeddable":true,"href":"https:\/\/premino.pl\/index.php?rest_route=\/wp\/v2\/media\/46439"}],"wp:attachment":[{"href":"https:\/\/premino.pl\/index.php?rest_route=%2Fwp%2Fv2%2Fmedia&parent=46438"}],"wp:term":[{"taxonomy":"kategoria-hurtowni","embeddable":true,"href":"https:\/\/premino.pl\/index.php?rest_route=%2Fwp%2Fv2%2Fkategoria-hurtowni&post=46438"},{"taxonomy":"product_brand","embeddable":true,"href":"https:\/\/premino.pl\/index.php?rest_route=%2Fwp%2Fv2%2Fproduct_brand&post=46438"},{"taxonomy":"product_cat","embeddable":true,"href":"https:\/\/premino.pl\/index.php?rest_route=%2Fwp%2Fv2%2Fproduct_cat&post=46438"},{"taxonomy":"product_tag","embeddable":true,"href":"https:\/\/premino.pl\/index.php?rest_route=%2Fwp%2Fv2%2Fproduct_tag&post=46438"}],"curies":[{"name":"wp","href":"https:\/\/api.w.org\/{rel}","templated":true}]}}