{"id":46440,"date":"2026-05-13T14:08:42","date_gmt":"2026-05-13T12:08:42","guid":{"rendered":"https:\/\/premino.pl\/?product=classic-strong-mint-toothpaste-pasta-do-zebow-25ml"},"modified":"2026-05-13T14:08:46","modified_gmt":"2026-05-13T12:08:46","slug":"classic-strong-mint-toothpaste-pasta-do-zebow-25ml","status":"publish","type":"product","link":"https:\/\/premino.pl\/?product=classic-strong-mint-toothpaste-pasta-do-zebow-25ml","title":{"rendered":"Classic Strong Mint Toothpaste pasta do z\u0119b\u00f3w 25ml"},"content":{"rendered":"<p>Marvis Classic Strong Mint to kultowa pasta do z\u0119b\u00f3w o intensywnie od\u015bwie\u017caj\u0105cym charakterze, b\u0119d\u0105ca wizyt\u00f3wk\u0105 marki Marvis. \u0141\u0105czy skuteczn\u0105 piel\u0119gnacj\u0119 jamy ustnej z wyrazistym, klasycznym smakiem mi\u0119ty, kt\u00f3ry zapewnia d\u0142ugotrwa\u0142e uczucie czysto\u015bci i \u015bwie\u017co\u015bci.<\/p>\n<p>Pasta ma g\u0119st\u0105, kremow\u0105 konsystencj\u0119, dzi\u0119ki kt\u00f3rej dok\u0142adnie pokrywa z\u0119by i u\u0142atwia usuwanie p\u0142ytki naz\u0119bnej oraz codziennych osad\u00f3w. Regularne stosowanie pomaga utrzyma\u0107 naturaln\u0105 biel z\u0119b\u00f3w, wspiera ochron\u0119 przed pr\u00f3chnic\u0105 i ogranicza odk\u0142adanie si\u0119 kamienia naz\u0119bnego.<\/p>\n<p>Classic Strong Mint wyr\u00f3\u017cnia si\u0119 bardzo \u015bwie\u017cym, ch\u0142odz\u0105cym aromatem mi\u0119ty, kt\u00f3ry skutecznie od\u015bwie\u017ca oddech i daje uczucie czysto\u015bci na d\u0142ugo po szczotkowaniu. Eleganckie, retro opakowanie podkre\u015bla luksusowy charakter produktu.<\/p>\n<p><b>To idealny wyb\u00f3r dla os\u00f3b, kt\u00f3re:<br \/><\/b>\u2022 preferuj\u0105 intensywnie mi\u0119towe pasty,<br \/>\u2022 ceni\u0105 skuteczno\u015b\u0107 i jako\u015b\u0107 premium,<br \/>\u2022 lubi\u0105 klasyczne, sprawdzone rozwi\u0105zania w nowoczesnym wydaniu.<\/p>\n<p>Produkt wega\u0144ski, nietestowany na zwierz\u0119tach.<\/p>\n<p><strong>Gramatura:<\/strong> ml<br \/>\n<strong>Konsystencja:<\/strong> emulsja<br \/>\n<strong>Linie elitarne:<\/strong> nie<br \/>\n<strong>Pojemno\u015b\u0107:<\/strong> 25<br \/>\n<strong>P\u0142e\u0107:<\/strong> unisex<br \/>\n<strong>S\u0142o\u0144ce:<\/strong> nie<\/p>\n<p><strong>Uwagi:<\/strong><\/p>\n<p>Nie s\u0105 wymagane \u017cadne specjalne \u015brodki ostro\u017cno\u015bci przy u\u017cywaniu tego produktu w normalnych lub racjonalnie przewidywalnych warunkach u\u017cytkowania.<\/p>\n<p><strong>Sk\u0142adniki:<\/strong><\/p>\n<p>Glycerin, Aluminium Hydroxide, Aqua, Silica, Aroma, Cellulose Gum, Titanium Dioxide, Sodium Lauryl Sulfate, Sodium Saccharin, Sodium citrate, Citric Acid, Linalool, Eugenol, Limonene, Benzyl Alcohol.<\/p>\n","protected":false},"excerpt":{"rendered":"<p> <strong>Gramatura:<\/strong> ml<br \/>  <strong>Konsystencja:<\/strong> emulsja<br \/>  <strong>Linie elitarne:<\/strong> nie<br \/>  <strong>Pojemno\u015b\u0107:<\/strong> 25<br \/>  <strong>P\u0142e\u0107:<\/strong> unisex<br \/>  <strong>S\u0142o\u0144ce:<\/strong> nie <\/p>\n","protected":false},"featured_media":46441,"comment_status":"open","ping_status":"closed","template":"","meta":{"_acf_changed":false},"kategoria-hurtowni":[222,225,90],"product_brand":[435],"product_cat":[76],"product_tag":[],"class_list":{"0":"post-46440","1":"product","2":"type-product","3":"status-publish","4":"has-post-thumbnail","6":"kategoria-hurtowni-higiena-jamy-ustnej","7":"kategoria-hurtowni-pasty-do-zebow","8":"kategoria-hurtowni-pielegnacja","9":"product_brand-marvis","10":"product_cat-primavera","12":"first","13":"outofstock","14":"taxable","15":"shipping-taxable","16":"product-type-simple"},"acf":[],"_links":{"self":[{"href":"https:\/\/premino.pl\/index.php?rest_route=\/wp\/v2\/product\/46440","targetHints":{"allow":["GET"]}}],"collection":[{"href":"https:\/\/premino.pl\/index.php?rest_route=\/wp\/v2\/product"}],"about":[{"href":"https:\/\/premino.pl\/index.php?rest_route=\/wp\/v2\/types\/product"}],"replies":[{"embeddable":true,"href":"https:\/\/premino.pl\/index.php?rest_route=%2Fwp%2Fv2%2Fcomments&post=46440"}],"wp:featuredmedia":[{"embeddable":true,"href":"https:\/\/premino.pl\/index.php?rest_route=\/wp\/v2\/media\/46441"}],"wp:attachment":[{"href":"https:\/\/premino.pl\/index.php?rest_route=%2Fwp%2Fv2%2Fmedia&parent=46440"}],"wp:term":[{"taxonomy":"kategoria-hurtowni","embeddable":true,"href":"https:\/\/premino.pl\/index.php?rest_route=%2Fwp%2Fv2%2Fkategoria-hurtowni&post=46440"},{"taxonomy":"product_brand","embeddable":true,"href":"https:\/\/premino.pl\/index.php?rest_route=%2Fwp%2Fv2%2Fproduct_brand&post=46440"},{"taxonomy":"product_cat","embeddable":true,"href":"https:\/\/premino.pl\/index.php?rest_route=%2Fwp%2Fv2%2Fproduct_cat&post=46440"},{"taxonomy":"product_tag","embeddable":true,"href":"https:\/\/premino.pl\/index.php?rest_route=%2Fwp%2Fv2%2Fproduct_tag&post=46440"}],"curies":[{"name":"wp","href":"https:\/\/api.w.org\/{rel}","templated":true}]}}