{"id":46614,"date":"2026-05-13T14:09:43","date_gmt":"2026-05-13T12:09:43","guid":{"rendered":"https:\/\/premino.pl\/?product=translucent-loose-powder-transparentny-puder-sypki-20g"},"modified":"2026-05-13T14:09:45","modified_gmt":"2026-05-13T12:09:45","slug":"translucent-loose-powder-transparentny-puder-sypki-20g","status":"publish","type":"product","link":"https:\/\/premino.pl\/?product=translucent-loose-powder-transparentny-puder-sypki-20g","title":{"rendered":"Translucent Loose Powder transparentny puder sypki 20g"},"content":{"rendered":"<p>Lekki jak pi\u00f3rko, transparentny puder odbijaj\u0105cy \u015bwiat\u0142o, kt\u00f3ry utrwala makija\u017c i nadaje sk\u00f3rze mi\u0119kkie, jedwabiste wyko\u0144czenie. Roz\u015bwietlaj\u0105ce pere\u0142ki subtelnie podkre\u015blaj\u0105 naturalny koloryt ka\u017cdej karnacji.<\/p>\n<p><b>Stosowanie:\u00a0<\/b>Nak\u0142ada\u0107 na podk\u0142ad, aby utrwali\u0107 makija\u017c i uzyska\u0107 efekt pe\u0142en blasku oraz jedwabistej g\u0142adko\u015bci.<\/p>\n<p><strong>Br\u0105zuj\u0105cy:<\/strong> nie<br \/>\n<strong>Dzia\u0142anie:<\/strong> wyg\u0142adzaj\u0105ce<br \/>\n<strong>Forma podania:<\/strong> sypki<br \/>\n<strong>Gramatura:<\/strong> g<br \/>\n<strong>Kolor:<\/strong> Transparentny<br \/>\n<strong>Pojemno\u015b\u0107:<\/strong> 20<br \/>\n<strong>P\u0142e\u0107:<\/strong> damski<br \/>\n<strong>Roz\u015bwietlaj\u0105cy:<\/strong> tak<br \/>\n<strong>Stopie\u0144 krycia:<\/strong> lekkie, \u015brednie<br \/>\n<strong>S\u0142o\u0144ce:<\/strong> nie<\/p>\n<p><strong>Uwagi:<\/strong><\/p>\n<p>Podczas stosowania nale\u017cy obserwowa\u0107 reakcj\u0119 sk\u00f3ry i przerwa\u0107 u\u017cywanie produktu, je\u015bli pojawi si\u0119 podra\u017cnienie lub dyskomfort. W razie wyst\u0105pienia niepo\u017c\u0105danych objaw\u00f3w zaleca si\u0119 konsultacj\u0119 z dermatologiem, poniewa\u017c dalsze stosowanie mo\u017ce je nasili\u0107. Nale\u017cy unika\u0107 kontaktu produktu z oczami. W przypadku dostania si\u0119 preparatu do oczu nale\u017cy natychmiast przep\u0142uka\u0107 je du\u017c\u0105 ilo\u015bci\u0105 wody. Je\u015bli objawy nie ust\u0105pi\u0105, nale\u017cy skonsultowa\u0107 si\u0119 z okulist\u0105.<\/p>\n<p><strong>Sk\u0142adniki:<\/strong><\/p>\n<p>Talc, Mica, Synthetic Fluorphlogopite, Silica, Isononyl Isononanoate, Magnesium Myristate, Hydrogenated Polydecene, Dimethicone, Chlorphenesin, Sodium Dehydroacetate, Cellulose, Serica Powder, Aqua, Acetyl Glucosamine, Parfum, Alcohol, Butylene Glycol, Hydrolyzed Silk, Tetramethyl Acetyloctahydronaphthalenes, Phenoxyethanol, Dioscorea Panthaica Root Extract, CI 77491, CI 77492, CI 77499, CI\u00a077891<\/p>\n","protected":false},"excerpt":{"rendered":"<p> <strong>Br\u0105zuj\u0105cy:<\/strong> nie<br \/>  <strong>Dzia\u0142anie:<\/strong> wyg\u0142adzaj\u0105ce<br \/>  <strong>Forma podania:<\/strong> sypki<br \/>  <strong>Gramatura:<\/strong> g<br \/>  <strong>Kolor:<\/strong> Transparentny<br \/>  <strong>Pojemno\u015b\u0107:<\/strong> 20<br \/>  <strong>P\u0142e\u0107:<\/strong> damski<br \/>  <strong>Roz\u015bwietlaj\u0105cy:<\/strong> tak<br \/>  <strong>Stopie\u0144 krycia:<\/strong> lekkie, \u015brednie<br \/>  <strong>S\u0142o\u0144ce:<\/strong> nie <\/p>\n","protected":false},"featured_media":46615,"comment_status":"open","ping_status":"closed","template":"","meta":{"_acf_changed":false},"kategoria-hurtowni":[83,129,180],"product_brand":[615],"product_cat":[76],"product_tag":[],"class_list":{"0":"post-46614","1":"product","2":"type-product","3":"status-publish","4":"has-post-thumbnail","6":"kategoria-hurtowni-makijaz","7":"kategoria-hurtowni-makijaz-twarz","8":"kategoria-hurtowni-pudry","9":"product_brand-sensai","10":"product_cat-primavera","12":"first","13":"outofstock","14":"taxable","15":"shipping-taxable","16":"product-type-simple"},"acf":[],"_links":{"self":[{"href":"https:\/\/premino.pl\/index.php?rest_route=\/wp\/v2\/product\/46614","targetHints":{"allow":["GET"]}}],"collection":[{"href":"https:\/\/premino.pl\/index.php?rest_route=\/wp\/v2\/product"}],"about":[{"href":"https:\/\/premino.pl\/index.php?rest_route=\/wp\/v2\/types\/product"}],"replies":[{"embeddable":true,"href":"https:\/\/premino.pl\/index.php?rest_route=%2Fwp%2Fv2%2Fcomments&post=46614"}],"wp:featuredmedia":[{"embeddable":true,"href":"https:\/\/premino.pl\/index.php?rest_route=\/wp\/v2\/media\/46615"}],"wp:attachment":[{"href":"https:\/\/premino.pl\/index.php?rest_route=%2Fwp%2Fv2%2Fmedia&parent=46614"}],"wp:term":[{"taxonomy":"kategoria-hurtowni","embeddable":true,"href":"https:\/\/premino.pl\/index.php?rest_route=%2Fwp%2Fv2%2Fkategoria-hurtowni&post=46614"},{"taxonomy":"product_brand","embeddable":true,"href":"https:\/\/premino.pl\/index.php?rest_route=%2Fwp%2Fv2%2Fproduct_brand&post=46614"},{"taxonomy":"product_cat","embeddable":true,"href":"https:\/\/premino.pl\/index.php?rest_route=%2Fwp%2Fv2%2Fproduct_cat&post=46614"},{"taxonomy":"product_tag","embeddable":true,"href":"https:\/\/premino.pl\/index.php?rest_route=%2Fwp%2Fv2%2Fproduct_tag&post=46614"}],"curies":[{"name":"wp","href":"https:\/\/api.w.org\/{rel}","templated":true}]}}