{"id":46874,"date":"2026-05-13T14:11:13","date_gmt":"2026-05-13T12:11:13","guid":{"rendered":"https:\/\/premino.pl\/?product=paint-gel-zel-do-zdobien-zloty-5g"},"modified":"2026-05-13T14:11:15","modified_gmt":"2026-05-13T12:11:15","slug":"paint-gel-zel-do-zdobien-zloty-5g","status":"publish","type":"product","link":"https:\/\/premino.pl\/?product=paint-gel-zel-do-zdobien-zloty-5g","title":{"rendered":"Paint Gel \u017cel do zdobie\u0144 Z\u0142oty 5g"},"content":{"rendered":"<p>Marzysz o trwa\u0142ych i perfekcyjnie wykonanych zdobieniach paznokci? Wybierz Paint Gel \u2013 g\u0119sty \u017cel stworzony z my\u015bl\u0105 o precyzyjnym nail arcie. Dzi\u0119ki wysokiej pigmentacji i zwartej konsystencji produkt nie rozp\u0142ywa si\u0119, co pozwala na pe\u0142n\u0105 kontrol\u0119 podczas tworzenia nawet najbardziej skomplikowanych wzor\u00f3w.<\/p>\n<p>Paint Gel doskonale sprawdzi si\u0119 do malowania cienkich linii, kropek oraz oryginalnych, artystycznych form. Pu\u015b\u0107 wodze fantazji i stw\u00f3rz manicure, kt\u00f3ry w pe\u0142ni odda Tw\u00f3j styl i kreatywno\u015b\u0107.<\/p>\n<p><b>Dlaczego warto wybra\u0107 Paint Gel?<\/b><br \/>\u2022 g\u0119sta, idealnie wywa\u017cona konsystencja<br \/>\u2022 intensywne, g\u0142\u0119boko nasycone kolory<br \/>\u2022 pe\u0142ne krycie ju\u017c przy jednej warstwie<br \/>\u2022 \u0142atwa aplikacja i precyzyjne zdobienia<br \/>\u2022 produkt samodzielny<br \/>\u2022 utwardzany w lampie LED\/UV<br \/>\u2022 doskona\u0142y do techniki babyboomer<br \/>\u2022 idealny do zdobie\u0144 Nail Art, r\u00f3wnie\u017c wypuk\u0142ych 3D<br \/>\u2022 brak warstwy dyspersyjnej \u2013 nie wymaga zabezpieczania topem<\/p>\n<p><b>Spos\u00f3b u\u017cycia<\/b>:<br \/>Metoda 1: Na\u0142\u00f3\u017c Paint Gel na utwardzony lakier hybrydowy, nast\u0119pnie utward\u017a w lampie. Zabezpiecz dowolnym topem i ponownie utward\u017a.<br \/>Metoda 2: Na\u0142\u00f3\u017c Paint Gel na utwardzony top bez warstwy dyspersyjnej (no wipe). Nieutwardzony \u017cel posyp proszkiem akrylowym lub kolorowym py\u0142kiem, a nast\u0119pnie utward\u017a w lampie.<\/p>\n<p><strong>Gramatura:<\/strong> g<br \/>\n<strong>Kolor:<\/strong> Z\u0142oty<br \/>\n<strong>Pojemno\u015b\u0107:<\/strong> 5<br \/>\n<strong>P\u0142e\u0107:<\/strong> damski<br \/>\n<strong>S\u0142o\u0144ce:<\/strong> nie<\/p>\n<p><strong>Uwagi:<\/strong><\/p>\n<p>Unika\u0107 kontaktu ze sk\u00f3r\u0105. Tylko do u\u017cytku profesjonalnego. Mo\u017ce powodowa\u0107 reakcj\u0119 alergiczn\u0105. Prosz\u0119 uwa\u017cnie przeczyta\u0107 spos\u00f3b u\u017cycia.<\/p>\n<p><strong>Sk\u0142adniki:<\/strong><\/p>\n<p>Polyacrylic Acid, Isobomyl Acrylate, Ethyl Trimethylbenzoyl Phenylphosphinate +\/-: CI 77891, CI 15850, CI 77499, CI 45380. CI 47005, CI 61565, CI 47005, CI 42090, CI 60730.<\/p>\n","protected":false},"excerpt":{"rendered":"<p> <strong>Gramatura:<\/strong> g<br \/>  <strong>Kolor:<\/strong> Z\u0142oty<br \/>  <strong>Pojemno\u015b\u0107:<\/strong> 5<br \/>  <strong>P\u0142e\u0107:<\/strong> damski<br \/>  <strong>S\u0142o\u0144ce:<\/strong> nie <\/p>\n","protected":false},"featured_media":46875,"comment_status":"open","ping_status":"closed","template":"","meta":{"_acf_changed":false},"kategoria-hurtowni":[83,174,267],"product_brand":[176],"product_cat":[76],"product_tag":[],"class_list":{"0":"post-46874","1":"product","2":"type-product","3":"status-publish","4":"has-post-thumbnail","6":"kategoria-hurtowni-makijaz","7":"kategoria-hurtowni-makijaz-paznokcie","8":"kategoria-hurtowni-zele-i-akryle","9":"product_brand-clavier","10":"product_cat-primavera","12":"first","13":"outofstock","14":"taxable","15":"shipping-taxable","16":"product-type-simple"},"acf":[],"_links":{"self":[{"href":"https:\/\/premino.pl\/index.php?rest_route=\/wp\/v2\/product\/46874","targetHints":{"allow":["GET"]}}],"collection":[{"href":"https:\/\/premino.pl\/index.php?rest_route=\/wp\/v2\/product"}],"about":[{"href":"https:\/\/premino.pl\/index.php?rest_route=\/wp\/v2\/types\/product"}],"replies":[{"embeddable":true,"href":"https:\/\/premino.pl\/index.php?rest_route=%2Fwp%2Fv2%2Fcomments&post=46874"}],"wp:featuredmedia":[{"embeddable":true,"href":"https:\/\/premino.pl\/index.php?rest_route=\/wp\/v2\/media\/46875"}],"wp:attachment":[{"href":"https:\/\/premino.pl\/index.php?rest_route=%2Fwp%2Fv2%2Fmedia&parent=46874"}],"wp:term":[{"taxonomy":"kategoria-hurtowni","embeddable":true,"href":"https:\/\/premino.pl\/index.php?rest_route=%2Fwp%2Fv2%2Fkategoria-hurtowni&post=46874"},{"taxonomy":"product_brand","embeddable":true,"href":"https:\/\/premino.pl\/index.php?rest_route=%2Fwp%2Fv2%2Fproduct_brand&post=46874"},{"taxonomy":"product_cat","embeddable":true,"href":"https:\/\/premino.pl\/index.php?rest_route=%2Fwp%2Fv2%2Fproduct_cat&post=46874"},{"taxonomy":"product_tag","embeddable":true,"href":"https:\/\/premino.pl\/index.php?rest_route=%2Fwp%2Fv2%2Fproduct_tag&post=46874"}],"curies":[{"name":"wp","href":"https:\/\/api.w.org\/{rel}","templated":true}]}}