{"id":47164,"date":"2026-05-13T14:12:59","date_gmt":"2026-05-13T12:12:59","guid":{"rendered":"https:\/\/premino.pl\/?product=nailsology-diamond-rubber-base-baza-hybrydowa-db02-beach-babe-8ml"},"modified":"2026-05-13T14:13:05","modified_gmt":"2026-05-13T12:13:05","slug":"nailsology-diamond-rubber-base-baza-hybrydowa-db02-beach-babe-8ml","status":"publish","type":"product","link":"https:\/\/premino.pl\/?product=nailsology-diamond-rubber-base-baza-hybrydowa-db02-beach-babe-8ml","title":{"rendered":"Nailsology Diamond Rubber Base baza hybrydowa DB02 Beach Babe 8ml"},"content":{"rendered":"<p>Nailsology Diamond Rubber Base to innowacyjna baza, kt\u00f3ra \u0142\u0105czy ochron\u0119 naturalnej p\u0142ytki paznokcia z subtelnym, mieni\u0105cym si\u0119 efektem. Jej elastyczna, zaawansowana formu\u0142a zapewnia doskona\u0142\u0105 przyczepno\u015b\u0107 do paznokcia, wyd\u0142u\u017caj\u0105c trwa\u0142o\u015b\u0107 stylizacji i minimalizuj\u0105c ryzyko uszkodze\u0144. Drobne drobinki dodaj\u0105 paznokciom eleganckiego blasku, przyci\u0105gaj\u0105c wzrok i podkre\u015blaj\u0105c ka\u017cd\u0105 stylizacj\u0119.<\/p>\n<p>Baza idealnie wsp\u00f3\u0142pracuje z kolorowymi \u017celami, gwarantuj\u0105c g\u0142adkie, r\u00f3wnomierne krycie i komfortow\u0105 aplikacj\u0119. Chroni paznokcie przed p\u0119kni\u0119ciami i uszkodzeniami, jednocze\u015bnie u\u0142atwiaj\u0105c przed\u0142u\u017canie oraz tworzenie trwa\u0142ych, profesjonalnych stylizacji.<\/p>\n<p>\u2022 Doskona\u0142a przyczepno\u015b\u0107, elastyczno\u015b\u0107 i trwa\u0142o\u015b\u0107 stylizacji.<br \/>\u2022 Ochrona naturalnej p\u0142ytki paznokcia i subtelny, mieni\u0105cy si\u0119 po\u0142ysk.<br \/>\u2022 R\u00f3wnomierne krycie, \u0142atwa aplikacja i kompatybilno\u015b\u0107 z innymi produktami.<br \/>\u2022 Idealna do przed\u0142u\u017cania paznokci i tworzenia eleganckich stylizacji z trwa\u0142ym efektem.<\/p>\n<p><b>Spos\u00f3b u\u017cycia:\u00a0<\/b>Na oczyszczony paznokie\u0107 na\u0142\u00f3\u017c warstw\u0119 Rubber Base i utward\u017a w lampie UV\/LED przez 30\u201360 sekund.<\/p>\n<p><strong>Gramatura:<\/strong> ml<br \/>\n<strong>Pojemno\u015b\u0107:<\/strong> 8<br \/>\n<strong>P\u0142e\u0107:<\/strong> damski<br \/>\n<strong>S\u0142o\u0144ce:<\/strong> nie<\/p>\n<p><strong>Uwagi:<\/strong><\/p>\n<p>Tylko do u\u017cytku profesjonalnego. Unika\u0107 kontaktu ze sk\u00f3r\u0105. Prosz\u0119 uwa\u017cnie przeczyta\u0107 spos\u00f3b u\u017cycia.<\/p>\n<p><strong>Sk\u0142adniki:<\/strong><\/p>\n<p>Acrylates\/Carbamate Copolymer, Hydroxypropyl Methacrylate, Isobornyl Acrylate, Hydroxycyclohexyl Phenyl Ketone, Synthetic Fluorphlogopite, +\/: CI 77499, CI 77491, CI 14700, CI 77891, CI 47000, CI 42090.<\/p>\n","protected":false},"excerpt":{"rendered":"<p> <strong>Gramatura:<\/strong> ml<br \/>  <strong>Pojemno\u015b\u0107:<\/strong> 8<br \/>  <strong>P\u0142e\u0107:<\/strong> damski<br \/>  <strong>S\u0142o\u0144ce:<\/strong> nie <\/p>\n","protected":false},"featured_media":47165,"comment_status":"open","ping_status":"closed","template":"","meta":{"_acf_changed":false},"kategoria-hurtowni":[289,83,174],"product_brand":[176],"product_cat":[76],"product_tag":[],"class_list":{"0":"post-47164","1":"product","2":"type-product","3":"status-publish","4":"has-post-thumbnail","6":"kategoria-hurtowni-bazy-i-top-coaty","7":"kategoria-hurtowni-makijaz","8":"kategoria-hurtowni-makijaz-paznokcie","9":"product_brand-clavier","10":"product_cat-primavera","12":"first","13":"outofstock","14":"taxable","15":"shipping-taxable","16":"product-type-simple"},"acf":[],"_links":{"self":[{"href":"https:\/\/premino.pl\/index.php?rest_route=\/wp\/v2\/product\/47164","targetHints":{"allow":["GET"]}}],"collection":[{"href":"https:\/\/premino.pl\/index.php?rest_route=\/wp\/v2\/product"}],"about":[{"href":"https:\/\/premino.pl\/index.php?rest_route=\/wp\/v2\/types\/product"}],"replies":[{"embeddable":true,"href":"https:\/\/premino.pl\/index.php?rest_route=%2Fwp%2Fv2%2Fcomments&post=47164"}],"wp:featuredmedia":[{"embeddable":true,"href":"https:\/\/premino.pl\/index.php?rest_route=\/wp\/v2\/media\/47165"}],"wp:attachment":[{"href":"https:\/\/premino.pl\/index.php?rest_route=%2Fwp%2Fv2%2Fmedia&parent=47164"}],"wp:term":[{"taxonomy":"kategoria-hurtowni","embeddable":true,"href":"https:\/\/premino.pl\/index.php?rest_route=%2Fwp%2Fv2%2Fkategoria-hurtowni&post=47164"},{"taxonomy":"product_brand","embeddable":true,"href":"https:\/\/premino.pl\/index.php?rest_route=%2Fwp%2Fv2%2Fproduct_brand&post=47164"},{"taxonomy":"product_cat","embeddable":true,"href":"https:\/\/premino.pl\/index.php?rest_route=%2Fwp%2Fv2%2Fproduct_cat&post=47164"},{"taxonomy":"product_tag","embeddable":true,"href":"https:\/\/premino.pl\/index.php?rest_route=%2Fwp%2Fv2%2Fproduct_tag&post=47164"}],"curies":[{"name":"wp","href":"https:\/\/api.w.org\/{rel}","templated":true}]}}