{"id":47186,"date":"2026-05-13T14:13:15","date_gmt":"2026-05-13T12:13:15","guid":{"rendered":"https:\/\/premino.pl\/?product=man-multiwitaminy-dla-mezczyzn-suplement-diety-90-30-tabletek"},"modified":"2026-05-13T14:13:15","modified_gmt":"2026-05-13T12:13:15","slug":"man-multiwitaminy-dla-mezczyzn-suplement-diety-90-30-tabletek","status":"publish","type":"product","link":"https:\/\/premino.pl\/?product=man-multiwitaminy-dla-mezczyzn-suplement-diety-90-30-tabletek","title":{"rendered":"Man multiwitaminy dla m\u0119\u017cczyzn suplement diety 90 + 30 tabletek"},"content":{"rendered":"<p><b>Suplement diety Centrum MAN to kompletny zestaw witamin i minera\u0142\u00f3w dostosowany do specjalnych potrzeb \u017cywieniowych m\u0119\u017cczyzn.<\/b><\/p>\n<p>Zaawansowana formu\u0142a Centrum Man zosta\u0142a opracowana w taki spos\u00f3b, aby codziennie wspiera\u0107 zdrowie i dobre samopoczucie m\u0119\u017cczyzn.<\/p>\n<p>\u2022 Suplement zawiera du\u017c\u0105 dawk\u0119 magnezu, witaminy B1 i niacyny. Witaminy z grupy B (B1, B2, B6, B12) i magnez przyczyniaj\u0105 si\u0119 do prawid\u0142owego metabolizmu energetycznego.<br \/>\u2022 Wap\u0144 i magnez przyczyniaj\u0105 si\u0119 do prawid\u0142owego funkcjonowania mi\u0119\u015bni. Ponadto witamina D przyczynia si\u0119 do utrzymania prawid\u0142owego funkcjonowania mi\u0119\u015bni.<\/p>\n<p><b>Zalecane dzienne spo\u017cycie:<\/b>\u00a0Nale\u017cy przyjmowa\u0107 1 tabletk\u0119 dziennie. Nie nale\u017cy przekracza\u0107 dziennej, zalecanej dawki.<\/p>\n<p><strong>Forma podania:<\/strong> tabletki<br \/>\n<strong>Gramatura:<\/strong> sztuka<br \/>\n<strong>Pojemno\u015b\u0107:<\/strong> 120<br \/>\n<strong>P\u0142e\u0107:<\/strong> m\u0119ski<br \/>\n<strong>Rodzaj:<\/strong> witaminy i minera\u0142y<\/p>\n<p><strong>Uwagi:<\/strong><\/p>\n<p>Zr\u00f3\u017cnicowana i zr\u00f3wnowa\u017cona dieta oraz zdrowy tryb \u017cycia s\u0105 bardzo wa\u017cne, dlatego te\u017c produktu tego nie nale\u017cy stosowa\u0107 jako substytutu (zamiennika) zr\u00f3\u017cnicowanej diety. Nie stosowa\u0107 w przypadku nadwra\u017cliwo\u015bci na kt\u00f3rykolwiek ze sk\u0142adnik\u00f3w preparatu. Przechowywa\u0107 w suchym miejscu, w temperaturze poni\u017cej 25\u2070C. Przechowywa\u0107 w spos\u00f3b niedost\u0119pny dla ma\u0142ych dzieci. Nie stosowa\u0107, je\u015bli folia na opakowaniu jest uszkodzona. Po u\u017cyciu nale\u017cy dok\u0142adnie zamkn\u0105\u0107 wieczko. Suplement diety nie mo\u017ce by\u0107 stosowany jako substytut zr\u00f3\u017cnicowanej diety. Zr\u00f3wnowa\u017cony spos\u00f3b od\u017cywiania i zdrowy tryb \u017cycia s\u0105 istotne dla prawid\u0142owego funkcjonowania organizmu. Przechowywa\u0107 w temperaturze pokojowej, w spos\u00f3b niedost\u0119pny dla ma\u0142ych dzieci.<\/p>\n<p><strong>Sk\u0142adniki:<\/strong><\/p>\n<p>calcium salts of orthophosphoric acid, magnesium oxide, calcium carbonate, fillers: E 460, E 464, E1200, L-ascorbic acid, anti-caking agents: E 468, E 470b, E 551, E 553b, DL-alpha-tocopheryl acetate, nicotinic acid amide, iron (II) fumarate, Calcium D-pantothenate, zinc oxide, pyridoxine hydrochloride, thiamine mononitrate, riboflavin, beta-carotene, vegetable oil (coconut and palm), copper (II) sulfate, retinyl acetate, pteroylmonoglutamic acid, chromium (III) chloride, sodium molybdate (VI), potassium iodide, sodium selenate, D-biotin, phylloquinone, cholecalciferol, cyanocobalamin, dye: E132<\/p>\n","protected":false},"excerpt":{"rendered":"<p> <strong>Forma podania:<\/strong> tabletki<br \/>  <strong>Gramatura:<\/strong> sztuka<br \/>  <strong>Pojemno\u015b\u0107:<\/strong> 120<br \/>  <strong>P\u0142e\u0107:<\/strong> m\u0119ski<br \/>  <strong>Rodzaj:<\/strong> witaminy i minera\u0142y <\/p>\n","protected":false},"featured_media":47187,"comment_status":"open","ping_status":"closed","template":"","meta":{"_acf_changed":false},"kategoria-hurtowni":[206,205],"product_brand":[619],"product_cat":[76],"product_tag":[],"class_list":{"0":"post-47186","1":"product","2":"type-product","3":"status-publish","4":"has-post-thumbnail","6":"kategoria-hurtowni-suplementy-diety","7":"kategoria-hurtowni-zdrowie","8":"product_brand-centrum","9":"product_cat-primavera","11":"first","12":"outofstock","13":"taxable","14":"shipping-taxable","15":"product-type-simple"},"acf":[],"_links":{"self":[{"href":"https:\/\/premino.pl\/index.php?rest_route=\/wp\/v2\/product\/47186","targetHints":{"allow":["GET"]}}],"collection":[{"href":"https:\/\/premino.pl\/index.php?rest_route=\/wp\/v2\/product"}],"about":[{"href":"https:\/\/premino.pl\/index.php?rest_route=\/wp\/v2\/types\/product"}],"replies":[{"embeddable":true,"href":"https:\/\/premino.pl\/index.php?rest_route=%2Fwp%2Fv2%2Fcomments&post=47186"}],"wp:featuredmedia":[{"embeddable":true,"href":"https:\/\/premino.pl\/index.php?rest_route=\/wp\/v2\/media\/47187"}],"wp:attachment":[{"href":"https:\/\/premino.pl\/index.php?rest_route=%2Fwp%2Fv2%2Fmedia&parent=47186"}],"wp:term":[{"taxonomy":"kategoria-hurtowni","embeddable":true,"href":"https:\/\/premino.pl\/index.php?rest_route=%2Fwp%2Fv2%2Fkategoria-hurtowni&post=47186"},{"taxonomy":"product_brand","embeddable":true,"href":"https:\/\/premino.pl\/index.php?rest_route=%2Fwp%2Fv2%2Fproduct_brand&post=47186"},{"taxonomy":"product_cat","embeddable":true,"href":"https:\/\/premino.pl\/index.php?rest_route=%2Fwp%2Fv2%2Fproduct_cat&post=47186"},{"taxonomy":"product_tag","embeddable":true,"href":"https:\/\/premino.pl\/index.php?rest_route=%2Fwp%2Fv2%2Fproduct_tag&post=47186"}],"curies":[{"name":"wp","href":"https:\/\/api.w.org\/{rel}","templated":true}]}}