{"id":47218,"date":"2026-05-13T14:13:22","date_gmt":"2026-05-13T12:13:22","guid":{"rendered":"https:\/\/premino.pl\/?product=panorama-tusz-do-rzes-bordeaux-cashmere-9-9ml"},"modified":"2026-05-13T14:13:25","modified_gmt":"2026-05-13T12:13:25","slug":"panorama-tusz-do-rzes-bordeaux-cashmere-9-9ml","status":"publish","type":"product","link":"https:\/\/premino.pl\/?product=panorama-tusz-do-rzes-bordeaux-cashmere-9-9ml","title":{"rendered":"Panorama tusz do rz\u0119s Bordeaux Cashmere 9.9ml"},"content":{"rendered":"<p>Maskara Panorama Bordeaux Cashmere zosta\u0142a wyposa\u017cona w wielopoziomow\u0105 szczoteczk\u0119 z kr\u00f3tkimi i d\u0142ugimi w\u0142oskami, kt\u00f3ra nadaje rz\u0119som obj\u0119to\u015b\u0107 i efekt wachlarzowego rozdzielenia. Maskara otula ka\u017cd\u0105 rz\u0119s\u0119, zapewniaj\u0105c wyra\u017ane rozdzielenie i obj\u0119to\u015b\u0107 bez grudek, a tak\u017ce efekt do 1,4x bardziej wyrazistych oczu*. Panorama Brun Leather zosta\u0142a wzbogacona o formu\u0142\u0119 z 5% kompleksem Stretchflex\u2122, zapewniaj\u0105c\u0105 d\u0142ugotrwa\u0142y efekt \u2013 a\u017c do 24 godzin**. Produkt testowany pod kontrol\u0105 okulistyczn\u0105. <\/p>\n<p><b>Korzy\u015bci:<\/b><br \/>\u2022 Efekt &#8211; do 1,4x bardziej wyraziste oczy*<br \/>\u2022 Panoramiczna obj\u0119to\u015b\u0107 na ca\u0142ej d\u0142ugo\u015bci linii rz\u0119s<br \/>\u2022 D\u0142ugotrwa\u0142y efekt \u2013 do 24h**<br \/>\u2022 Efekt wachlarza rz\u0119s<br \/>\u2022 Efekt bez grudek<br \/>\u2022 Nie rozmazuje si\u0119 <\/p>\n<p>*Test instrumentalny, 30 kobiet.<br \/>**Test samooceny, 111 kobiet.<\/p>\n<p><b>Aplikacja:<\/b><br \/>Przy\u0142\u00f3\u017c szczoteczk\u0119 u nasady rz\u0119s i delikatnie przeci\u0105gnij ku ko\u0144c\u00f3wkom, zaczynaj\u0105c od zewn\u0119trznego k\u0105cika oka w kierunku \u015brodka.<\/p>\n<p><strong>Do oczu wra\u017cliwych:<\/strong> nie<br \/>\n<strong>Efekt sztucznych rz\u0119s:<\/strong> nie<br \/>\n<strong>Gramatura:<\/strong> ml<br \/>\n<strong>Kolor:<\/strong> Bordeaux Cashmere<br \/>\n<strong>Podkr\u0119caj\u0105ca:<\/strong> tak<br \/>\n<strong>Pogrubiaj\u0105ca:<\/strong> tak<br \/>\n<strong>Pojemno\u015b\u0107:<\/strong> 9.9<br \/>\n<strong>P\u0142e\u0107:<\/strong> damski<br \/>\n<strong>S\u0142o\u0144ce:<\/strong> nie<br \/>\n<strong>Wodoodporne:<\/strong> nie<br \/>\n<strong>Wyd\u0142u\u017caj\u0105ca:<\/strong> tak<\/p>\n<p><strong>Uwagi:<\/strong><\/p>\n<p>Nie s\u0105 wymagane \u017cadne specjalne \u015brodki ostro\u017cno\u015bci przy u\u017cywaniu tego produktu w normalnych lub racjonalnie przewidywalnych warunkach u\u017cytkowania.<\/p>\n<p><strong>Sk\u0142adniki:<\/strong><\/p>\n<p>AQUA \/ WATER \u2022 ACRYLATES COPOLYMER \u2022 ORYZA SATIVA CERA \/ RICE BRAN WAX \u2022 PROPYLENE GLYCOL \u2022 CERA ALBA \/ BEESWAX \u2022 PENTYLENE GLYCOL \u2022 GLYCERYL STEARATE \u2022 CETYL ALCOHOL \u2022 PEG-200 GLYCERYL STEARATE \u2022 COPERNICIA CERIFERA CERA \/ CARNAUBA WAX \u2022 STEARIC ACID \u2022 PALMITIC ACID \u2022 AMINOMETHYL PROPANEDIOL \u2022 GLYCERIN \u2022 HYDROXYETHYLCELLULOSE \u2022 CAPRYLYL GLYCOL \u2022 SODIUM DEHYDROACETATE \u2022 XANTHAN GUM \u2022 MYRISTIC ACID \u25cf [+\/- MAY CONTAIN: CI 77491, CI 77499 \/ IRON OXIDES \u2022 CI 75470 \/ CARMINE \u2022 MICA \u2022 CI 77891 \/ TITANIUM DIOXIDE]. (F.I.L.<\/p>\n","protected":false},"excerpt":{"rendered":"<p> <strong>Do oczu wra\u017cliwych:<\/strong> nie<br \/>  <strong>Efekt sztucznych rz\u0119s:<\/strong> nie<br \/>  <strong>Gramatura:<\/strong> ml<br \/>  <strong>Kolor:<\/strong> Bordeaux Cashmere<br \/>  <strong>Podkr\u0119caj\u0105ca:<\/strong> tak<br \/>  <strong>Pogrubiaj\u0105ca:<\/strong> tak<br \/>  <strong>Pojemno\u015b\u0107:<\/strong> 9.9<br \/>  <strong>P\u0142e\u0107:<\/strong> damski<br \/>  <strong>S\u0142o\u0144ce:<\/strong> nie<br \/>  <strong>Wodoodporne:<\/strong> nie<br \/>  <strong>Wyd\u0142u\u017caj\u0105ca:<\/strong> tak <\/p>\n","protected":false},"featured_media":47219,"comment_status":"open","ping_status":"closed","template":"","meta":{"_acf_changed":false},"kategoria-hurtowni":[83,126,178],"product_brand":[111],"product_cat":[76],"product_tag":[],"class_list":{"0":"post-47218","1":"product","2":"type-product","3":"status-publish","4":"has-post-thumbnail","6":"kategoria-hurtowni-makijaz","7":"kategoria-hurtowni-makijaz-oczy","8":"kategoria-hurtowni-maskara","9":"product_brand-loreal-paris","10":"product_cat-primavera","12":"first","13":"outofstock","14":"taxable","15":"shipping-taxable","16":"product-type-simple"},"acf":[],"_links":{"self":[{"href":"https:\/\/premino.pl\/index.php?rest_route=\/wp\/v2\/product\/47218","targetHints":{"allow":["GET"]}}],"collection":[{"href":"https:\/\/premino.pl\/index.php?rest_route=\/wp\/v2\/product"}],"about":[{"href":"https:\/\/premino.pl\/index.php?rest_route=\/wp\/v2\/types\/product"}],"replies":[{"embeddable":true,"href":"https:\/\/premino.pl\/index.php?rest_route=%2Fwp%2Fv2%2Fcomments&post=47218"}],"wp:featuredmedia":[{"embeddable":true,"href":"https:\/\/premino.pl\/index.php?rest_route=\/wp\/v2\/media\/47219"}],"wp:attachment":[{"href":"https:\/\/premino.pl\/index.php?rest_route=%2Fwp%2Fv2%2Fmedia&parent=47218"}],"wp:term":[{"taxonomy":"kategoria-hurtowni","embeddable":true,"href":"https:\/\/premino.pl\/index.php?rest_route=%2Fwp%2Fv2%2Fkategoria-hurtowni&post=47218"},{"taxonomy":"product_brand","embeddable":true,"href":"https:\/\/premino.pl\/index.php?rest_route=%2Fwp%2Fv2%2Fproduct_brand&post=47218"},{"taxonomy":"product_cat","embeddable":true,"href":"https:\/\/premino.pl\/index.php?rest_route=%2Fwp%2Fv2%2Fproduct_cat&post=47218"},{"taxonomy":"product_tag","embeddable":true,"href":"https:\/\/premino.pl\/index.php?rest_route=%2Fwp%2Fv2%2Fproduct_tag&post=47218"}],"curies":[{"name":"wp","href":"https:\/\/api.w.org\/{rel}","templated":true}]}}