{"id":47851,"date":"2026-05-13T15:16:37","date_gmt":"2026-05-13T13:16:37","guid":{"rendered":"https:\/\/premino.pl\/?product=fleur-de-lait-woda-perfumowana-spray-30ml"},"modified":"2026-05-13T15:16:38","modified_gmt":"2026-05-13T13:16:38","slug":"fleur-de-lait-woda-perfumowana-spray-30ml","status":"publish","type":"product","link":"https:\/\/premino.pl\/?product=fleur-de-lait-woda-perfumowana-spray-30ml","title":{"rendered":"Fleur de Lait woda perfumowana spray 30ml"},"content":{"rendered":"<p>Miu Miu Fleur de Lait inspirowany jest kultowym deserem z mango, pomelo i sago. To kwiatowo-owocowa kompozycja, w kt\u00f3rej soczyste owoce splataj\u0105 si\u0119 z delikatnymi kwiatami i kremowym aromatem mleka kokosowego, tworz\u0105c zapach jednocze\u015bnie kusz\u0105cy, wyrafinowany i pe\u0142en odwagi.<\/p>\n<p><b>Nuty zapachowe:<br \/><\/b><br \/><b>Nuta g\u0142owy: <\/b>mango<br \/><b>Nuta serca: <\/b>osmantus<br \/><b>Nuta bazy: <\/b>mleko kokosowe, kokos, mleko<\/p>\n<p><strong>Gramatura:<\/strong> ml<br \/>\n<strong>Linia k\u0105pielowa:<\/strong> nie<br \/>\n<strong>Miniatura:<\/strong> nie<br \/>\n<strong>Nuta bazy:<\/strong> kokos, mleko, mleko kokosowe<br \/>\n<strong>Nuta g\u0142owy:<\/strong> mango<br \/>\n<strong>Nuta g\u0142\u00f3wna:<\/strong> gourmand, kwiatowe, owocowe<br \/>\n<strong>Nuta serca:<\/strong> osmantus<br \/>\n<strong>Pojemno\u015b\u0107:<\/strong> 30<br \/>\n<strong>Produkt rzadki:<\/strong> nie<br \/>\n<strong>Pr\u00f3bka:<\/strong> nie<br \/>\n<strong>P\u0142e\u0107:<\/strong> damski<br \/>\n<strong>Rodzaj:<\/strong> woda perfumowana<br \/>\n<strong>Tester:<\/strong> nie<br \/>\n<strong>Zapach alternatywny:<\/strong> nie<br \/>\n<strong>Zestaw:<\/strong> nie<\/p>\n<p><strong>Uwagi:<\/strong><\/p>\n<p>Ostrze\u017cenie: Produkt \u0142atwopalny a\u017c do wyschni\u0119cia. Przechowuj z dala od \u017ar\u00f3de\u0142 ciep\u0142a i zap\u0142onu. Unika\u0107 rozpylania w kierunku oczu.<\/p>\n<p><strong>Sk\u0142adniki:<\/strong><\/p>\n<p>ALCOHOL \u2022 PARFUM \/ FRAGRANCE \u2022 AQUA \/ WATER \u2022 TETRAMETHYL ACETYLOCTAHYDRONAPHTHALENES \u2022 CITRUS AURANTIUM BERGAMIA PEEL OIL \u2022 JUNIPERUS VIRGINIANA OIL \u2022 LINALOOL \u2022 CARVONE \u2022 LIMONENE \u2022 LINALYL ACETATE \u2022 HYDROXYCITRONELLAL \u2022 PINENE \u2022 CITRONELLOL \u2022 GERANIOL \u2022 TRIMETHYLCYCLOPENTENYL METHYLISOPENTENOL \u2022 BETA-CARYOPHYLLENE \u2022 CITRAL \u2022 GERANYL ACETATE \u2022 TERPINEOL \u2022 ROSE KETONES \u2022 TERPINOLENE \u2022 ALPHA-TERPINENE \u2022 BENZYL BENZOATE \u2022 VANILLIN \u2022 COUMARIN (F.I.L. N70059127\/1).<\/p>\n","protected":false},"excerpt":{"rendered":"<p> <strong>Gramatura:<\/strong> ml<br \/>  <strong>Linia k\u0105pielowa:<\/strong> nie<br \/>  <strong>Miniatura:<\/strong> nie<br \/>  <strong>Nuta bazy:<\/strong> kokos, mleko, mleko kokosowe<br \/>  <strong>Nuta g\u0142owy:<\/strong> mango<br \/>  <strong>Nuta g\u0142\u00f3wna:<\/strong> gourmand, kwiatowe, owocowe<br \/>  <strong>Nuta serca:<\/strong> osmantus<br \/>  <strong>Pojemno\u015b\u0107:<\/strong> 30<br \/>  <strong>Produkt rzadki:<\/strong> nie<br \/>  <strong>Pr\u00f3bka:<\/strong> nie<br \/>  <strong>P\u0142e\u0107:<\/strong> damski<br \/>  <strong>Rodzaj:<\/strong> woda perfumowana<br \/>  <strong>Tester:<\/strong> nie<br \/>  <strong>Zapach alternatywny:<\/strong> nie<br \/>  <strong>Zestaw:<\/strong> nie <\/p>\n","protected":false},"featured_media":47852,"comment_status":"open","ping_status":"closed","template":"","meta":{"_acf_changed":false},"kategoria-hurtowni":[87,88],"product_brand":[312],"product_cat":[76],"product_tag":[],"class_list":{"0":"post-47851","1":"product","2":"type-product","3":"status-publish","4":"has-post-thumbnail","6":"kategoria-hurtowni-perfumy","7":"kategoria-hurtowni-zapachy","8":"product_brand-miu-miu","9":"product_cat-primavera","11":"first","12":"outofstock","13":"taxable","14":"shipping-taxable","15":"product-type-simple"},"acf":[],"_links":{"self":[{"href":"https:\/\/premino.pl\/index.php?rest_route=\/wp\/v2\/product\/47851","targetHints":{"allow":["GET"]}}],"collection":[{"href":"https:\/\/premino.pl\/index.php?rest_route=\/wp\/v2\/product"}],"about":[{"href":"https:\/\/premino.pl\/index.php?rest_route=\/wp\/v2\/types\/product"}],"replies":[{"embeddable":true,"href":"https:\/\/premino.pl\/index.php?rest_route=%2Fwp%2Fv2%2Fcomments&post=47851"}],"wp:featuredmedia":[{"embeddable":true,"href":"https:\/\/premino.pl\/index.php?rest_route=\/wp\/v2\/media\/47852"}],"wp:attachment":[{"href":"https:\/\/premino.pl\/index.php?rest_route=%2Fwp%2Fv2%2Fmedia&parent=47851"}],"wp:term":[{"taxonomy":"kategoria-hurtowni","embeddable":true,"href":"https:\/\/premino.pl\/index.php?rest_route=%2Fwp%2Fv2%2Fkategoria-hurtowni&post=47851"},{"taxonomy":"product_brand","embeddable":true,"href":"https:\/\/premino.pl\/index.php?rest_route=%2Fwp%2Fv2%2Fproduct_brand&post=47851"},{"taxonomy":"product_cat","embeddable":true,"href":"https:\/\/premino.pl\/index.php?rest_route=%2Fwp%2Fv2%2Fproduct_cat&post=47851"},{"taxonomy":"product_tag","embeddable":true,"href":"https:\/\/premino.pl\/index.php?rest_route=%2Fwp%2Fv2%2Fproduct_tag&post=47851"}],"curies":[{"name":"wp","href":"https:\/\/api.w.org\/{rel}","templated":true}]}}