{"id":51685,"date":"2026-05-13T15:41:53","date_gmt":"2026-05-13T13:41:53","guid":{"rendered":"https:\/\/premino.pl\/?product=cassius-woda-perfumowana-spray-30ml"},"modified":"2026-05-13T15:41:55","modified_gmt":"2026-05-13T13:41:55","slug":"cassius-woda-perfumowana-spray-30ml","status":"publish","type":"product","link":"https:\/\/premino.pl\/?product=cassius-woda-perfumowana-spray-30ml","title":{"rendered":"Cassius woda perfumowana spray 30ml"},"content":{"rendered":"<p>Cassius to kompozycja z 2022 roku, stworzona dla os\u00f3b, kt\u00f3re lubi\u0105 \u0142\u0105czy\u0107 \u015bwie\u017co\u015b\u0107 i energi\u0119 z elegancj\u0105 i zmys\u0142owo\u015bci\u0105.\u00a0<\/p>\n<p><b>Nuty zapachowe:<br \/><\/b><br \/><b>Nuta g\u0142owy: <\/b>ga\u0142ka muszkato\u0142owa, zielone jab\u0142ko<br \/><b>Nuta serca: <\/b>fasolka tonka, r\u00f3\u017ca<br \/><b>Nuta bazy: <\/b>paczula, wanilia<\/p>\n<p><strong>Gramatura:<\/strong> ml<br \/>\n<strong>Linia k\u0105pielowa:<\/strong> nie<br \/>\n<strong>Miniatura:<\/strong> nie<br \/>\n<strong>Nuta bazy:<\/strong> paczula, wanilia<br \/>\n<strong>Nuta g\u0142owy:<\/strong> ga\u0142ka muszkato\u0142owa, zielone jab\u0142ko<br \/>\n<strong>Nuta g\u0142\u00f3wna:<\/strong> korzenne, waniliowe<br \/>\n<strong>Nuta serca:<\/strong> fasolka tonka, r\u00f3\u017ca<br \/>\n<strong>Pojemno\u015b\u0107:<\/strong> 30<br \/>\n<strong>Produkt rzadki:<\/strong> nie<br \/>\n<strong>Pr\u00f3bka:<\/strong> nie<br \/>\n<strong>P\u0142e\u0107:<\/strong> unisex<br \/>\n<strong>Rodzaj:<\/strong> woda perfumowana<br \/>\n<strong>Tester:<\/strong> nie<br \/>\n<strong>Zapach alternatywny:<\/strong> nie<br \/>\n<strong>Zestaw:<\/strong> nie<\/p>\n<p><strong>Uwagi:<\/strong><\/p>\n<p>Produkt przechowywa\u0107 z dala od ognia i \u017ar\u00f3de\u0142 ciep\u0142a. Trzyma\u0107 w miejscu niedost\u0119pnym dla dzieci. Nie stosowa\u0107 na podra\u017cnion\u0105 lub uszkodzon\u0105 sk\u00f3r\u0119. Unika\u0107 kontaktu z oczami.<\/p>\n<p><strong>Sk\u0142adniki:<\/strong><\/p>\n<p>Alcohol Denat, Parfum (Fragrance), Water (Aqua), Linalool, Limonene, Geraniol, Citral, Citronellol, Eugenol, Coumarin, Benzyl Benzoate, Farnesol, Benzyl Salicylate, Benzyl Alcohol.<\/p>\n","protected":false},"excerpt":{"rendered":"<p> <strong>Gramatura:<\/strong> ml<br \/>  <strong>Linia k\u0105pielowa:<\/strong> nie<br \/>  <strong>Miniatura:<\/strong> nie<br \/>  <strong>Nuta bazy:<\/strong> paczula, wanilia<br \/>  <strong>Nuta g\u0142owy:<\/strong> ga\u0142ka muszkato\u0142owa, zielone jab\u0142ko<br \/>  <strong>Nuta g\u0142\u00f3wna:<\/strong> korzenne, waniliowe<br \/>  <strong>Nuta serca:<\/strong> fasolka tonka, r\u00f3\u017ca<br \/>  <strong>Pojemno\u015b\u0107:<\/strong> 30<br \/>  <strong>Produkt rzadki:<\/strong> nie<br \/>  <strong>Pr\u00f3bka:<\/strong> nie<br \/>  <strong>P\u0142e\u0107:<\/strong> unisex<br \/>  <strong>Rodzaj:<\/strong> woda perfumowana<br \/>  <strong>Tester:<\/strong> nie<br \/>  <strong>Zapach alternatywny:<\/strong> nie<br \/>  <strong>Zestaw:<\/strong> nie <\/p>\n","protected":false},"featured_media":51686,"comment_status":"open","ping_status":"closed","template":"","meta":{"_acf_changed":false},"kategoria-hurtowni":[87,88],"product_brand":[676],"product_cat":[76],"product_tag":[],"class_list":{"0":"post-51685","1":"product","2":"type-product","3":"status-publish","4":"has-post-thumbnail","6":"kategoria-hurtowni-perfumy","7":"kategoria-hurtowni-zapachy","8":"product_brand-maison-alhambra","9":"product_cat-primavera","11":"first","12":"outofstock","13":"taxable","14":"shipping-taxable","15":"product-type-simple"},"acf":[],"_links":{"self":[{"href":"https:\/\/premino.pl\/index.php?rest_route=\/wp\/v2\/product\/51685","targetHints":{"allow":["GET"]}}],"collection":[{"href":"https:\/\/premino.pl\/index.php?rest_route=\/wp\/v2\/product"}],"about":[{"href":"https:\/\/premino.pl\/index.php?rest_route=\/wp\/v2\/types\/product"}],"replies":[{"embeddable":true,"href":"https:\/\/premino.pl\/index.php?rest_route=%2Fwp%2Fv2%2Fcomments&post=51685"}],"wp:featuredmedia":[{"embeddable":true,"href":"https:\/\/premino.pl\/index.php?rest_route=\/wp\/v2\/media\/51686"}],"wp:attachment":[{"href":"https:\/\/premino.pl\/index.php?rest_route=%2Fwp%2Fv2%2Fmedia&parent=51685"}],"wp:term":[{"taxonomy":"kategoria-hurtowni","embeddable":true,"href":"https:\/\/premino.pl\/index.php?rest_route=%2Fwp%2Fv2%2Fkategoria-hurtowni&post=51685"},{"taxonomy":"product_brand","embeddable":true,"href":"https:\/\/premino.pl\/index.php?rest_route=%2Fwp%2Fv2%2Fproduct_brand&post=51685"},{"taxonomy":"product_cat","embeddable":true,"href":"https:\/\/premino.pl\/index.php?rest_route=%2Fwp%2Fv2%2Fproduct_cat&post=51685"},{"taxonomy":"product_tag","embeddable":true,"href":"https:\/\/premino.pl\/index.php?rest_route=%2Fwp%2Fv2%2Fproduct_tag&post=51685"}],"curies":[{"name":"wp","href":"https:\/\/api.w.org\/{rel}","templated":true}]}}