{"id":52409,"date":"2026-05-13T15:46:47","date_gmt":"2026-05-13T13:46:47","guid":{"rendered":"https:\/\/premino.pl\/?product=pedzelek-do-zelu-flat-4-black"},"modified":"2026-05-13T15:46:48","modified_gmt":"2026-05-13T13:46:48","slug":"pedzelek-do-zelu-flat-4-black","status":"publish","type":"product","link":"https:\/\/premino.pl\/?product=pedzelek-do-zelu-flat-4-black","title":{"rendered":"P\u0119dzelek do \u017celu Flat #4 Black"},"content":{"rendered":"<p>P\u0119dzelek marki Excellent PRO z solidn\u0105 czarn\u0105 drewnian\u0105 r\u0105czk\u0105 to idealne narz\u0119dzie do stylizacji paznokci, dla os\u00f3b ceni\u0105cych sobie jako\u015b\u0107 produktu za rozs\u0105dn\u0105 cen\u0119. Wykonany z drewna oraz trwa\u0142ego, spr\u0119\u017cystego w\u0142osia syntetycznego, posiada prosty kszta\u0142t u\u0142atwiaj\u0105cy aplikacj\u0119 \u017celu. Jego jako\u015b\u0107 zapewniona jest dzi\u0119ki odpowiedniej impregnacji w\u0142osia podczas produkcji. Czarna, drewniana r\u0105czka i z\u0142ota skuwka nadaj\u0105 p\u0119dzelkowi klasycznego wygl\u0105du, czyni\u0105c go nie tylko praktycznym narz\u0119dziem, ale i stylowym dodatkiem do Twojego salonu.<\/p>\n<p><strong>Gramatura:<\/strong> sztuka<br \/>\n<strong>Pojemno\u015b\u0107:<\/strong> 1<br \/>\n<strong>P\u0142e\u0107:<\/strong> damski<br \/>\n<strong>S\u0142o\u0144ce:<\/strong> nie<\/p>\n<p><strong>Uwagi:<\/strong><\/p>\n<p>Produkt przeznaczony wy\u0142\u0105cznie do u\u017cytku profesjonalnego. Chroni\u0107 przed dzie\u0107mi.<\/p>\n<p><strong>Sk\u0142adniki:<\/strong><\/p>\n<p>w\u0142osie syntetyczne<\/p>\n","protected":false},"excerpt":{"rendered":"<p> <strong>Gramatura:<\/strong> sztuka<br \/>  <strong>Pojemno\u015b\u0107:<\/strong> 1<br \/>  <strong>P\u0142e\u0107:<\/strong> damski<br \/>  <strong>S\u0142o\u0144ce:<\/strong> nie <\/p>\n","protected":false},"featured_media":52410,"comment_status":"open","ping_status":"closed","template":"","meta":{"_acf_changed":false},"kategoria-hurtowni":[175,83,174],"product_brand":[623],"product_cat":[76],"product_tag":[],"class_list":{"0":"post-52409","1":"product","2":"type-product","3":"status-publish","4":"has-post-thumbnail","6":"kategoria-hurtowni-akcesoria-makijaz-paznokcie","7":"kategoria-hurtowni-makijaz","8":"kategoria-hurtowni-makijaz-paznokcie","9":"product_brand-excellent-pro","10":"product_cat-primavera","12":"first","13":"outofstock","14":"taxable","15":"shipping-taxable","16":"product-type-simple"},"acf":[],"_links":{"self":[{"href":"https:\/\/premino.pl\/index.php?rest_route=\/wp\/v2\/product\/52409","targetHints":{"allow":["GET"]}}],"collection":[{"href":"https:\/\/premino.pl\/index.php?rest_route=\/wp\/v2\/product"}],"about":[{"href":"https:\/\/premino.pl\/index.php?rest_route=\/wp\/v2\/types\/product"}],"replies":[{"embeddable":true,"href":"https:\/\/premino.pl\/index.php?rest_route=%2Fwp%2Fv2%2Fcomments&post=52409"}],"wp:featuredmedia":[{"embeddable":true,"href":"https:\/\/premino.pl\/index.php?rest_route=\/wp\/v2\/media\/52410"}],"wp:attachment":[{"href":"https:\/\/premino.pl\/index.php?rest_route=%2Fwp%2Fv2%2Fmedia&parent=52409"}],"wp:term":[{"taxonomy":"kategoria-hurtowni","embeddable":true,"href":"https:\/\/premino.pl\/index.php?rest_route=%2Fwp%2Fv2%2Fkategoria-hurtowni&post=52409"},{"taxonomy":"product_brand","embeddable":true,"href":"https:\/\/premino.pl\/index.php?rest_route=%2Fwp%2Fv2%2Fproduct_brand&post=52409"},{"taxonomy":"product_cat","embeddable":true,"href":"https:\/\/premino.pl\/index.php?rest_route=%2Fwp%2Fv2%2Fproduct_cat&post=52409"},{"taxonomy":"product_tag","embeddable":true,"href":"https:\/\/premino.pl\/index.php?rest_route=%2Fwp%2Fv2%2Fproduct_tag&post=52409"}],"curies":[{"name":"wp","href":"https:\/\/api.w.org\/{rel}","templated":true}]}}