{"id":53661,"date":"2026-05-13T15:55:50","date_gmt":"2026-05-13T13:55:50","guid":{"rendered":"https:\/\/premino.pl\/?product=body-serum-odmladzajace-serum-do-ciala-10ml"},"modified":"2026-05-13T15:55:51","modified_gmt":"2026-05-13T13:55:51","slug":"body-serum-odmladzajace-serum-do-ciala-10ml","status":"publish","type":"product","link":"https:\/\/premino.pl\/?product=body-serum-odmladzajace-serum-do-ciala-10ml","title":{"rendered":"Body Serum odm\u0142adzaj\u0105ce serum do cia\u0142a 10ml"},"content":{"rendered":"<p><b>Odm\u0142adzaj\u0105ce serum do cia\u0142a \u2013 luksusowa piel\u0119gnacja dla promiennej sk\u00f3ry<br \/><\/b>Zafunduj swojemu cia\u0142u najwy\u017cszej jako\u015bci piel\u0119gnacj\u0119, kt\u00f3ra dzia\u0142a jak luksusowy zabieg odm\u0142adzaj\u0105cy. To innowacyjne serum do cia\u0142a nie tylko intensywnie nawil\u017ca, ale tak\u017ce zawiera sk\u0142adniki aktywne znane z presti\u017cowych serum do twarzy. Regularne stosowanie poprawia tekstur\u0119 i koloryt sk\u00f3ry, przywracaj\u0105c jej m\u0142odzie\u0144czy blask i spr\u0119\u017cysto\u015b\u0107.<\/p>\n<p><b>Sk\u0142adniki aktywne:<\/b><br \/>\u2022 Mikroalga islandzka \u2013 przywraca r\u00f3wnowag\u0119 sk\u00f3ry, wzmacnia jej struktur\u0119 i nadaje j\u0119drny, uniesiony wygl\u0105d.<br \/>\u2022 Kompleks ceramidowy \u2013 ro\u015blinne ceramidy g\u0142\u0119boko nawil\u017caj\u0105, od\u017cywiaj\u0105 i wzmacniaj\u0105 barier\u0119 ochronn\u0105 sk\u00f3ry.<br \/>\u2022 Healing Concentrate\u2122 \u2013 opatentowana biotechnologiczna kapsu\u0142ka, klinicznie udowodniono, \u017ce poprawia nawil\u017cenie, j\u0119drno\u015b\u0107 i elastyczno\u015b\u0107 sk\u00f3ry.<\/p>\n<p><b>Spos\u00f3b u\u017cycia:<br \/><\/b>Dok\u0142adnie oczy\u015b\u0107 sk\u00f3r\u0119 pod prysznicem. Dla najlepszych efekt\u00f3w zastosuj z\u0142uszczaj\u0105cy peeling do cia\u0142a. Osusz sk\u00f3r\u0119 i na\u0142\u00f3\u017c serum na wybrane partie cia\u0142a. Wmasuj a\u017c do ca\u0142kowitego wch\u0142oni\u0119cia. Nadaje si\u0119 do codziennego stosowania.<\/p>\n<p><strong>Dzia\u0142anie:<\/strong> chroni, nawil\u017caj\u0105ce, od\u017cywcze, regeneruje, uelastycznia, uj\u0119drnia, wyg\u0142adza<br \/>\n<strong>Gramatura:<\/strong> ml<br \/>\n<strong>Konsystencja:<\/strong> emulsja<br \/>\n<strong>Linie elitarne:<\/strong> tak<br \/>\n<strong>Lokalizacja:<\/strong> ca\u0142e cia\u0142o<br \/>\n<strong>Piel\u0119gnacja cia\u0142a:<\/strong> tak<br \/>\n<strong>Pojemno\u015b\u0107:<\/strong> 10<br \/>\n<strong>P\u0142e\u0107:<\/strong> damski<br \/>\n<strong>S\u0142o\u0144ce:<\/strong> nie<\/p>\n<p><strong>Uwagi:<\/strong><\/p>\n<p>Produkt przeznaczony wy\u0142\u0105cznie do u\u017cytku zewn\u0119trznego. Stosuj zgodnie z instrukcj\u0105 oraz zaleceniami producenta. Unikaj kontaktu z oczami i ustami. W razie dostania si\u0119 produktu do oczu natychmiast przemyj obficie wod\u0105. Trzymaj poza zasi\u0119giem dzieci.<\/p>\n<p><strong>Sk\u0142adniki:<\/strong><\/p>\n<p>Aqua (Water), Dicaprylyl Carbonate, Glycerin, Gluconolactone, Aqua (Hungarian Thermal Water), Saccharomyces Ferment Extract (Hungarian Thermal Water), Pentylene Glycol, Cetearyl Olivate, Cetyl Alcohol, Lactic Acid, Hydroxypropyl Starch Phosphate, Sorbitan Olivate, Butyrospermum Parkii (Shea) Butter, Propanediol, Simmondsia Chinensis (Jojoba) Seed Oil, Sodium Hydroxide, Sodium Levulinate, Succinoglycan, Parfum (Fragrance), Phospholipids, p-Anisic Acid, Leuconostoc\/Radish Root Ferment Filtrate, Triticum Vulgare (Wheat) Flour Lipids, Haematococcus Pluvialis Extract, Maltodextrin, Sodium Hyaluronate, Terminalia Ferdinandiana Fruit Extract, Tocopherol, Limonene, Citral, Geraniol, Linalool.<\/p>\n","protected":false},"excerpt":{"rendered":"<p> <strong>Dzia\u0142anie:<\/strong> chroni, nawil\u017caj\u0105ce, od\u017cywcze, regeneruje, uelastycznia, uj\u0119drnia, wyg\u0142adza<br \/>  <strong>Gramatura:<\/strong> ml<br \/>  <strong>Konsystencja:<\/strong> emulsja<br \/>  <strong>Linie elitarne:<\/strong> tak<br \/>  <strong>Lokalizacja:<\/strong> ca\u0142e cia\u0142o<br \/>  <strong>Piel\u0119gnacja cia\u0142a:<\/strong> tak<br \/>  <strong>Pojemno\u015b\u0107:<\/strong> 10<br \/>  <strong>P\u0142e\u0107:<\/strong> damski<br \/>  <strong>S\u0142o\u0144ce:<\/strong> nie <\/p>\n","protected":false},"featured_media":53662,"comment_status":"open","ping_status":"closed","template":"","meta":{"_acf_changed":false},"kategoria-hurtowni":[90,91],"product_brand":[809],"product_cat":[76],"product_tag":[],"class_list":{"0":"post-53661","1":"product","2":"type-product","3":"status-publish","4":"has-post-thumbnail","6":"kategoria-hurtowni-pielegnacja","7":"kategoria-hurtowni-pielegnacja-ciala","8":"product_brand-omorovicza","9":"product_cat-primavera","11":"first","12":"outofstock","13":"taxable","14":"shipping-taxable","15":"product-type-simple"},"acf":[],"_links":{"self":[{"href":"https:\/\/premino.pl\/index.php?rest_route=\/wp\/v2\/product\/53661","targetHints":{"allow":["GET"]}}],"collection":[{"href":"https:\/\/premino.pl\/index.php?rest_route=\/wp\/v2\/product"}],"about":[{"href":"https:\/\/premino.pl\/index.php?rest_route=\/wp\/v2\/types\/product"}],"replies":[{"embeddable":true,"href":"https:\/\/premino.pl\/index.php?rest_route=%2Fwp%2Fv2%2Fcomments&post=53661"}],"wp:featuredmedia":[{"embeddable":true,"href":"https:\/\/premino.pl\/index.php?rest_route=\/wp\/v2\/media\/53662"}],"wp:attachment":[{"href":"https:\/\/premino.pl\/index.php?rest_route=%2Fwp%2Fv2%2Fmedia&parent=53661"}],"wp:term":[{"taxonomy":"kategoria-hurtowni","embeddable":true,"href":"https:\/\/premino.pl\/index.php?rest_route=%2Fwp%2Fv2%2Fkategoria-hurtowni&post=53661"},{"taxonomy":"product_brand","embeddable":true,"href":"https:\/\/premino.pl\/index.php?rest_route=%2Fwp%2Fv2%2Fproduct_brand&post=53661"},{"taxonomy":"product_cat","embeddable":true,"href":"https:\/\/premino.pl\/index.php?rest_route=%2Fwp%2Fv2%2Fproduct_cat&post=53661"},{"taxonomy":"product_tag","embeddable":true,"href":"https:\/\/premino.pl\/index.php?rest_route=%2Fwp%2Fv2%2Fproduct_tag&post=53661"}],"curies":[{"name":"wp","href":"https:\/\/api.w.org\/{rel}","templated":true}]}}