{"id":53743,"date":"2026-05-13T15:56:20","date_gmt":"2026-05-13T13:56:20","guid":{"rendered":"https:\/\/premino.pl\/?product=gold-flash-firming-serum-ujedrniajace-serum-do-twarzy-30ml"},"modified":"2026-05-13T15:56:22","modified_gmt":"2026-05-13T13:56:22","slug":"gold-flash-firming-serum-ujedrniajace-serum-do-twarzy-30ml","status":"publish","type":"product","link":"https:\/\/premino.pl\/?product=gold-flash-firming-serum-ujedrniajace-serum-do-twarzy-30ml","title":{"rendered":"Gold Flash Firming Serum uj\u0119drniaj\u0105ce serum do twarzy 30ml"},"content":{"rendered":"<p><b>Gold Flash Firming Serum \u2013 lifting i blask w jednym kroku<br \/><\/b>Poznaj lekkie, bezt\u0142uszczowe serum wzbogacone koloidalnym z\u0142otem, kt\u00f3re natychmiast uj\u0119drnia, wyg\u0142adza i roz\u015bwietla sk\u00f3r\u0119. Zaawansowana formu\u0142a regeneruje mikrouszkodzenia, wyr\u00f3wnuje struktur\u0119 sk\u00f3ry i przywraca jej promienny, zdrowy wygl\u0105d. Koloidalne z\u0142oto \u0142agodzi podra\u017cnienia i wzmacnia barier\u0119 ochronn\u0105, podczas gdy polipeptydy stymuluj\u0105 produkcj\u0119 kolagenu, poprawiaj\u0105c elastyczno\u015b\u0107 i j\u0119drno\u015b\u0107. Kwas hialuronowy intensywnie nawil\u017ca, sprawiaj\u0105c, \u017ce cera staje si\u0119 mi\u0119kka, g\u0142adka i pe\u0142na blasku.<\/p>\n<p><b>G\u0142\u00f3wne korzy\u015bci:<\/b><br \/>\u2022 Widocznie unosi i uj\u0119drnia sk\u00f3r\u0119<br \/>\u2022 Roz\u015bwietla i wyr\u00f3wnuje koloryt cery<br \/>\u2022 Od\u017cywia i nawil\u017ca, przywracaj\u0105c sk\u00f3rze witalno\u015b\u0107<\/p>\n<p><b>Kluczowe sk\u0142adniki aktywne:<br \/><\/b>\u2022 Z\u0142oto koloidalne \u2013 \u0142agodzi, regeneruje i wzmacnia barier\u0119 ochronn\u0105 sk\u00f3ry, nadaj\u0105c jej zdrowy blask<br \/>\u2022 Polipeptydy \u2013 stymuluj\u0105 syntez\u0119 kolagenu i elastyny, poprawiaj\u0105c j\u0119drno\u015b\u0107 i elastyczno\u015b\u0107<br \/>\u2022 Kwas hialuronowy \u2013 intensywnie nawil\u017ca, zatrzymuj\u0105c wilgo\u0107 w sk\u00f3rze i zapewniaj\u0105c jej g\u0142adko\u015b\u0107<br \/>\u2022 Koncentrat leczniczy\u2122 \u2013 klinicznie potwierdzony sk\u0142adnik, kt\u00f3ry zwi\u0119ksza nawil\u017cenie, j\u0119drno\u015b\u0107 i elastyczno\u015b\u0107 sk\u00f3ry<\/p>\n<p><b>Spos\u00f3b u\u017cycia:<br \/><\/b>Oczy\u015b\u0107 sk\u00f3r\u0119. Na\u0142\u00f3\u017c r\u00f3wnomiernie Gold Flash Firming Serum na twarz i szyj\u0119. Zako\u0144cz piel\u0119gnacj\u0119 ulubionym kremem nawil\u017caj\u0105cym.<\/p>\n<p><strong>Dzia\u0142anie:<\/strong> nawil\u017caj\u0105ce, od\u017cywcze, redukuje zmarszczki, rozja\u015bnia przebarwienia, roz\u015bwietlaj\u0105ce, uelastycznia, uj\u0119drnia, wyg\u0142adza, wyr\u00f3wnuje koloryt sk\u00f3ry<br \/>\n<strong>Gramatura:<\/strong> ml<br \/>\n<strong>Konsystencja:<\/strong> emulsja<br \/>\n<strong>Linie elitarne:<\/strong> tak<br \/>\n<strong>Piel\u0119gnacja specyficzna:<\/strong> serum<br \/>\n<strong>Pojemno\u015b\u0107:<\/strong> 30<br \/>\n<strong>Pora stosowania:<\/strong> dowolnie, dzie\u0144, noc<br \/>\n<strong>P\u0142e\u0107:<\/strong> damski<br \/>\n<strong>Rodzaj sk\u00f3ry:<\/strong> dojrza\u0142a<br \/>\n<strong>S\u0142o\u0144ce:<\/strong> nie<br \/>\n<strong>Typ sk\u00f3ry:<\/strong> mieszana\/t\u0142usta, normalna, sucha<\/p>\n<p><strong>Uwagi:<\/strong><\/p>\n<p>Produkt przeznaczony wy\u0142\u0105cznie do u\u017cytku zewn\u0119trznego. Stosuj zgodnie z instrukcj\u0105 oraz zaleceniami producenta. Unikaj kontaktu z oczami i ustami. W razie dostania si\u0119 produktu do oczu natychmiast przemyj obficie wod\u0105. Trzymaj poza zasi\u0119giem dzieci.<\/p>\n<p><strong>Sk\u0142adniki:<\/strong><\/p>\n<p>Aqua (Hungarian Thermal Water), Aqua (Water), Glycerin, Saccharomyces (Hungarian Thermal Water) Ferment Extract, Phenoxyethanol, Sodium Hyaluronate, Pullulan, Carbomer, Titan Dioxide (Ci 77891), Phospholipids, Benzyl Alcohol, Mica, Sodium Hydroxide, Disodium Edta, Ethylhexylglycerin, Colloidal Gold, Ci 77480, Parfum (Fragrance), Silica, Dehydroacetic Acid, Palmitoyl Tripeptide-5, Leuconostoc\/Radish Root Ferment Filtrate, Rosa Damascena Flower Water, Ci 77491, Caprooyl Tetrapeptide-3, Dextran, Benzyl Benzoate, Citronellol, Linalool, Limonene, Eugenol, Geraniol.<\/p>\n","protected":false},"excerpt":{"rendered":"<p> <strong>Dzia\u0142anie:<\/strong> nawil\u017caj\u0105ce, od\u017cywcze, redukuje zmarszczki, rozja\u015bnia przebarwienia, roz\u015bwietlaj\u0105ce, uelastycznia, uj\u0119drnia, wyg\u0142adza, wyr\u00f3wnuje koloryt sk\u00f3ry<br \/>  <strong>Gramatura:<\/strong> ml<br \/>  <strong>Konsystencja:<\/strong> emulsja<br \/>  <strong>Linie elitarne:<\/strong> tak<br \/>  <strong>Piel\u0119gnacja specyficzna:<\/strong> serum<br \/>  <strong>Pojemno\u015b\u0107:<\/strong> 30<br \/>  <strong>Pora stosowania:<\/strong> dowolnie, dzie\u0144, noc<br \/>  <strong>P\u0142e\u0107:<\/strong> damski<br \/>  <strong>Rodzaj sk\u00f3ry:<\/strong> dojrza\u0142a<br \/>  <strong>S\u0142o\u0144ce:<\/strong> nie<br \/>  <strong>Typ sk\u00f3ry:<\/strong> mieszana\/t\u0142usta, normalna, sucha <\/p>\n","protected":false},"featured_media":53744,"comment_status":"open","ping_status":"closed","template":"","meta":{"_acf_changed":false},"kategoria-hurtowni":[90,109,110],"product_brand":[809],"product_cat":[76],"product_tag":[],"class_list":{"0":"post-53743","1":"product","2":"type-product","3":"status-publish","4":"has-post-thumbnail","6":"kategoria-hurtowni-pielegnacja","7":"kategoria-hurtowni-pielegnacja-twarzy-pielegnacja","8":"kategoria-hurtowni-twarz-pielegnacja-twarzy-pielegnacja","9":"product_brand-omorovicza","10":"product_cat-primavera","12":"first","13":"outofstock","14":"taxable","15":"shipping-taxable","16":"product-type-simple"},"acf":[],"_links":{"self":[{"href":"https:\/\/premino.pl\/index.php?rest_route=\/wp\/v2\/product\/53743","targetHints":{"allow":["GET"]}}],"collection":[{"href":"https:\/\/premino.pl\/index.php?rest_route=\/wp\/v2\/product"}],"about":[{"href":"https:\/\/premino.pl\/index.php?rest_route=\/wp\/v2\/types\/product"}],"replies":[{"embeddable":true,"href":"https:\/\/premino.pl\/index.php?rest_route=%2Fwp%2Fv2%2Fcomments&post=53743"}],"wp:featuredmedia":[{"embeddable":true,"href":"https:\/\/premino.pl\/index.php?rest_route=\/wp\/v2\/media\/53744"}],"wp:attachment":[{"href":"https:\/\/premino.pl\/index.php?rest_route=%2Fwp%2Fv2%2Fmedia&parent=53743"}],"wp:term":[{"taxonomy":"kategoria-hurtowni","embeddable":true,"href":"https:\/\/premino.pl\/index.php?rest_route=%2Fwp%2Fv2%2Fkategoria-hurtowni&post=53743"},{"taxonomy":"product_brand","embeddable":true,"href":"https:\/\/premino.pl\/index.php?rest_route=%2Fwp%2Fv2%2Fproduct_brand&post=53743"},{"taxonomy":"product_cat","embeddable":true,"href":"https:\/\/premino.pl\/index.php?rest_route=%2Fwp%2Fv2%2Fproduct_cat&post=53743"},{"taxonomy":"product_tag","embeddable":true,"href":"https:\/\/premino.pl\/index.php?rest_route=%2Fwp%2Fv2%2Fproduct_tag&post=53743"}],"curies":[{"name":"wp","href":"https:\/\/api.w.org\/{rel}","templated":true}]}}