{"id":53825,"date":"2026-05-13T15:56:57","date_gmt":"2026-05-13T13:56:57","guid":{"rendered":"https:\/\/premino.pl\/?product=pour-femme-zel-pod-prysznic-200ml"},"modified":"2026-05-13T15:56:59","modified_gmt":"2026-05-13T13:56:59","slug":"pour-femme-zel-pod-prysznic-200ml","status":"publish","type":"product","link":"https:\/\/premino.pl\/?product=pour-femme-zel-pod-prysznic-200ml","title":{"rendered":"Pour Femme \u017cel pod prysznic 200ml"},"content":{"rendered":"<p>Michael Kors Pour Femme to dynamiczny i elegancki zapach, kt\u00f3ry \u0142\u0105czy wyrafinowanie, pi\u0119kno i si\u0142\u0119, podkre\u015blaj\u0105c naturaln\u0105 pewno\u015b\u0107 siebie i charyzm\u0119.<\/p>\n<p><b>Nuty zapachowe:<br \/><\/b><br \/><b>Nuta g\u0142owy: <\/b>mandarynka, czarna porzeczka, r\u00f3\u017cowy pieprz<br \/><b>Nuta serca: <\/b>r\u00f3\u017ca bu\u0142garska, ja\u015bmin wielkolistny, konwalia<br \/><b>Nuta bazy: <\/b>pi\u017cmo, paczula, wanilia<\/p>\n<p><strong>Gramatura:<\/strong> ml<br \/>\n<strong>Linia k\u0105pielowa:<\/strong> \u017cel pod prysznic<br \/>\n<strong>Nuta bazy:<\/strong> paczula, pi\u017cmo, wanilia<br \/>\n<strong>Nuta g\u0142owy:<\/strong> czarna porzeczka, mandarynka, r\u00f3\u017cowy pieprz<br \/>\n<strong>Nuta g\u0142\u00f3wna:<\/strong> kwiatowe, orientalne<br \/>\n<strong>Nuta serca:<\/strong> ja\u015bmin wielkolistny, konwalia, r\u00f3\u017ca bu\u0142garska<br \/>\n<strong>Pojemno\u015b\u0107:<\/strong> 200<br \/>\n<strong>P\u0142e\u0107:<\/strong> damski<\/p>\n<p><strong>Uwagi:<\/strong><\/p>\n<p>Tylko do u\u017cytku zewn\u0119trznego. Unika\u0107 kontaktu z oczami.<\/p>\n<p><strong>Sk\u0142adniki:<\/strong><\/p>\n<p>Aqua (Water), Sodium Laureth Sulfate, Peg-120 Methyl Glucose Dioleate, Peg-7 Glyceryl Cocoate, Cocamidopropyl Betaine, Parfum (Fragrance), Peg-200 Hydrogenated Glyceryl Palmate, Glycerin, Peg-40 Hydrogenated Castor Oil, Phenoxyethanol, Hexamethylindanopyran, Betaine, Benzyl Salicylate, Limonene, Linalool, Hydroxycitronellal, Ethylhexylglycerin, Allantoin, Disodium Edta, Citrus Aurantium Peel Oil, Citrus Limon Peel Oil, Citronellol, Citric Acid, Geranyl Acetate, Pogostemon Cablin Oil, Pinene, Tocopherol, Ci 19140 (Yellow 5), Ci 16035 (Red 40), Ci 15985 (Yellow 6), Ci 42090 (Blue 1).<\/p>\n","protected":false},"excerpt":{"rendered":"<p> <strong>Gramatura:<\/strong> ml<br \/>  <strong>Linia k\u0105pielowa:<\/strong> \u017cel pod prysznic<br \/>  <strong>Nuta bazy:<\/strong> paczula, pi\u017cmo, wanilia<br \/>  <strong>Nuta g\u0142owy:<\/strong> czarna porzeczka, mandarynka, r\u00f3\u017cowy pieprz<br \/>  <strong>Nuta g\u0142\u00f3wna:<\/strong> kwiatowe, orientalne<br \/>  <strong>Nuta serca:<\/strong> ja\u015bmin wielkolistny, konwalia, r\u00f3\u017ca bu\u0142garska<br \/>  <strong>Pojemno\u015b\u0107:<\/strong> 200<br \/>  <strong>P\u0142e\u0107:<\/strong> damski <\/p>\n","protected":false},"featured_media":53826,"comment_status":"open","ping_status":"closed","template":"","meta":{"_acf_changed":false},"kategoria-hurtowni":[120,87],"product_brand":[818],"product_cat":[76],"product_tag":[],"class_list":{"0":"post-53825","1":"product","2":"type-product","3":"status-publish","4":"has-post-thumbnail","6":"kategoria-hurtowni-linia-kapielowa","7":"kategoria-hurtowni-perfumy","8":"product_brand-michael-kors","9":"product_cat-primavera","11":"first","12":"outofstock","13":"taxable","14":"shipping-taxable","15":"product-type-simple"},"acf":[],"_links":{"self":[{"href":"https:\/\/premino.pl\/index.php?rest_route=\/wp\/v2\/product\/53825","targetHints":{"allow":["GET"]}}],"collection":[{"href":"https:\/\/premino.pl\/index.php?rest_route=\/wp\/v2\/product"}],"about":[{"href":"https:\/\/premino.pl\/index.php?rest_route=\/wp\/v2\/types\/product"}],"replies":[{"embeddable":true,"href":"https:\/\/premino.pl\/index.php?rest_route=%2Fwp%2Fv2%2Fcomments&post=53825"}],"wp:featuredmedia":[{"embeddable":true,"href":"https:\/\/premino.pl\/index.php?rest_route=\/wp\/v2\/media\/53826"}],"wp:attachment":[{"href":"https:\/\/premino.pl\/index.php?rest_route=%2Fwp%2Fv2%2Fmedia&parent=53825"}],"wp:term":[{"taxonomy":"kategoria-hurtowni","embeddable":true,"href":"https:\/\/premino.pl\/index.php?rest_route=%2Fwp%2Fv2%2Fkategoria-hurtowni&post=53825"},{"taxonomy":"product_brand","embeddable":true,"href":"https:\/\/premino.pl\/index.php?rest_route=%2Fwp%2Fv2%2Fproduct_brand&post=53825"},{"taxonomy":"product_cat","embeddable":true,"href":"https:\/\/premino.pl\/index.php?rest_route=%2Fwp%2Fv2%2Fproduct_cat&post=53825"},{"taxonomy":"product_tag","embeddable":true,"href":"https:\/\/premino.pl\/index.php?rest_route=%2Fwp%2Fv2%2Fproduct_tag&post=53825"}],"curies":[{"name":"wp","href":"https:\/\/api.w.org\/{rel}","templated":true}]}}