{"id":53933,"date":"2026-05-13T15:57:50","date_gmt":"2026-05-13T13:57:50","guid":{"rendered":"https:\/\/premino.pl\/?product=boss-the-scent-for-him-woda-toaletowa-refillable-spray-200ml"},"modified":"2026-05-13T15:57:51","modified_gmt":"2026-05-13T13:57:51","slug":"boss-the-scent-for-him-woda-toaletowa-refillable-spray-200ml","status":"publish","type":"product","link":"https:\/\/premino.pl\/?product=boss-the-scent-for-him-woda-toaletowa-refillable-spray-200ml","title":{"rendered":"Boss The Scent For Him woda toaletowa refillable spray 200ml"},"content":{"rendered":"<p>BOSS The Scent to zmys\u0142owa kompozycja, w kt\u00f3rej pikantny imbir \u0142\u0105czy si\u0119 z egzotycznym owocem maninka i g\u0142\u0119bokimi akordami sk\u00f3ry, podkre\u015blaj\u0105c m\u0119ski charakter i otulaj\u0105c aromatem na ca\u0142y dzie\u0144.<\/p>\n<p><\/p>\n<p><b>Nuty zapachowe:<br \/><\/b><br \/><b>Nuta g\u0142owy: <\/b>mandarynka, imbir, bergamotka<br \/><b>Nuta serca: <\/b>maninka, lawenda<br \/><b>Nuta bazy: <\/b>sk\u00f3ra, nuty drzewne<\/p>\n<p><strong>Gramatura:<\/strong> ml<br \/>\n<strong>Linia k\u0105pielowa:<\/strong> nie<br \/>\n<strong>Miniatura:<\/strong> nie<br \/>\n<strong>Nuta bazy:<\/strong> nuty drzewne, sk\u00f3ra<br \/>\n<strong>Nuta g\u0142owy:<\/strong> bergamotka, imbir, mandarynka<br \/>\n<strong>Nuta g\u0142\u00f3wna:<\/strong> aromatyczne, przyprawowe<br \/>\n<strong>Nuta serca:<\/strong> lawenda, maninka<br \/>\n<strong>Pojemno\u015b\u0107:<\/strong> 200<br \/>\n<strong>Produkt rzadki:<\/strong> nie<br \/>\n<strong>Pr\u00f3bka:<\/strong> nie<br \/>\n<strong>P\u0142e\u0107:<\/strong> m\u0119ski<br \/>\n<strong>Rodzaj:<\/strong> woda toaletowa<br \/>\n<strong>Tester:<\/strong> nie<br \/>\n<strong>Zapach alternatywny:<\/strong> nie<br \/>\n<strong>Zestaw:<\/strong> nie<\/p>\n<p><strong>Uwagi:<\/strong><\/p>\n<p>Produkt \u0142atwopalny.\u00a0Trzyma\u0107 z dala od \u017ar\u00f3de\u0142 ciep\u0142a\/iskier\/otwartego ognia\/gor\u0105cych powierzchni. Nie pali\u0107.\u00a0Nie rozpyla\u0107 nad otwartym ogniem lub innym \u017ar\u00f3d\u0142em zap\u0142onu. Przechowywa\u0107 poza zasi\u0119giem dzieci. Zawsze nale\u017cy przestrzega\u0107 informacji zamieszczonych na etykiecie produktu.<\/p>\n<p><strong>Sk\u0142adniki:<\/strong><\/p>\n<p>ALCOHOL DENAT., AQUA\/WATER\/EAU, PARFUM\/FRAGRANCE, ETHYLHEXYL SALICYLATE, LIMONENE, LINALOOL, BUTYL METHOXYDIBENZOYLMETHANE, HYDROXYCITRONELLAL, COUMARIN, CITRONELLOL, ALCOHOL, CITRAL, TRIS(TETRAMETHYLHYDROXYPIPERIDINOL) CITRATE, GERANIOL, YELLOW 5 (CI 19140), YELLOW 6 (CI 15985), EXT. VIOLET 2 (CI 60730), RED 4 (CI 14700).<\/p>\n","protected":false},"excerpt":{"rendered":"<p> <strong>Gramatura:<\/strong> ml<br \/>  <strong>Linia k\u0105pielowa:<\/strong> nie<br \/>  <strong>Miniatura:<\/strong> nie<br \/>  <strong>Nuta bazy:<\/strong> nuty drzewne, sk\u00f3ra<br \/>  <strong>Nuta g\u0142owy:<\/strong> bergamotka, imbir, mandarynka<br \/>  <strong>Nuta g\u0142\u00f3wna:<\/strong> aromatyczne, przyprawowe<br \/>  <strong>Nuta serca:<\/strong> lawenda, maninka<br \/>  <strong>Pojemno\u015b\u0107:<\/strong> 200<br \/>  <strong>Produkt rzadki:<\/strong> nie<br \/>  <strong>Pr\u00f3bka:<\/strong> nie<br \/>  <strong>P\u0142e\u0107:<\/strong> m\u0119ski<br \/>  <strong>Rodzaj:<\/strong> woda toaletowa<br \/>  <strong>Tester:<\/strong> nie<br \/>  <strong>Zapach alternatywny:<\/strong> nie<br \/>  <strong>Zestaw:<\/strong> nie <\/p>\n","protected":false},"featured_media":53934,"comment_status":"open","ping_status":"closed","template":"","meta":{"_acf_changed":false},"kategoria-hurtowni":[87,88],"product_brand":[150],"product_cat":[76],"product_tag":[],"class_list":{"0":"post-53933","1":"product","2":"type-product","3":"status-publish","4":"has-post-thumbnail","6":"kategoria-hurtowni-perfumy","7":"kategoria-hurtowni-zapachy","8":"product_brand-hugo-boss","9":"product_cat-primavera","11":"first","12":"outofstock","13":"taxable","14":"shipping-taxable","15":"product-type-simple"},"acf":[],"_links":{"self":[{"href":"https:\/\/premino.pl\/index.php?rest_route=\/wp\/v2\/product\/53933","targetHints":{"allow":["GET"]}}],"collection":[{"href":"https:\/\/premino.pl\/index.php?rest_route=\/wp\/v2\/product"}],"about":[{"href":"https:\/\/premino.pl\/index.php?rest_route=\/wp\/v2\/types\/product"}],"replies":[{"embeddable":true,"href":"https:\/\/premino.pl\/index.php?rest_route=%2Fwp%2Fv2%2Fcomments&post=53933"}],"wp:featuredmedia":[{"embeddable":true,"href":"https:\/\/premino.pl\/index.php?rest_route=\/wp\/v2\/media\/53934"}],"wp:attachment":[{"href":"https:\/\/premino.pl\/index.php?rest_route=%2Fwp%2Fv2%2Fmedia&parent=53933"}],"wp:term":[{"taxonomy":"kategoria-hurtowni","embeddable":true,"href":"https:\/\/premino.pl\/index.php?rest_route=%2Fwp%2Fv2%2Fkategoria-hurtowni&post=53933"},{"taxonomy":"product_brand","embeddable":true,"href":"https:\/\/premino.pl\/index.php?rest_route=%2Fwp%2Fv2%2Fproduct_brand&post=53933"},{"taxonomy":"product_cat","embeddable":true,"href":"https:\/\/premino.pl\/index.php?rest_route=%2Fwp%2Fv2%2Fproduct_cat&post=53933"},{"taxonomy":"product_tag","embeddable":true,"href":"https:\/\/premino.pl\/index.php?rest_route=%2Fwp%2Fv2%2Fproduct_tag&post=53933"}],"curies":[{"name":"wp","href":"https:\/\/api.w.org\/{rel}","templated":true}]}}