{"id":54011,"date":"2026-05-13T15:58:22","date_gmt":"2026-05-13T13:58:22","guid":{"rendered":"https:\/\/premino.pl\/?product=phyto-technology-serum-aktywujace-odnowe-skory-endorfiny-30ml"},"modified":"2026-05-13T15:58:23","modified_gmt":"2026-05-13T13:58:23","slug":"phyto-technology-serum-aktywujace-odnowe-skory-endorfiny-30ml","status":"publish","type":"product","link":"https:\/\/premino.pl\/?product=phyto-technology-serum-aktywujace-odnowe-skory-endorfiny-30ml","title":{"rendered":"Phyto Technology serum aktywuj\u0105ce odnow\u0119 sk\u00f3ry Endorfiny 30ml"},"content":{"rendered":"<p>Silnie  regeneruj\u0105ce serum, kt\u00f3re przywraca sk\u00f3rze witalno\u015b\u0107, j\u0119drno\u015b\u0107 i komfort.  Formu\u0142a oparta na ro\u015blinnych endorfinach z jag\u00f3d pieprzu mnisiego dzia\u0142a  koj\u0105co, poprawia nastr\u00f3j sk\u00f3ry i wspiera jej naturalne mechanizmy naprawcze.  Ju\u017c po pierwszym miesi\u0105cu stosowania poprawia elastyczno\u015b\u0107 i g\u0119sto\u015b\u0107  sk\u00f3ry. Ekstrakt z czerwonej koniczyny, bogaty w fitohormony ro\u015blinne poprawia  j\u0119drno\u015b\u0107, g\u0119sto\u015b\u0107 i elastyczno\u015b\u0107 sk\u00f3ry, wzmacniaj\u0105c barier\u0119 sk\u00f3ry i  przywracaj\u0105c jej zdrowy, promienny wygl\u0105d. <\/p>\n<p>Efekt? Sk\u00f3ra pe\u0142na energii, wypocz\u0119ta i widocznie odm\u0142odzona \u2013 dzie\u0144 po dniu  coraz bardziej promienna i silniejsza.<\/p>\n<p><b>Zawiera:<\/b><br \/>\u2022 fito endorfiny (Densorphin\u2122) &#8211; sk\u0142adnik aktywnym. kt\u00f3ry stymuluje aktywno\u015b\u0107 \u00df-endorfiny i DHEA (dehydroepiandrosteronu), jest w stanie zar\u00f3wno skutecznie, jak i  szybko zag\u0119\u015bci\u0107 dojrza\u0142\u0105 sk\u00f3r\u0119.<br \/>\u2022 ekstrakt z czerwonej koniczyny, kt\u00f3ry dzia\u0142a jako fitoestrogenowy booster i  jest szczeg\u00f3lnie potrzebny sk\u00f3rze w okresie menopauzy.<\/p>\n<p><b>Korzy\u015bci:<\/b><br \/>\u2022 Regeneruje  i wzmacnia sk\u00f3r\u0119<br \/>\u2022 Hamuje  utrat\u0119 elastyczno\u015bci<br \/>    \u2022 Zwi\u0119ksza elastyczno\u015b\u0107 i g\u0119sto\u015b\u0107 sk\u00f3ry<br \/>    \u2022 Poprawia koloryt i roz\u015bwietla cer\u0119<br \/>    \u2022 Koi, \u0142agodzi i redukuje uczucie napi\u0119cia<br \/>    \u2022 Wspiera naturalne mechanizmy naprawcze<br \/>    \u2022 Daje odczucie zrelaksowanej sk\u00f3ry<\/p>\n<p><b>Spos\u00f3b u\u017cycia:<\/b><br \/>Wklep  delikatnie serum w sk\u00f3r\u0119 i pozostaw do wch\u0142oni\u0119cia.<\/p>\n<p><strong>Dzia\u0142anie:<\/strong> chroni, nawil\u017caj\u0105ce, od\u017cywcze, regeneruje, roz\u015bwietlaj\u0105ce, uelastycznia, uj\u0119drnia, wyg\u0142adza, wyr\u00f3wnuje koloryt sk\u00f3ry, \u0142agodzi podra\u017cnienia<br \/>\n<strong>Gramatura:<\/strong> ml<br \/>\n<strong>Konsystencja:<\/strong> emulsja<br \/>\n<strong>Linie elitarne:<\/strong> nie<br \/>\n<strong>Piel\u0119gnacja specyficzna:<\/strong> serum<br \/>\n<strong>Pojemno\u015b\u0107:<\/strong> 30<br \/>\n<strong>Pora stosowania:<\/strong> dowolnie, dzie\u0144, noc<br \/>\n<strong>P\u0142e\u0107:<\/strong> damski<br \/>\n<strong>Rodzaj sk\u00f3ry:<\/strong> dojrza\u0142a<br \/>\n<strong>S\u0142o\u0144ce:<\/strong> nie<br \/>\n<strong>Typ sk\u00f3ry:<\/strong> mieszana\/t\u0142usta, normalna, sucha<\/p>\n<p><strong>Uwagi:<\/strong><\/p>\n<p>Tylko do u\u017cytku zewn\u0119trznego. Unika\u0107 kontaktu z oczami. W przypadku podra\u017cnienia zaprzesta\u0107 stosowania.<\/p>\n<p><strong>Sk\u0142adniki:<\/strong><\/p>\n<p>Aqua, Glycerin, Propanediol, Olive Oil PEG-7 Esters, Polysorbate 20, Caffeine, Lactic Acid, Chenopodium Quinoa Extract, Trifolium Pratense Flower Extract, Vitex Agnus Castus Extract, Maltodextrin, Tocopheryl Acetate, Algin, Parfum, Sodium Benzoate, Potassium Sorbate, Sodium Hydroxide, Tetramethyl Acetyloctahydronaphthalenes, Alpha-Isomethyl Ionone, Hexamethylindanopyran, Hydroxycitronellal, Acetyl Cedrene, Limonene, Linalool, Hexyl Cinnamal, Pinene, Terpineol, Juniperus Virginiana Oil, Linalyl Acetate.<\/p>\n","protected":false},"excerpt":{"rendered":"<p> <strong>Dzia\u0142anie:<\/strong> chroni, nawil\u017caj\u0105ce, od\u017cywcze, regeneruje, roz\u015bwietlaj\u0105ce, uelastycznia, uj\u0119drnia, wyg\u0142adza, wyr\u00f3wnuje koloryt sk\u00f3ry, \u0142agodzi podra\u017cnienia<br \/>  <strong>Gramatura:<\/strong> ml<br \/>  <strong>Konsystencja:<\/strong> emulsja<br \/>  <strong>Linie elitarne:<\/strong> nie<br \/>  <strong>Piel\u0119gnacja specyficzna:<\/strong> serum<br \/>  <strong>Pojemno\u015b\u0107:<\/strong> 30<br \/>  <strong>Pora stosowania:<\/strong> dowolnie, dzie\u0144, noc<br \/>  <strong>P\u0142e\u0107:<\/strong> damski<br \/>  <strong>Rodzaj sk\u00f3ry:<\/strong> dojrza\u0142a<br \/>  <strong>S\u0142o\u0144ce:<\/strong> nie<br \/>  <strong>Typ sk\u00f3ry:<\/strong> mieszana\/t\u0142usta, normalna, sucha <\/p>\n","protected":false},"featured_media":54012,"comment_status":"open","ping_status":"closed","template":"","meta":{"_acf_changed":false},"kategoria-hurtowni":[100,101,102],"product_brand":[822],"product_cat":[76],"product_tag":[],"class_list":{"0":"post-54011","1":"product","2":"type-product","3":"status-publish","4":"has-post-thumbnail","6":"kategoria-hurtowni-eco-bio","7":"kategoria-hurtowni-pielegnacja-twarzy","8":"kategoria-hurtowni-twarz","9":"product_brand-orientana","10":"product_cat-primavera","12":"first","13":"outofstock","14":"taxable","15":"shipping-taxable","16":"product-type-simple"},"acf":[],"_links":{"self":[{"href":"https:\/\/premino.pl\/index.php?rest_route=\/wp\/v2\/product\/54011","targetHints":{"allow":["GET"]}}],"collection":[{"href":"https:\/\/premino.pl\/index.php?rest_route=\/wp\/v2\/product"}],"about":[{"href":"https:\/\/premino.pl\/index.php?rest_route=\/wp\/v2\/types\/product"}],"replies":[{"embeddable":true,"href":"https:\/\/premino.pl\/index.php?rest_route=%2Fwp%2Fv2%2Fcomments&post=54011"}],"wp:featuredmedia":[{"embeddable":true,"href":"https:\/\/premino.pl\/index.php?rest_route=\/wp\/v2\/media\/54012"}],"wp:attachment":[{"href":"https:\/\/premino.pl\/index.php?rest_route=%2Fwp%2Fv2%2Fmedia&parent=54011"}],"wp:term":[{"taxonomy":"kategoria-hurtowni","embeddable":true,"href":"https:\/\/premino.pl\/index.php?rest_route=%2Fwp%2Fv2%2Fkategoria-hurtowni&post=54011"},{"taxonomy":"product_brand","embeddable":true,"href":"https:\/\/premino.pl\/index.php?rest_route=%2Fwp%2Fv2%2Fproduct_brand&post=54011"},{"taxonomy":"product_cat","embeddable":true,"href":"https:\/\/premino.pl\/index.php?rest_route=%2Fwp%2Fv2%2Fproduct_cat&post=54011"},{"taxonomy":"product_tag","embeddable":true,"href":"https:\/\/premino.pl\/index.php?rest_route=%2Fwp%2Fv2%2Fproduct_tag&post=54011"}],"curies":[{"name":"wp","href":"https:\/\/api.w.org\/{rel}","templated":true}]}}